# ************************************************************
# Sequel Ace SQL dump
# Version 20051
#
# https://sequel-ace.com/
# https://github.com/Sequel-Ace/Sequel-Ace
#
# Host: 127.0.0.1 (MySQL 8.0.27)
# Database: superpay-db
# Generation Time: 2023-09-27 21:25:12 +0000
# ************************************************************




# Dump of table bills
# ------------------------------------------------------------


CREATE TABLE `bills` (
  `id` bigint unsigned NOT NULL AUTO_INCREMENT,
  `number` varchar(191) DEFAULT NULL,
  `consumer_id` bigint unsigned DEFAULT NULL,
  `type` enum('MONTH','QUARTER','YEAR') DEFAULT 'MONTH',
  `charges` json DEFAULT NULL,
  `billing_month` date DEFAULT NULL,
  `due_date` date DEFAULT NULL,
  `status` enum('PAID','PAYED','PENDING','PROCESSING') CHARACTER SET utf8 COLLATE utf8_general_ci DEFAULT 'PENDING',
  `payment_method` varchar(191) DEFAULT NULL,
  `payment_details` json DEFAULT NULL,
  `created_at` datetime DEFAULT NULL,
  `updated_at` datetime DEFAULT NULL,
  `deleted_at` datetime DEFAULT NULL,
  PRIMARY KEY (`id`),
  KEY `customer_id` (`consumer_id`),
  CONSTRAINT `bills_ibfk_1` FOREIGN KEY (`consumer_id`) REFERENCES `consumers` (`id`) ON DELETE CASCADE
) ENGINE=InnoDB DEFAULT CHARSET=utf8mb3;


INSERT INTO `bills` (`id`, `number`, `consumer_id`, `type`, `charges`, `billing_month`, `due_date`, `status`, `payment_method`, `payment_details`, `created_at`, `updated_at`, `deleted_at`)
VALUES
	(11056,'2343434',2212,'MONTH','{\"tax\": 0, \"other\": 0, \"total\": 0, \"amount\": 20000, \"annual\": 0, \"penality\": \"300\", \"late_total\": 0}','2023-09-01','2023-07-15','PENDING',NULL,NULL,'2023-07-27 08:03:44','2023-07-27 08:36:09',NULL),
	(11057,'0343434',2213,'MONTH','{\"tax\": 0, \"other\": 0, \"total\": 0, \"amount\": \"3000\", \"annual\": 0, \"penality\": \"123\", \"late_total\": 3123}','2023-09-01','2023-08-25','PENDING',NULL,NULL,'2023-07-27 13:24:04','2023-07-27 13:24:04',NULL),
	(11058,'AXM0002',2219,'MONTH','{\"tax\": 0, \"other\": 0, \"total\": 0, \"amount\": 150, \"annual\": 0, \"penality\": 160, \"late_total\": 310}','2023-09-01',NULL,'PENDING',NULL,NULL,'2023-08-05 16:51:42','2023-08-05 16:51:42',NULL),
	(11059,'2343434',2212,'MONTH','{\"tax\": 0, \"other\": 0, \"total\": 0, \"amount\": 20000, \"annual\": 0, \"penality\": 300, \"late_total\": 0}','2023-09-01',NULL,'PENDING',NULL,NULL,'2023-08-05 16:52:03','2023-08-05 16:52:03',NULL),
	(11060,'2343434',2212,'MONTH','{\"tax\": 0, \"other\": 0, \"total\": 0, \"amount\": 20000, \"annual\": 0, \"penality\": 300, \"late_total\": 0}','2023-09-01',NULL,'PENDING',NULL,NULL,'2023-08-05 16:54:48','2023-08-05 16:54:48',NULL),
	(11061,'2343434',2212,'MONTH','{\"tax\": 0, \"other\": 0, \"total\": 0, \"amount\": 20000, \"annual\": 0, \"penality\": 300, \"late_total\": 0}','2023-09-01',NULL,'PAYED',NULL,'{\"transaction_amount\": \"0000000001000\"}','2023-08-05 17:00:55','2023-08-05 17:00:55',NULL),
	(11062,'2343434',2212,'MONTH','{\"tax\": 0, \"other\": 0, \"total\": 0, \"amount\": 20000, \"annual\": 0, \"penality\": 300, \"late_total\": 0}','2023-09-01',NULL,'PENDING',NULL,NULL,'2023-08-05 17:02:23','2023-08-05 17:02:23',NULL),
	(11063,'2343434',2212,'MONTH','{\"tax\": 0, \"other\": 0, \"total\": 0, \"amount\": 20000, \"annual\": 0, \"penality\": 300, \"late_total\": 0}','2023-09-01',NULL,'PAYED',NULL,'{\"transaction_amount\": \"0000000001000\"}','2023-08-05 17:05:05','2023-08-05 17:05:05',NULL),
	(11064,'2343434',2212,'MONTH','{\"tax\": 0, \"other\": 0, \"total\": 0, \"amount\": 20000, \"annual\": 0, \"penality\": 300, \"late_total\": 0}','2023-09-01',NULL,'PENDING',NULL,NULL,'2023-08-05 17:06:54','2023-08-05 17:06:54',NULL),
	(11065,'2343434',2212,'MONTH','{\"tax\": 0, \"other\": 0, \"total\": 0, \"amount\": 20000, \"annual\": 0, \"penality\": 300, \"late_total\": 0}','2023-08-01','2023-07-15','PENDING',NULL,NULL,'2023-08-05 17:11:04','2023-08-05 17:11:04',NULL),
	(11066,'343434',2220,'MONTH','{\"tax\": 0, \"other\": 0, \"total\": 0, \"amount\": \"2342\", \"annual\": 0, \"penality\": \"23\", \"late_total\": 2365}','2023-08-01','2023-08-15','PAYED',NULL,NULL,'2023-08-11 13:53:43','2023-08-19 10:53:14','2023-08-19 10:53:14');



# Dump of table clients
# ------------------------------------------------------------


CREATE TABLE `clients` (
  `id` bigint unsigned NOT NULL AUTO_INCREMENT,
  `title` varchar(191) CHARACTER SET utf8 COLLATE utf8_general_ci DEFAULT NULL,
  `code` varchar(50) DEFAULT NULL,
  `phone_number` varchar(100) CHARACTER SET utf8mb4 COLLATE utf8mb4_bin DEFAULT NULL,
  `email_address` varchar(191) CHARACTER SET utf8 COLLATE utf8_general_ci DEFAULT NULL,
  `address` varchar(191) DEFAULT NULL,
  `city` varchar(100) DEFAULT NULL,
  `province` varchar(100) DEFAULT NULL,
  `website` varchar(191) DEFAULT NULL,
  `type` enum('MASTER','CHILD') DEFAULT 'MASTER',
  `details` json DEFAULT NULL,
  `parent_id` bigint unsigned DEFAULT NULL,
  `manager_id` bigint unsigned DEFAULT NULL,
  `user_id` bigint unsigned DEFAULT NULL,
  `avatar` varchar(191) DEFAULT NULL,
  `organization` enum('INSTITUTE','COMPANY') DEFAULT 'INSTITUTE',
  `status` enum('ACTIVE','INACTIVE','SUSPENDED') DEFAULT 'ACTIVE',
  `created_at` datetime DEFAULT NULL,
  `updated_at` datetime DEFAULT NULL,
  `deleted_at` datetime DEFAULT NULL,
  PRIMARY KEY (`id`),
  KEY `parent_id` (`parent_id`),
  KEY `manager_id` (`manager_id`),
  KEY `user_id` (`user_id`),
  CONSTRAINT `clients_ibfk_1` FOREIGN KEY (`parent_id`) REFERENCES `clients` (`id`) ON DELETE CASCADE,
  CONSTRAINT `clients_ibfk_2` FOREIGN KEY (`manager_id`) REFERENCES `users` (`id`) ON DELETE SET NULL,
  CONSTRAINT `clients_ibfk_3` FOREIGN KEY (`user_id`) REFERENCES `users` (`id`) ON DELETE SET NULL
) ENGINE=InnoDB DEFAULT CHARSET=utf8mb3;


INSERT INTO `clients` (`id`, `title`, `code`, `phone_number`, `email_address`, `address`, `city`, `province`, `website`, `type`, `details`, `parent_id`, `manager_id`, `user_id`, `avatar`, `organization`, `status`, `created_at`, `updated_at`, `deleted_at`)
VALUES
	(1,'Axiom House of Education','0001',NULL,'axiom@superpay.com.pk',NULL,'Rawalpindi',NULL,NULL,'MASTER',NULL,NULL,NULL,20,'/public/assets/avatars/biology1690441386.png','INSTITUTE','ACTIVE','2023-07-27 07:03:06','2023-07-27 08:36:09',NULL),
	(2,'Zero Enterprises','0002',NULL,'zero@superypay.com.pk',NULL,NULL,NULL,NULL,'MASTER',NULL,NULL,NULL,21,NULL,'INSTITUTE','ACTIVE','2023-07-27 13:23:07','2023-07-27 13:23:07',NULL);



# Dump of table config
# ------------------------------------------------------------


CREATE TABLE `config` (
  `id` bigint unsigned NOT NULL AUTO_INCREMENT,
  `name` varchar(255) CHARACTER SET utf8mb4 COLLATE utf8mb4_unicode_ci DEFAULT NULL,
  `title` varchar(255) CHARACTER SET utf8mb4 COLLATE utf8mb4_unicode_ci DEFAULT NULL,
  `description` varchar(255) CHARACTER SET utf8mb4 COLLATE utf8mb4_unicode_ci DEFAULT NULL,
  `value` json DEFAULT NULL,
  PRIMARY KEY (`id`)
) ENGINE=InnoDB DEFAULT CHARSET=utf8mb4 COLLATE=utf8mb4_unicode_ci;


INSERT INTO `config` (`id`, `name`, `title`, `description`, `value`)
VALUES
	(1,'settings','Bank Settings',NULL,'{\"bank_prefix\": \"100501\"}');



# Dump of table consumers
# ------------------------------------------------------------


CREATE TABLE `consumers` (
  `id` bigint unsigned NOT NULL AUTO_INCREMENT,
  `payment_id` varchar(191) DEFAULT NULL,
  `number` varchar(100) DEFAULT NULL,
  `name` varchar(191) DEFAULT NULL,
  `father_name` varchar(191) DEFAULT NULL,
  `phone` varchar(100) DEFAULT NULL,
  `cnic` varchar(25) DEFAULT NULL,
  `grade` varchar(100) CHARACTER SET utf8 COLLATE utf8_general_ci DEFAULT NULL,
  `section` varchar(100) DEFAULT NULL,
  `campus` varchar(191) DEFAULT NULL,
  `details` json DEFAULT NULL,
  `client_id` bigint unsigned DEFAULT NULL,
  `created_at` timestamp NULL DEFAULT NULL,
  `updated_at` timestamp NULL DEFAULT NULL,
  `deleted_at` timestamp NULL DEFAULT NULL,
  PRIMARY KEY (`id`),
  KEY `client_id` (`client_id`),
  CONSTRAINT `consumers_ibfk_1` FOREIGN KEY (`client_id`) REFERENCES `clients` (`id`) ON DELETE CASCADE
) ENGINE=InnoDB DEFAULT CHARSET=utf8mb3;


INSERT INTO `consumers` (`id`, `payment_id`, `number`, `name`, `father_name`, `phone`, `cnic`, `grade`, `section`, `campus`, `details`, `client_id`, `created_at`, `updated_at`, `deleted_at`)
VALUES
	(2212,'00010001','0010','Muhammad Ali','Farhad Ali',NULL,NULL,'PlayGroup','Green',NULL,NULL,1,'2023-07-27 07:05:34','2023-08-05 17:11:04',NULL),
	(2213,'00020001','0010','New Consumer','Test Name',NULL,NULL,'ABC','BLUE',NULL,NULL,2,'2023-07-27 13:23:38','2023-07-27 13:23:38',NULL),
	(2214,'00010002','0011','Test','consumer',NULL,NULL,'asdf','asdf',NULL,NULL,1,'2023-07-27 13:32:40','2023-07-27 13:32:40',NULL),
	(2219,'001000022','00022','Muhammad Ahmed','Ahmed Khan',NULL,NULL,'Playgroup','Green','Sanghar Town',NULL,1,'2023-08-05 16:51:42','2023-08-05 16:51:42',NULL),
	(2220,'00010003','003424','Test','User','+92-343-434-34',NULL,'ABC','BLUE','KRL',NULL,1,'2023-08-11 13:43:51','2023-08-11 13:43:51',NULL);



# Dump of table failed_jobs
# ------------------------------------------------------------


CREATE TABLE `failed_jobs` (
  `id` bigint unsigned NOT NULL AUTO_INCREMENT,
  `uuid` varchar(255) COLLATE utf8mb4_unicode_ci NOT NULL,
  `connection` text COLLATE utf8mb4_unicode_ci NOT NULL,
  `queue` text COLLATE utf8mb4_unicode_ci NOT NULL,
  `payload` longtext COLLATE utf8mb4_unicode_ci NOT NULL,
  `exception` longtext COLLATE utf8mb4_unicode_ci NOT NULL,
  `failed_at` timestamp NOT NULL DEFAULT CURRENT_TIMESTAMP,
  PRIMARY KEY (`id`),
  UNIQUE KEY `failed_jobs_uuid_unique` (`uuid`)
) ENGINE=InnoDB DEFAULT CHARSET=utf8mb4 COLLATE=utf8mb4_unicode_ci;


INSERT INTO `failed_jobs` (`id`, `uuid`, `connection`, `queue`, `payload`, `exception`, `failed_at`)
VALUES
	(1,'f340e8d0-9259-4066-b0c9-72fc4ca76e3e','database','default','{\"uuid\":\"f340e8d0-9259-4066-b0c9-72fc4ca76e3e\",\"displayName\":\"App\\\\Jobs\\\\ExportCustomersData\",\"job\":\"Illuminate\\\\Queue\\\\CallQueuedHandler@call\",\"maxTries\":null,\"maxExceptions\":null,\"failOnTimeout\":false,\"backoff\":null,\"timeout\":null,\"retryUntil\":null,\"data\":{\"commandName\":\"App\\\\Jobs\\\\ExportCustomersData\",\"command\":\"O:28:\\\"App\\\\Jobs\\\\ExportCustomersData\\\":10:{s:3:\\\"job\\\";N;s:10:\\\"connection\\\";N;s:5:\\\"queue\\\";N;s:15:\\\"chainConnection\\\";N;s:10:\\\"chainQueue\\\";N;s:19:\\\"chainCatchCallbacks\\\";N;s:5:\\\"delay\\\";N;s:11:\\\"afterCommit\\\";N;s:10:\\\"middleware\\\";a:0:{}s:7:\\\"chained\\\";a:0:{}}\"}}','ErrorException: Undefined property: App\\Jobs\\ExportCustomersData::$cust in /Library/WebServer/Documents/superpay/superpay-api/app/Jobs/ExportCustomersData.php:42\nStack trace:\n#0 /Library/WebServer/Documents/superpay/superpay-api/app/Jobs/ExportCustomersData.php(42): Illuminate\\Foundation\\Bootstrap\\HandleExceptions->handleError(8, \'Undefined prope...\', \'/Library/WebSer...\', 42, Array)\n#1 /Library/WebServer/Documents/superpay/superpay-api/vendor/laravel/framework/src/Illuminate/Container/BoundMethod.php(36): App\\Jobs\\ExportCustomersData->handle()\n#2 /Library/WebServer/Documents/superpay/superpay-api/vendor/laravel/framework/src/Illuminate/Container/Util.php(40): Illuminate\\Container\\BoundMethod::Illuminate\\Container\\{closure}()\n#3 /Library/WebServer/Documents/superpay/superpay-api/vendor/laravel/framework/src/Illuminate/Container/BoundMethod.php(93): Illuminate\\Container\\Util::unwrapIfClosure(Object(Closure))\n#4 /Library/WebServer/Documents/superpay/superpay-api/vendor/laravel/framework/src/Illuminate/Container/BoundMethod.php(37): Illuminate\\Container\\BoundMethod::callBoundMethod(Object(Illuminate\\Foundation\\Application), Array, Object(Closure))\n#5 /Library/WebServer/Documents/superpay/superpay-api/vendor/laravel/framework/src/Illuminate/Container/Container.php(653): Illuminate\\Container\\BoundMethod::call(Object(Illuminate\\Foundation\\Application), Array, Array, NULL)\n#6 /Library/WebServer/Documents/superpay/superpay-api/vendor/laravel/framework/src/Illuminate/Bus/Dispatcher.php(128): Illuminate\\Container\\Container->call(Array)\n#7 /Library/WebServer/Documents/superpay/superpay-api/vendor/laravel/framework/src/Illuminate/Pipeline/Pipeline.php(128): Illuminate\\Bus\\Dispatcher->Illuminate\\Bus\\{closure}(Object(App\\Jobs\\ExportCustomersData))\n#8 /Library/WebServer/Documents/superpay/superpay-api/vendor/laravel/framework/src/Illuminate/Pipeline/Pipeline.php(103): Illuminate\\Pipeline\\Pipeline->Illuminate\\Pipeline\\{closure}(Object(App\\Jobs\\ExportCustomersData))\n#9 /Library/WebServer/Documents/superpay/superpay-api/vendor/laravel/framework/src/Illuminate/Bus/Dispatcher.php(132): Illuminate\\Pipeline\\Pipeline->then(Object(Closure))\n#10 /Library/WebServer/Documents/superpay/superpay-api/vendor/laravel/framework/src/Illuminate/Queue/CallQueuedHandler.php(120): Illuminate\\Bus\\Dispatcher->dispatchNow(Object(App\\Jobs\\ExportCustomersData), false)\n#11 /Library/WebServer/Documents/superpay/superpay-api/vendor/laravel/framework/src/Illuminate/Pipeline/Pipeline.php(128): Illuminate\\Queue\\CallQueuedHandler->Illuminate\\Queue\\{closure}(Object(App\\Jobs\\ExportCustomersData))\n#12 /Library/WebServer/Documents/superpay/superpay-api/vendor/laravel/framework/src/Illuminate/Pipeline/Pipeline.php(103): Illuminate\\Pipeline\\Pipeline->Illuminate\\Pipeline\\{closure}(Object(App\\Jobs\\ExportCustomersData))\n#13 /Library/WebServer/Documents/superpay/superpay-api/vendor/laravel/framework/src/Illuminate/Queue/CallQueuedHandler.php(122): Illuminate\\Pipeline\\Pipeline->then(Object(Closure))\n#14 /Library/WebServer/Documents/superpay/superpay-api/vendor/laravel/framework/src/Illuminate/Queue/CallQueuedHandler.php(70): Illuminate\\Queue\\CallQueuedHandler->dispatchThroughMiddleware(Object(Illuminate\\Queue\\Jobs\\DatabaseJob), Object(App\\Jobs\\ExportCustomersData))\n#15 /Library/WebServer/Documents/superpay/superpay-api/vendor/laravel/framework/src/Illuminate/Queue/Jobs/Job.php(98): Illuminate\\Queue\\CallQueuedHandler->call(Object(Illuminate\\Queue\\Jobs\\DatabaseJob), Array)\n#16 /Library/WebServer/Documents/superpay/superpay-api/vendor/laravel/framework/src/Illuminate/Queue/Worker.php(428): Illuminate\\Queue\\Jobs\\Job->fire()\n#17 /Library/WebServer/Documents/superpay/superpay-api/vendor/laravel/framework/src/Illuminate/Queue/Worker.php(378): Illuminate\\Queue\\Worker->process(\'database\', Object(Illuminate\\Queue\\Jobs\\DatabaseJob), Object(Illuminate\\Queue\\WorkerOptions))\n#18 /Library/WebServer/Documents/superpay/superpay-api/vendor/laravel/framework/src/Illuminate/Queue/Worker.php(172): Illuminate\\Queue\\Worker->runJob(Object(Illuminate\\Queue\\Jobs\\DatabaseJob), \'database\', Object(Illuminate\\Queue\\WorkerOptions))\n#19 /Library/WebServer/Documents/superpay/superpay-api/vendor/laravel/framework/src/Illuminate/Queue/Console/WorkCommand.php(117): Illuminate\\Queue\\Worker->daemon(\'database\', \'default\', Object(Illuminate\\Queue\\WorkerOptions))\n#20 /Library/WebServer/Documents/superpay/superpay-api/vendor/laravel/framework/src/Illuminate/Queue/Console/WorkCommand.php(101): Illuminate\\Queue\\Console\\WorkCommand->runWorker(\'database\', \'default\')\n#21 /Library/WebServer/Documents/superpay/superpay-api/vendor/laravel/framework/src/Illuminate/Container/BoundMethod.php(36): Illuminate\\Queue\\Console\\WorkCommand->handle()\n#22 /Library/WebServer/Documents/superpay/superpay-api/vendor/laravel/framework/src/Illuminate/Container/Util.php(40): Illuminate\\Container\\BoundMethod::Illuminate\\Container\\{closure}()\n#23 /Library/WebServer/Documents/superpay/superpay-api/vendor/laravel/framework/src/Illuminate/Container/BoundMethod.php(93): Illuminate\\Container\\Util::unwrapIfClosure(Object(Closure))\n#24 /Library/WebServer/Documents/superpay/superpay-api/vendor/laravel/framework/src/Illuminate/Container/BoundMethod.php(37): Illuminate\\Container\\BoundMethod::callBoundMethod(Object(Illuminate\\Foundation\\Application), Array, Object(Closure))\n#25 /Library/WebServer/Documents/superpay/superpay-api/vendor/laravel/framework/src/Illuminate/Container/Container.php(653): Illuminate\\Container\\BoundMethod::call(Object(Illuminate\\Foundation\\Application), Array, Array, NULL)\n#26 /Library/WebServer/Documents/superpay/superpay-api/vendor/laravel/framework/src/Illuminate/Console/Command.php(136): Illuminate\\Container\\Container->call(Array)\n#27 /Library/WebServer/Documents/superpay/superpay-api/vendor/symfony/console/Command/Command.php(298): Illuminate\\Console\\Command->execute(Object(Symfony\\Component\\Console\\Input\\ArgvInput), Object(Illuminate\\Console\\OutputStyle))\n#28 /Library/WebServer/Documents/superpay/superpay-api/vendor/laravel/framework/src/Illuminate/Console/Command.php(121): Symfony\\Component\\Console\\Command\\Command->run(Object(Symfony\\Component\\Console\\Input\\ArgvInput), Object(Illuminate\\Console\\OutputStyle))\n#29 /Library/WebServer/Documents/superpay/superpay-api/vendor/symfony/console/Application.php(1024): Illuminate\\Console\\Command->run(Object(Symfony\\Component\\Console\\Input\\ArgvInput), Object(Symfony\\Component\\Console\\Output\\ConsoleOutput))\n#30 /Library/WebServer/Documents/superpay/superpay-api/vendor/symfony/console/Application.php(299): Symfony\\Component\\Console\\Application->doRunCommand(Object(Illuminate\\Queue\\Console\\WorkCommand), Object(Symfony\\Component\\Console\\Input\\ArgvInput), Object(Symfony\\Component\\Console\\Output\\ConsoleOutput))\n#31 /Library/WebServer/Documents/superpay/superpay-api/vendor/symfony/console/Application.php(171): Symfony\\Component\\Console\\Application->doRun(Object(Symfony\\Component\\Console\\Input\\ArgvInput), Object(Symfony\\Component\\Console\\Output\\ConsoleOutput))\n#32 /Library/WebServer/Documents/superpay/superpay-api/vendor/laravel/framework/src/Illuminate/Console/Application.php(94): Symfony\\Component\\Console\\Application->run(Object(Symfony\\Component\\Console\\Input\\ArgvInput), Object(Symfony\\Component\\Console\\Output\\ConsoleOutput))\n#33 /Library/WebServer/Documents/superpay/superpay-api/vendor/laravel/framework/src/Illuminate/Foundation/Console/Kernel.php(129): Illuminate\\Console\\Application->run(Object(Symfony\\Component\\Console\\Input\\ArgvInput), Object(Symfony\\Component\\Console\\Output\\ConsoleOutput))\n#34 /Library/WebServer/Documents/superpay/superpay-api/artisan(37): Illuminate\\Foundation\\Console\\Kernel->handle(Object(Symfony\\Component\\Console\\Input\\ArgvInput), Object(Symfony\\Component\\Console\\Output\\ConsoleOutput))\n#35 {main}','2022-10-03 20:14:46'),
	(2,'96a25409-34f6-4244-8a0f-b376a7ba0131','database','default','{\"uuid\":\"96a25409-34f6-4244-8a0f-b376a7ba0131\",\"displayName\":\"App\\\\Jobs\\\\ExportCustomersData\",\"job\":\"Illuminate\\\\Queue\\\\CallQueuedHandler@call\",\"maxTries\":null,\"maxExceptions\":null,\"failOnTimeout\":false,\"backoff\":null,\"timeout\":null,\"retryUntil\":null,\"data\":{\"commandName\":\"App\\\\Jobs\\\\ExportCustomersData\",\"command\":\"O:28:\\\"App\\\\Jobs\\\\ExportCustomersData\\\":10:{s:3:\\\"job\\\";N;s:10:\\\"connection\\\";N;s:5:\\\"queue\\\";N;s:15:\\\"chainConnection\\\";N;s:10:\\\"chainQueue\\\";N;s:19:\\\"chainCatchCallbacks\\\";N;s:5:\\\"delay\\\";N;s:11:\\\"afterCommit\\\";N;s:10:\\\"middleware\\\";a:0:{}s:7:\\\"chained\\\";a:0:{}}\"}}','ErrorException: Undefined property: App\\Jobs\\ExportCustomersData::$cust in /Library/WebServer/Documents/superpay/superpay-api/app/Jobs/ExportCustomersData.php:42\nStack trace:\n#0 /Library/WebServer/Documents/superpay/superpay-api/app/Jobs/ExportCustomersData.php(42): Illuminate\\Foundation\\Bootstrap\\HandleExceptions->handleError(8, \'Undefined prope...\', \'/Library/WebSer...\', 42, Array)\n#1 /Library/WebServer/Documents/superpay/superpay-api/vendor/laravel/framework/src/Illuminate/Container/BoundMethod.php(36): App\\Jobs\\ExportCustomersData->handle()\n#2 /Library/WebServer/Documents/superpay/superpay-api/vendor/laravel/framework/src/Illuminate/Container/Util.php(40): Illuminate\\Container\\BoundMethod::Illuminate\\Container\\{closure}()\n#3 /Library/WebServer/Documents/superpay/superpay-api/vendor/laravel/framework/src/Illuminate/Container/BoundMethod.php(93): Illuminate\\Container\\Util::unwrapIfClosure(Object(Closure))\n#4 /Library/WebServer/Documents/superpay/superpay-api/vendor/laravel/framework/src/Illuminate/Container/BoundMethod.php(37): Illuminate\\Container\\BoundMethod::callBoundMethod(Object(Illuminate\\Foundation\\Application), Array, Object(Closure))\n#5 /Library/WebServer/Documents/superpay/superpay-api/vendor/laravel/framework/src/Illuminate/Container/Container.php(653): Illuminate\\Container\\BoundMethod::call(Object(Illuminate\\Foundation\\Application), Array, Array, NULL)\n#6 /Library/WebServer/Documents/superpay/superpay-api/vendor/laravel/framework/src/Illuminate/Bus/Dispatcher.php(128): Illuminate\\Container\\Container->call(Array)\n#7 /Library/WebServer/Documents/superpay/superpay-api/vendor/laravel/framework/src/Illuminate/Pipeline/Pipeline.php(128): Illuminate\\Bus\\Dispatcher->Illuminate\\Bus\\{closure}(Object(App\\Jobs\\ExportCustomersData))\n#8 /Library/WebServer/Documents/superpay/superpay-api/vendor/laravel/framework/src/Illuminate/Pipeline/Pipeline.php(103): Illuminate\\Pipeline\\Pipeline->Illuminate\\Pipeline\\{closure}(Object(App\\Jobs\\ExportCustomersData))\n#9 /Library/WebServer/Documents/superpay/superpay-api/vendor/laravel/framework/src/Illuminate/Bus/Dispatcher.php(132): Illuminate\\Pipeline\\Pipeline->then(Object(Closure))\n#10 /Library/WebServer/Documents/superpay/superpay-api/vendor/laravel/framework/src/Illuminate/Queue/CallQueuedHandler.php(120): Illuminate\\Bus\\Dispatcher->dispatchNow(Object(App\\Jobs\\ExportCustomersData), false)\n#11 /Library/WebServer/Documents/superpay/superpay-api/vendor/laravel/framework/src/Illuminate/Pipeline/Pipeline.php(128): Illuminate\\Queue\\CallQueuedHandler->Illuminate\\Queue\\{closure}(Object(App\\Jobs\\ExportCustomersData))\n#12 /Library/WebServer/Documents/superpay/superpay-api/vendor/laravel/framework/src/Illuminate/Pipeline/Pipeline.php(103): Illuminate\\Pipeline\\Pipeline->Illuminate\\Pipeline\\{closure}(Object(App\\Jobs\\ExportCustomersData))\n#13 /Library/WebServer/Documents/superpay/superpay-api/vendor/laravel/framework/src/Illuminate/Queue/CallQueuedHandler.php(122): Illuminate\\Pipeline\\Pipeline->then(Object(Closure))\n#14 /Library/WebServer/Documents/superpay/superpay-api/vendor/laravel/framework/src/Illuminate/Queue/CallQueuedHandler.php(70): Illuminate\\Queue\\CallQueuedHandler->dispatchThroughMiddleware(Object(Illuminate\\Queue\\Jobs\\DatabaseJob), Object(App\\Jobs\\ExportCustomersData))\n#15 /Library/WebServer/Documents/superpay/superpay-api/vendor/laravel/framework/src/Illuminate/Queue/Jobs/Job.php(98): Illuminate\\Queue\\CallQueuedHandler->call(Object(Illuminate\\Queue\\Jobs\\DatabaseJob), Array)\n#16 /Library/WebServer/Documents/superpay/superpay-api/vendor/laravel/framework/src/Illuminate/Queue/Worker.php(428): Illuminate\\Queue\\Jobs\\Job->fire()\n#17 /Library/WebServer/Documents/superpay/superpay-api/vendor/laravel/framework/src/Illuminate/Queue/Worker.php(378): Illuminate\\Queue\\Worker->process(\'database\', Object(Illuminate\\Queue\\Jobs\\DatabaseJob), Object(Illuminate\\Queue\\WorkerOptions))\n#18 /Library/WebServer/Documents/superpay/superpay-api/vendor/laravel/framework/src/Illuminate/Queue/Worker.php(172): Illuminate\\Queue\\Worker->runJob(Object(Illuminate\\Queue\\Jobs\\DatabaseJob), \'database\', Object(Illuminate\\Queue\\WorkerOptions))\n#19 /Library/WebServer/Documents/superpay/superpay-api/vendor/laravel/framework/src/Illuminate/Queue/Console/WorkCommand.php(117): Illuminate\\Queue\\Worker->daemon(\'database\', \'default\', Object(Illuminate\\Queue\\WorkerOptions))\n#20 /Library/WebServer/Documents/superpay/superpay-api/vendor/laravel/framework/src/Illuminate/Queue/Console/WorkCommand.php(101): Illuminate\\Queue\\Console\\WorkCommand->runWorker(\'database\', \'default\')\n#21 /Library/WebServer/Documents/superpay/superpay-api/vendor/laravel/framework/src/Illuminate/Container/BoundMethod.php(36): Illuminate\\Queue\\Console\\WorkCommand->handle()\n#22 /Library/WebServer/Documents/superpay/superpay-api/vendor/laravel/framework/src/Illuminate/Container/Util.php(40): Illuminate\\Container\\BoundMethod::Illuminate\\Container\\{closure}()\n#23 /Library/WebServer/Documents/superpay/superpay-api/vendor/laravel/framework/src/Illuminate/Container/BoundMethod.php(93): Illuminate\\Container\\Util::unwrapIfClosure(Object(Closure))\n#24 /Library/WebServer/Documents/superpay/superpay-api/vendor/laravel/framework/src/Illuminate/Container/BoundMethod.php(37): Illuminate\\Container\\BoundMethod::callBoundMethod(Object(Illuminate\\Foundation\\Application), Array, Object(Closure))\n#25 /Library/WebServer/Documents/superpay/superpay-api/vendor/laravel/framework/src/Illuminate/Container/Container.php(653): Illuminate\\Container\\BoundMethod::call(Object(Illuminate\\Foundation\\Application), Array, Array, NULL)\n#26 /Library/WebServer/Documents/superpay/superpay-api/vendor/laravel/framework/src/Illuminate/Console/Command.php(136): Illuminate\\Container\\Container->call(Array)\n#27 /Library/WebServer/Documents/superpay/superpay-api/vendor/symfony/console/Command/Command.php(298): Illuminate\\Console\\Command->execute(Object(Symfony\\Component\\Console\\Input\\ArgvInput), Object(Illuminate\\Console\\OutputStyle))\n#28 /Library/WebServer/Documents/superpay/superpay-api/vendor/laravel/framework/src/Illuminate/Console/Command.php(121): Symfony\\Component\\Console\\Command\\Command->run(Object(Symfony\\Component\\Console\\Input\\ArgvInput), Object(Illuminate\\Console\\OutputStyle))\n#29 /Library/WebServer/Documents/superpay/superpay-api/vendor/symfony/console/Application.php(1024): Illuminate\\Console\\Command->run(Object(Symfony\\Component\\Console\\Input\\ArgvInput), Object(Symfony\\Component\\Console\\Output\\ConsoleOutput))\n#30 /Library/WebServer/Documents/superpay/superpay-api/vendor/symfony/console/Application.php(299): Symfony\\Component\\Console\\Application->doRunCommand(Object(Illuminate\\Queue\\Console\\WorkCommand), Object(Symfony\\Component\\Console\\Input\\ArgvInput), Object(Symfony\\Component\\Console\\Output\\ConsoleOutput))\n#31 /Library/WebServer/Documents/superpay/superpay-api/vendor/symfony/console/Application.php(171): Symfony\\Component\\Console\\Application->doRun(Object(Symfony\\Component\\Console\\Input\\ArgvInput), Object(Symfony\\Component\\Console\\Output\\ConsoleOutput))\n#32 /Library/WebServer/Documents/superpay/superpay-api/vendor/laravel/framework/src/Illuminate/Console/Application.php(94): Symfony\\Component\\Console\\Application->run(Object(Symfony\\Component\\Console\\Input\\ArgvInput), Object(Symfony\\Component\\Console\\Output\\ConsoleOutput))\n#33 /Library/WebServer/Documents/superpay/superpay-api/vendor/laravel/framework/src/Illuminate/Foundation/Console/Kernel.php(129): Illuminate\\Console\\Application->run(Object(Symfony\\Component\\Console\\Input\\ArgvInput), Object(Symfony\\Component\\Console\\Output\\ConsoleOutput))\n#34 /Library/WebServer/Documents/superpay/superpay-api/artisan(37): Illuminate\\Foundation\\Console\\Kernel->handle(Object(Symfony\\Component\\Console\\Input\\ArgvInput), Object(Symfony\\Component\\Console\\Output\\ConsoleOutput))\n#35 {main}','2022-10-03 20:15:30'),
	(3,'b0e4a323-aac2-4ea9-b1c9-c3e13cf6340c','database','default','{\"uuid\":\"b0e4a323-aac2-4ea9-b1c9-c3e13cf6340c\",\"displayName\":\"App\\\\Jobs\\\\ExportCustomersData\",\"job\":\"Illuminate\\\\Queue\\\\CallQueuedHandler@call\",\"maxTries\":null,\"maxExceptions\":null,\"failOnTimeout\":false,\"backoff\":null,\"timeout\":null,\"retryUntil\":null,\"data\":{\"commandName\":\"App\\\\Jobs\\\\ExportCustomersData\",\"command\":\"O:28:\\\"App\\\\Jobs\\\\ExportCustomersData\\\":13:{s:3:\\\"job\\\";N;s:10:\\\"connection\\\";N;s:5:\\\"queue\\\";N;s:15:\\\"chainConnection\\\";N;s:10:\\\"chainQueue\\\";N;s:19:\\\"chainCatchCallbacks\\\";N;s:5:\\\"delay\\\";N;s:11:\\\"afterCommit\\\";N;s:10:\\\"middleware\\\";a:0:{}s:7:\\\"chained\\\";a:0:{}s:13:\\\"billing_month\\\";s:10:\\\"2021-08-01\\\";s:4:\\\"cust\\\";i:12;s:9:\\\"file_name\\\";s:32:\\\"export-customers-1664865710.xlsx\\\";}\"}}','Error: Class \'App\\Model\\Client\' not found in /Library/WebServer/Documents/superpay/superpay-api/app/Jobs/ExportCustomersData.php:49\nStack trace:\n#0 /Library/WebServer/Documents/superpay/superpay-api/vendor/laravel/framework/src/Illuminate/Container/BoundMethod.php(36): App\\Jobs\\ExportCustomersData->handle()\n#1 /Library/WebServer/Documents/superpay/superpay-api/vendor/laravel/framework/src/Illuminate/Container/Util.php(40): Illuminate\\Container\\BoundMethod::Illuminate\\Container\\{closure}()\n#2 /Library/WebServer/Documents/superpay/superpay-api/vendor/laravel/framework/src/Illuminate/Container/BoundMethod.php(93): Illuminate\\Container\\Util::unwrapIfClosure(Object(Closure))\n#3 /Library/WebServer/Documents/superpay/superpay-api/vendor/laravel/framework/src/Illuminate/Container/BoundMethod.php(37): Illuminate\\Container\\BoundMethod::callBoundMethod(Object(Illuminate\\Foundation\\Application), Array, Object(Closure))\n#4 /Library/WebServer/Documents/superpay/superpay-api/vendor/laravel/framework/src/Illuminate/Container/Container.php(653): Illuminate\\Container\\BoundMethod::call(Object(Illuminate\\Foundation\\Application), Array, Array, NULL)\n#5 /Library/WebServer/Documents/superpay/superpay-api/vendor/laravel/framework/src/Illuminate/Bus/Dispatcher.php(128): Illuminate\\Container\\Container->call(Array)\n#6 /Library/WebServer/Documents/superpay/superpay-api/vendor/laravel/framework/src/Illuminate/Pipeline/Pipeline.php(128): Illuminate\\Bus\\Dispatcher->Illuminate\\Bus\\{closure}(Object(App\\Jobs\\ExportCustomersData))\n#7 /Library/WebServer/Documents/superpay/superpay-api/vendor/laravel/framework/src/Illuminate/Pipeline/Pipeline.php(103): Illuminate\\Pipeline\\Pipeline->Illuminate\\Pipeline\\{closure}(Object(App\\Jobs\\ExportCustomersData))\n#8 /Library/WebServer/Documents/superpay/superpay-api/vendor/laravel/framework/src/Illuminate/Bus/Dispatcher.php(132): Illuminate\\Pipeline\\Pipeline->then(Object(Closure))\n#9 /Library/WebServer/Documents/superpay/superpay-api/vendor/laravel/framework/src/Illuminate/Queue/CallQueuedHandler.php(120): Illuminate\\Bus\\Dispatcher->dispatchNow(Object(App\\Jobs\\ExportCustomersData), false)\n#10 /Library/WebServer/Documents/superpay/superpay-api/vendor/laravel/framework/src/Illuminate/Pipeline/Pipeline.php(128): Illuminate\\Queue\\CallQueuedHandler->Illuminate\\Queue\\{closure}(Object(App\\Jobs\\ExportCustomersData))\n#11 /Library/WebServer/Documents/superpay/superpay-api/vendor/laravel/framework/src/Illuminate/Pipeline/Pipeline.php(103): Illuminate\\Pipeline\\Pipeline->Illuminate\\Pipeline\\{closure}(Object(App\\Jobs\\ExportCustomersData))\n#12 /Library/WebServer/Documents/superpay/superpay-api/vendor/laravel/framework/src/Illuminate/Queue/CallQueuedHandler.php(122): Illuminate\\Pipeline\\Pipeline->then(Object(Closure))\n#13 /Library/WebServer/Documents/superpay/superpay-api/vendor/laravel/framework/src/Illuminate/Queue/CallQueuedHandler.php(70): Illuminate\\Queue\\CallQueuedHandler->dispatchThroughMiddleware(Object(Illuminate\\Queue\\Jobs\\DatabaseJob), Object(App\\Jobs\\ExportCustomersData))\n#14 /Library/WebServer/Documents/superpay/superpay-api/vendor/laravel/framework/src/Illuminate/Queue/Jobs/Job.php(98): Illuminate\\Queue\\CallQueuedHandler->call(Object(Illuminate\\Queue\\Jobs\\DatabaseJob), Array)\n#15 /Library/WebServer/Documents/superpay/superpay-api/vendor/laravel/framework/src/Illuminate/Queue/Worker.php(428): Illuminate\\Queue\\Jobs\\Job->fire()\n#16 /Library/WebServer/Documents/superpay/superpay-api/vendor/laravel/framework/src/Illuminate/Queue/Worker.php(378): Illuminate\\Queue\\Worker->process(\'database\', Object(Illuminate\\Queue\\Jobs\\DatabaseJob), Object(Illuminate\\Queue\\WorkerOptions))\n#17 /Library/WebServer/Documents/superpay/superpay-api/vendor/laravel/framework/src/Illuminate/Queue/Worker.php(172): Illuminate\\Queue\\Worker->runJob(Object(Illuminate\\Queue\\Jobs\\DatabaseJob), \'database\', Object(Illuminate\\Queue\\WorkerOptions))\n#18 /Library/WebServer/Documents/superpay/superpay-api/vendor/laravel/framework/src/Illuminate/Queue/Console/WorkCommand.php(117): Illuminate\\Queue\\Worker->daemon(\'database\', \'default\', Object(Illuminate\\Queue\\WorkerOptions))\n#19 /Library/WebServer/Documents/superpay/superpay-api/vendor/laravel/framework/src/Illuminate/Queue/Console/WorkCommand.php(101): Illuminate\\Queue\\Console\\WorkCommand->runWorker(\'database\', \'default\')\n#20 /Library/WebServer/Documents/superpay/superpay-api/vendor/laravel/framework/src/Illuminate/Container/BoundMethod.php(36): Illuminate\\Queue\\Console\\WorkCommand->handle()\n#21 /Library/WebServer/Documents/superpay/superpay-api/vendor/laravel/framework/src/Illuminate/Container/Util.php(40): Illuminate\\Container\\BoundMethod::Illuminate\\Container\\{closure}()\n#22 /Library/WebServer/Documents/superpay/superpay-api/vendor/laravel/framework/src/Illuminate/Container/BoundMethod.php(93): Illuminate\\Container\\Util::unwrapIfClosure(Object(Closure))\n#23 /Library/WebServer/Documents/superpay/superpay-api/vendor/laravel/framework/src/Illuminate/Container/BoundMethod.php(37): Illuminate\\Container\\BoundMethod::callBoundMethod(Object(Illuminate\\Foundation\\Application), Array, Object(Closure))\n#24 /Library/WebServer/Documents/superpay/superpay-api/vendor/laravel/framework/src/Illuminate/Container/Container.php(653): Illuminate\\Container\\BoundMethod::call(Object(Illuminate\\Foundation\\Application), Array, Array, NULL)\n#25 /Library/WebServer/Documents/superpay/superpay-api/vendor/laravel/framework/src/Illuminate/Console/Command.php(136): Illuminate\\Container\\Container->call(Array)\n#26 /Library/WebServer/Documents/superpay/superpay-api/vendor/symfony/console/Command/Command.php(298): Illuminate\\Console\\Command->execute(Object(Symfony\\Component\\Console\\Input\\ArgvInput), Object(Illuminate\\Console\\OutputStyle))\n#27 /Library/WebServer/Documents/superpay/superpay-api/vendor/laravel/framework/src/Illuminate/Console/Command.php(121): Symfony\\Component\\Console\\Command\\Command->run(Object(Symfony\\Component\\Console\\Input\\ArgvInput), Object(Illuminate\\Console\\OutputStyle))\n#28 /Library/WebServer/Documents/superpay/superpay-api/vendor/symfony/console/Application.php(1024): Illuminate\\Console\\Command->run(Object(Symfony\\Component\\Console\\Input\\ArgvInput), Object(Symfony\\Component\\Console\\Output\\ConsoleOutput))\n#29 /Library/WebServer/Documents/superpay/superpay-api/vendor/symfony/console/Application.php(299): Symfony\\Component\\Console\\Application->doRunCommand(Object(Illuminate\\Queue\\Console\\WorkCommand), Object(Symfony\\Component\\Console\\Input\\ArgvInput), Object(Symfony\\Component\\Console\\Output\\ConsoleOutput))\n#30 /Library/WebServer/Documents/superpay/superpay-api/vendor/symfony/console/Application.php(171): Symfony\\Component\\Console\\Application->doRun(Object(Symfony\\Component\\Console\\Input\\ArgvInput), Object(Symfony\\Component\\Console\\Output\\ConsoleOutput))\n#31 /Library/WebServer/Documents/superpay/superpay-api/vendor/laravel/framework/src/Illuminate/Console/Application.php(94): Symfony\\Component\\Console\\Application->run(Object(Symfony\\Component\\Console\\Input\\ArgvInput), Object(Symfony\\Component\\Console\\Output\\ConsoleOutput))\n#32 /Library/WebServer/Documents/superpay/superpay-api/vendor/laravel/framework/src/Illuminate/Foundation/Console/Kernel.php(129): Illuminate\\Console\\Application->run(Object(Symfony\\Component\\Console\\Input\\ArgvInput), Object(Symfony\\Component\\Console\\Output\\ConsoleOutput))\n#33 /Library/WebServer/Documents/superpay/superpay-api/artisan(37): Illuminate\\Foundation\\Console\\Kernel->handle(Object(Symfony\\Component\\Console\\Input\\ArgvInput), Object(Symfony\\Component\\Console\\Output\\ConsoleOutput))\n#34 {main}','2022-10-04 06:41:51'),
	(4,'f2a5829b-afdb-41b4-9d10-704b65df1b6d','database','default','{\"uuid\":\"f2a5829b-afdb-41b4-9d10-704b65df1b6d\",\"displayName\":\"App\\\\Jobs\\\\ExportCustomersData\",\"job\":\"Illuminate\\\\Queue\\\\CallQueuedHandler@call\",\"maxTries\":null,\"maxExceptions\":null,\"failOnTimeout\":false,\"backoff\":null,\"timeout\":null,\"retryUntil\":null,\"data\":{\"commandName\":\"App\\\\Jobs\\\\ExportCustomersData\",\"command\":\"O:28:\\\"App\\\\Jobs\\\\ExportCustomersData\\\":13:{s:3:\\\"job\\\";N;s:10:\\\"connection\\\";N;s:5:\\\"queue\\\";N;s:15:\\\"chainConnection\\\";N;s:10:\\\"chainQueue\\\";N;s:19:\\\"chainCatchCallbacks\\\";N;s:5:\\\"delay\\\";N;s:11:\\\"afterCommit\\\";N;s:10:\\\"middleware\\\";a:0:{}s:7:\\\"chained\\\";a:0:{}s:13:\\\"billing_month\\\";s:10:\\\"2021-08-01\\\";s:4:\\\"cust\\\";i:12;s:9:\\\"file_name\\\";s:32:\\\"export-customers-1664865751.xlsx\\\";}\"}}','Error: Class \'App\\Jobs\\ExportEvent\' not found in /Library/WebServer/Documents/superpay/superpay-api/app/Jobs/ExportCustomersData.php:61\nStack trace:\n#0 /Library/WebServer/Documents/superpay/superpay-api/vendor/laravel/framework/src/Illuminate/Container/BoundMethod.php(36): App\\Jobs\\ExportCustomersData->handle()\n#1 /Library/WebServer/Documents/superpay/superpay-api/vendor/laravel/framework/src/Illuminate/Container/Util.php(40): Illuminate\\Container\\BoundMethod::Illuminate\\Container\\{closure}()\n#2 /Library/WebServer/Documents/superpay/superpay-api/vendor/laravel/framework/src/Illuminate/Container/BoundMethod.php(93): Illuminate\\Container\\Util::unwrapIfClosure(Object(Closure))\n#3 /Library/WebServer/Documents/superpay/superpay-api/vendor/laravel/framework/src/Illuminate/Container/BoundMethod.php(37): Illuminate\\Container\\BoundMethod::callBoundMethod(Object(Illuminate\\Foundation\\Application), Array, Object(Closure))\n#4 /Library/WebServer/Documents/superpay/superpay-api/vendor/laravel/framework/src/Illuminate/Container/Container.php(653): Illuminate\\Container\\BoundMethod::call(Object(Illuminate\\Foundation\\Application), Array, Array, NULL)\n#5 /Library/WebServer/Documents/superpay/superpay-api/vendor/laravel/framework/src/Illuminate/Bus/Dispatcher.php(128): Illuminate\\Container\\Container->call(Array)\n#6 /Library/WebServer/Documents/superpay/superpay-api/vendor/laravel/framework/src/Illuminate/Pipeline/Pipeline.php(128): Illuminate\\Bus\\Dispatcher->Illuminate\\Bus\\{closure}(Object(App\\Jobs\\ExportCustomersData))\n#7 /Library/WebServer/Documents/superpay/superpay-api/vendor/laravel/framework/src/Illuminate/Pipeline/Pipeline.php(103): Illuminate\\Pipeline\\Pipeline->Illuminate\\Pipeline\\{closure}(Object(App\\Jobs\\ExportCustomersData))\n#8 /Library/WebServer/Documents/superpay/superpay-api/vendor/laravel/framework/src/Illuminate/Bus/Dispatcher.php(132): Illuminate\\Pipeline\\Pipeline->then(Object(Closure))\n#9 /Library/WebServer/Documents/superpay/superpay-api/vendor/laravel/framework/src/Illuminate/Queue/CallQueuedHandler.php(120): Illuminate\\Bus\\Dispatcher->dispatchNow(Object(App\\Jobs\\ExportCustomersData), false)\n#10 /Library/WebServer/Documents/superpay/superpay-api/vendor/laravel/framework/src/Illuminate/Pipeline/Pipeline.php(128): Illuminate\\Queue\\CallQueuedHandler->Illuminate\\Queue\\{closure}(Object(App\\Jobs\\ExportCustomersData))\n#11 /Library/WebServer/Documents/superpay/superpay-api/vendor/laravel/framework/src/Illuminate/Pipeline/Pipeline.php(103): Illuminate\\Pipeline\\Pipeline->Illuminate\\Pipeline\\{closure}(Object(App\\Jobs\\ExportCustomersData))\n#12 /Library/WebServer/Documents/superpay/superpay-api/vendor/laravel/framework/src/Illuminate/Queue/CallQueuedHandler.php(122): Illuminate\\Pipeline\\Pipeline->then(Object(Closure))\n#13 /Library/WebServer/Documents/superpay/superpay-api/vendor/laravel/framework/src/Illuminate/Queue/CallQueuedHandler.php(70): Illuminate\\Queue\\CallQueuedHandler->dispatchThroughMiddleware(Object(Illuminate\\Queue\\Jobs\\DatabaseJob), Object(App\\Jobs\\ExportCustomersData))\n#14 /Library/WebServer/Documents/superpay/superpay-api/vendor/laravel/framework/src/Illuminate/Queue/Jobs/Job.php(98): Illuminate\\Queue\\CallQueuedHandler->call(Object(Illuminate\\Queue\\Jobs\\DatabaseJob), Array)\n#15 /Library/WebServer/Documents/superpay/superpay-api/vendor/laravel/framework/src/Illuminate/Queue/Worker.php(428): Illuminate\\Queue\\Jobs\\Job->fire()\n#16 /Library/WebServer/Documents/superpay/superpay-api/vendor/laravel/framework/src/Illuminate/Queue/Worker.php(378): Illuminate\\Queue\\Worker->process(\'database\', Object(Illuminate\\Queue\\Jobs\\DatabaseJob), Object(Illuminate\\Queue\\WorkerOptions))\n#17 /Library/WebServer/Documents/superpay/superpay-api/vendor/laravel/framework/src/Illuminate/Queue/Worker.php(172): Illuminate\\Queue\\Worker->runJob(Object(Illuminate\\Queue\\Jobs\\DatabaseJob), \'database\', Object(Illuminate\\Queue\\WorkerOptions))\n#18 /Library/WebServer/Documents/superpay/superpay-api/vendor/laravel/framework/src/Illuminate/Queue/Console/WorkCommand.php(117): Illuminate\\Queue\\Worker->daemon(\'database\', \'default\', Object(Illuminate\\Queue\\WorkerOptions))\n#19 /Library/WebServer/Documents/superpay/superpay-api/vendor/laravel/framework/src/Illuminate/Queue/Console/WorkCommand.php(101): Illuminate\\Queue\\Console\\WorkCommand->runWorker(\'database\', \'default\')\n#20 /Library/WebServer/Documents/superpay/superpay-api/vendor/laravel/framework/src/Illuminate/Container/BoundMethod.php(36): Illuminate\\Queue\\Console\\WorkCommand->handle()\n#21 /Library/WebServer/Documents/superpay/superpay-api/vendor/laravel/framework/src/Illuminate/Container/Util.php(40): Illuminate\\Container\\BoundMethod::Illuminate\\Container\\{closure}()\n#22 /Library/WebServer/Documents/superpay/superpay-api/vendor/laravel/framework/src/Illuminate/Container/BoundMethod.php(93): Illuminate\\Container\\Util::unwrapIfClosure(Object(Closure))\n#23 /Library/WebServer/Documents/superpay/superpay-api/vendor/laravel/framework/src/Illuminate/Container/BoundMethod.php(37): Illuminate\\Container\\BoundMethod::callBoundMethod(Object(Illuminate\\Foundation\\Application), Array, Object(Closure))\n#24 /Library/WebServer/Documents/superpay/superpay-api/vendor/laravel/framework/src/Illuminate/Container/Container.php(653): Illuminate\\Container\\BoundMethod::call(Object(Illuminate\\Foundation\\Application), Array, Array, NULL)\n#25 /Library/WebServer/Documents/superpay/superpay-api/vendor/laravel/framework/src/Illuminate/Console/Command.php(136): Illuminate\\Container\\Container->call(Array)\n#26 /Library/WebServer/Documents/superpay/superpay-api/vendor/symfony/console/Command/Command.php(298): Illuminate\\Console\\Command->execute(Object(Symfony\\Component\\Console\\Input\\ArgvInput), Object(Illuminate\\Console\\OutputStyle))\n#27 /Library/WebServer/Documents/superpay/superpay-api/vendor/laravel/framework/src/Illuminate/Console/Command.php(121): Symfony\\Component\\Console\\Command\\Command->run(Object(Symfony\\Component\\Console\\Input\\ArgvInput), Object(Illuminate\\Console\\OutputStyle))\n#28 /Library/WebServer/Documents/superpay/superpay-api/vendor/symfony/console/Application.php(1024): Illuminate\\Console\\Command->run(Object(Symfony\\Component\\Console\\Input\\ArgvInput), Object(Symfony\\Component\\Console\\Output\\ConsoleOutput))\n#29 /Library/WebServer/Documents/superpay/superpay-api/vendor/symfony/console/Application.php(299): Symfony\\Component\\Console\\Application->doRunCommand(Object(Illuminate\\Queue\\Console\\WorkCommand), Object(Symfony\\Component\\Console\\Input\\ArgvInput), Object(Symfony\\Component\\Console\\Output\\ConsoleOutput))\n#30 /Library/WebServer/Documents/superpay/superpay-api/vendor/symfony/console/Application.php(171): Symfony\\Component\\Console\\Application->doRun(Object(Symfony\\Component\\Console\\Input\\ArgvInput), Object(Symfony\\Component\\Console\\Output\\ConsoleOutput))\n#31 /Library/WebServer/Documents/superpay/superpay-api/vendor/laravel/framework/src/Illuminate/Console/Application.php(94): Symfony\\Component\\Console\\Application->run(Object(Symfony\\Component\\Console\\Input\\ArgvInput), Object(Symfony\\Component\\Console\\Output\\ConsoleOutput))\n#32 /Library/WebServer/Documents/superpay/superpay-api/vendor/laravel/framework/src/Illuminate/Foundation/Console/Kernel.php(129): Illuminate\\Console\\Application->run(Object(Symfony\\Component\\Console\\Input\\ArgvInput), Object(Symfony\\Component\\Console\\Output\\ConsoleOutput))\n#33 /Library/WebServer/Documents/superpay/superpay-api/artisan(37): Illuminate\\Foundation\\Console\\Kernel->handle(Object(Symfony\\Component\\Console\\Input\\ArgvInput), Object(Symfony\\Component\\Console\\Output\\ConsoleOutput))\n#34 {main}','2022-10-04 06:42:33'),
	(5,'60aa4b26-c694-4791-8d4e-2eeca80df346','database','default','{\"uuid\":\"60aa4b26-c694-4791-8d4e-2eeca80df346\",\"displayName\":\"App\\\\Events\\\\ExportEvent\",\"job\":\"Illuminate\\\\Queue\\\\CallQueuedHandler@call\",\"maxTries\":null,\"maxExceptions\":null,\"failOnTimeout\":false,\"backoff\":null,\"timeout\":null,\"retryUntil\":null,\"data\":{\"commandName\":\"Illuminate\\\\Broadcasting\\\\BroadcastEvent\",\"command\":\"O:38:\\\"Illuminate\\\\Broadcasting\\\\BroadcastEvent\\\":12:{s:5:\\\"event\\\";O:22:\\\"App\\\\Events\\\\ExportEvent\\\":2:{s:31:\\\"\\u0000App\\\\Events\\\\ExportEvent\\u0000payload\\\";O:45:\\\"Illuminate\\\\Contracts\\\\Database\\\\ModelIdentifier\\\":4:{s:5:\\\"class\\\";s:23:\\\"App\\\\Models\\\\Notification\\\";s:2:\\\"id\\\";i:26;s:9:\\\"relations\\\";a:0:{}s:10:\\\"connection\\\";s:5:\\\"mysql\\\";}s:6:\\\"socket\\\";N;}s:5:\\\"tries\\\";N;s:7:\\\"timeout\\\";N;s:10:\\\"connection\\\";N;s:5:\\\"queue\\\";N;s:15:\\\"chainConnection\\\";N;s:10:\\\"chainQueue\\\";N;s:19:\\\"chainCatchCallbacks\\\";N;s:5:\\\"delay\\\";N;s:11:\\\"afterCommit\\\";N;s:10:\\\"middleware\\\";a:0:{}s:7:\\\"chained\\\";a:0:{}}\"}}','Illuminate\\Queue\\MaxAttemptsExceededException: App\\Events\\ExportEvent has been attempted too many times or run too long. The job may have previously timed out. in /Library/WebServer/Documents/superpay/superpay-api/vendor/laravel/framework/src/Illuminate/Queue/Worker.php:750\nStack trace:\n#0 /Library/WebServer/Documents/superpay/superpay-api/vendor/laravel/framework/src/Illuminate/Queue/Worker.php(213): Illuminate\\Queue\\Worker->maxAttemptsExceededException(Object(Illuminate\\Queue\\Jobs\\DatabaseJob))\n#1 /Library/WebServer/Documents/superpay/superpay-api/vendor/ably/ably-php/src/Utils/CurlWrapper.php(41): Illuminate\\Queue\\Worker->Illuminate\\Queue\\{closure}(14, Array)\n#2 /Library/WebServer/Documents/superpay/superpay-api/vendor/ably/ably-php/src/Http.php(159): Ably\\Utils\\CurlWrapper->exec(Resource id #986)\n#3 /Library/WebServer/Documents/superpay/superpay-api/vendor/ably/ably-php/src/AblyRest.php(213): Ably\\Http->request(\'POST\', \'https://b.ably-...\', Array, \'\\x83\\xA4data\\xDA\\x01\\xE2{\"id\":...\')\n#4 /Library/WebServer/Documents/superpay/superpay-api/vendor/ably/ably-php/src/AblyRest.php(140): Ably\\AblyRest->requestInternal(\'POST\', \'/channels/publi...\', Array, \'\\x83\\xA4data\\xDA\\x01\\xE2{\"id\":...\', false, true)\n#5 /Library/WebServer/Documents/superpay/superpay-api/vendor/ably/ably-php/src/Channel.php(154): Ably\\AblyRest->post(\'/channels/publi...\', Array, \'\\x83\\xA4data\\xDA\\x01\\xE2{\"id\":...\')\n#6 /Library/WebServer/Documents/superpay/superpay-api/vendor/laravel/framework/src/Illuminate/Broadcasting/Broadcasters/AblyBroadcaster.php(126): Ably\\Channel->publish(Object(Ably\\Models\\Message))\n#7 /Library/WebServer/Documents/superpay/superpay-api/vendor/laravel/framework/src/Illuminate/Broadcasting/BroadcastEvent.php(77): Illuminate\\Broadcasting\\Broadcasters\\AblyBroadcaster->broadcast(Array, \'message.new\', Array)\n#8 /Library/WebServer/Documents/superpay/superpay-api/vendor/laravel/framework/src/Illuminate/Container/BoundMethod.php(36): Illuminate\\Broadcasting\\BroadcastEvent->handle(Object(Illuminate\\Broadcasting\\BroadcastManager))\n#9 /Library/WebServer/Documents/superpay/superpay-api/vendor/laravel/framework/src/Illuminate/Container/Util.php(40): Illuminate\\Container\\BoundMethod::Illuminate\\Container\\{closure}()\n#10 /Library/WebServer/Documents/superpay/superpay-api/vendor/laravel/framework/src/Illuminate/Container/BoundMethod.php(93): Illuminate\\Container\\Util::unwrapIfClosure(Object(Closure))\n#11 /Library/WebServer/Documents/superpay/superpay-api/vendor/laravel/framework/src/Illuminate/Container/BoundMethod.php(37): Illuminate\\Container\\BoundMethod::callBoundMethod(Object(Illuminate\\Foundation\\Application), Array, Object(Closure))\n#12 /Library/WebServer/Documents/superpay/superpay-api/vendor/laravel/framework/src/Illuminate/Container/Container.php(653): Illuminate\\Container\\BoundMethod::call(Object(Illuminate\\Foundation\\Application), Array, Array, NULL)\n#13 /Library/WebServer/Documents/superpay/superpay-api/vendor/laravel/framework/src/Illuminate/Bus/Dispatcher.php(128): Illuminate\\Container\\Container->call(Array)\n#14 /Library/WebServer/Documents/superpay/superpay-api/vendor/laravel/framework/src/Illuminate/Pipeline/Pipeline.php(128): Illuminate\\Bus\\Dispatcher->Illuminate\\Bus\\{closure}(Object(Illuminate\\Broadcasting\\BroadcastEvent))\n#15 /Library/WebServer/Documents/superpay/superpay-api/vendor/laravel/framework/src/Illuminate/Pipeline/Pipeline.php(103): Illuminate\\Pipeline\\Pipeline->Illuminate\\Pipeline\\{closure}(Object(Illuminate\\Broadcasting\\BroadcastEvent))\n#16 /Library/WebServer/Documents/superpay/superpay-api/vendor/laravel/framework/src/Illuminate/Bus/Dispatcher.php(132): Illuminate\\Pipeline\\Pipeline->then(Object(Closure))\n#17 /Library/WebServer/Documents/superpay/superpay-api/vendor/laravel/framework/src/Illuminate/Queue/CallQueuedHandler.php(120): Illuminate\\Bus\\Dispatcher->dispatchNow(Object(Illuminate\\Broadcasting\\BroadcastEvent), false)\n#18 /Library/WebServer/Documents/superpay/superpay-api/vendor/laravel/framework/src/Illuminate/Pipeline/Pipeline.php(128): Illuminate\\Queue\\CallQueuedHandler->Illuminate\\Queue\\{closure}(Object(Illuminate\\Broadcasting\\BroadcastEvent))\n#19 /Library/WebServer/Documents/superpay/superpay-api/vendor/laravel/framework/src/Illuminate/Pipeline/Pipeline.php(103): Illuminate\\Pipeline\\Pipeline->Illuminate\\Pipeline\\{closure}(Object(Illuminate\\Broadcasting\\BroadcastEvent))\n#20 /Library/WebServer/Documents/superpay/superpay-api/vendor/laravel/framework/src/Illuminate/Queue/CallQueuedHandler.php(122): Illuminate\\Pipeline\\Pipeline->then(Object(Closure))\n#21 /Library/WebServer/Documents/superpay/superpay-api/vendor/laravel/framework/src/Illuminate/Queue/CallQueuedHandler.php(70): Illuminate\\Queue\\CallQueuedHandler->dispatchThroughMiddleware(Object(Illuminate\\Queue\\Jobs\\DatabaseJob), Object(Illuminate\\Broadcasting\\BroadcastEvent))\n#22 /Library/WebServer/Documents/superpay/superpay-api/vendor/laravel/framework/src/Illuminate/Queue/Jobs/Job.php(98): Illuminate\\Queue\\CallQueuedHandler->call(Object(Illuminate\\Queue\\Jobs\\DatabaseJob), Array)\n#23 /Library/WebServer/Documents/superpay/superpay-api/vendor/laravel/framework/src/Illuminate/Queue/Worker.php(428): Illuminate\\Queue\\Jobs\\Job->fire()\n#24 /Library/WebServer/Documents/superpay/superpay-api/vendor/laravel/framework/src/Illuminate/Queue/Worker.php(378): Illuminate\\Queue\\Worker->process(\'database\', Object(Illuminate\\Queue\\Jobs\\DatabaseJob), Object(Illuminate\\Queue\\WorkerOptions))\n#25 /Library/WebServer/Documents/superpay/superpay-api/vendor/laravel/framework/src/Illuminate/Queue/Worker.php(172): Illuminate\\Queue\\Worker->runJob(Object(Illuminate\\Queue\\Jobs\\DatabaseJob), \'database\', Object(Illuminate\\Queue\\WorkerOptions))\n#26 /Library/WebServer/Documents/superpay/superpay-api/vendor/laravel/framework/src/Illuminate/Queue/Console/WorkCommand.php(117): Illuminate\\Queue\\Worker->daemon(\'database\', \'default\', Object(Illuminate\\Queue\\WorkerOptions))\n#27 /Library/WebServer/Documents/superpay/superpay-api/vendor/laravel/framework/src/Illuminate/Queue/Console/WorkCommand.php(101): Illuminate\\Queue\\Console\\WorkCommand->runWorker(\'database\', \'default\')\n#28 /Library/WebServer/Documents/superpay/superpay-api/vendor/laravel/framework/src/Illuminate/Container/BoundMethod.php(36): Illuminate\\Queue\\Console\\WorkCommand->handle()\n#29 /Library/WebServer/Documents/superpay/superpay-api/vendor/laravel/framework/src/Illuminate/Container/Util.php(40): Illuminate\\Container\\BoundMethod::Illuminate\\Container\\{closure}()\n#30 /Library/WebServer/Documents/superpay/superpay-api/vendor/laravel/framework/src/Illuminate/Container/BoundMethod.php(93): Illuminate\\Container\\Util::unwrapIfClosure(Object(Closure))\n#31 /Library/WebServer/Documents/superpay/superpay-api/vendor/laravel/framework/src/Illuminate/Container/BoundMethod.php(37): Illuminate\\Container\\BoundMethod::callBoundMethod(Object(Illuminate\\Foundation\\Application), Array, Object(Closure))\n#32 /Library/WebServer/Documents/superpay/superpay-api/vendor/laravel/framework/src/Illuminate/Container/Container.php(653): Illuminate\\Container\\BoundMethod::call(Object(Illuminate\\Foundation\\Application), Array, Array, NULL)\n#33 /Library/WebServer/Documents/superpay/superpay-api/vendor/laravel/framework/src/Illuminate/Console/Command.php(136): Illuminate\\Container\\Container->call(Array)\n#34 /Library/WebServer/Documents/superpay/superpay-api/vendor/symfony/console/Command/Command.php(298): Illuminate\\Console\\Command->execute(Object(Symfony\\Component\\Console\\Input\\ArgvInput), Object(Illuminate\\Console\\OutputStyle))\n#35 /Library/WebServer/Documents/superpay/superpay-api/vendor/laravel/framework/src/Illuminate/Console/Command.php(121): Symfony\\Component\\Console\\Command\\Command->run(Object(Symfony\\Component\\Console\\Input\\ArgvInput), Object(Illuminate\\Console\\OutputStyle))\n#36 /Library/WebServer/Documents/superpay/superpay-api/vendor/symfony/console/Application.php(1024): Illuminate\\Console\\Command->run(Object(Symfony\\Component\\Console\\Input\\ArgvInput), Object(Symfony\\Component\\Console\\Output\\ConsoleOutput))\n#37 /Library/WebServer/Documents/superpay/superpay-api/vendor/symfony/console/Application.php(299): Symfony\\Component\\Console\\Application->doRunCommand(Object(Illuminate\\Queue\\Console\\WorkCommand), Object(Symfony\\Component\\Console\\Input\\ArgvInput), Object(Symfony\\Component\\Console\\Output\\ConsoleOutput))\n#38 /Library/WebServer/Documents/superpay/superpay-api/vendor/symfony/console/Application.php(171): Symfony\\Component\\Console\\Application->doRun(Object(Symfony\\Component\\Console\\Input\\ArgvInput), Object(Symfony\\Component\\Console\\Output\\ConsoleOutput))\n#39 /Library/WebServer/Documents/superpay/superpay-api/vendor/laravel/framework/src/Illuminate/Console/Application.php(94): Symfony\\Component\\Console\\Application->run(Object(Symfony\\Component\\Console\\Input\\ArgvInput), Object(Symfony\\Component\\Console\\Output\\ConsoleOutput))\n#40 /Library/WebServer/Documents/superpay/superpay-api/vendor/laravel/framework/src/Illuminate/Foundation/Console/Kernel.php(129): Illuminate\\Console\\Application->run(Object(Symfony\\Component\\Console\\Input\\ArgvInput), Object(Symfony\\Component\\Console\\Output\\ConsoleOutput))\n#41 /Library/WebServer/Documents/superpay/superpay-api/artisan(37): Illuminate\\Foundation\\Console\\Kernel->handle(Object(Symfony\\Component\\Console\\Input\\ArgvInput), Object(Symfony\\Component\\Console\\Output\\ConsoleOutput))\n#42 {main}','2022-10-09 10:20:44'),
	(6,'2482a2c6-d5db-44ec-a0fa-4d66e378efb5','database','default','{\"uuid\":\"2482a2c6-d5db-44ec-a0fa-4d66e378efb5\",\"displayName\":\"App\\\\Events\\\\ExportEvent\",\"job\":\"Illuminate\\\\Queue\\\\CallQueuedHandler@call\",\"maxTries\":null,\"maxExceptions\":null,\"failOnTimeout\":false,\"backoff\":null,\"timeout\":null,\"retryUntil\":null,\"data\":{\"commandName\":\"Illuminate\\\\Broadcasting\\\\BroadcastEvent\",\"command\":\"O:38:\\\"Illuminate\\\\Broadcasting\\\\BroadcastEvent\\\":12:{s:5:\\\"event\\\";O:22:\\\"App\\\\Events\\\\ExportEvent\\\":2:{s:31:\\\"\\u0000App\\\\Events\\\\ExportEvent\\u0000payload\\\";O:45:\\\"Illuminate\\\\Contracts\\\\Database\\\\ModelIdentifier\\\":4:{s:5:\\\"class\\\";s:23:\\\"App\\\\Models\\\\Notification\\\";s:2:\\\"id\\\";i:27;s:9:\\\"relations\\\";a:0:{}s:10:\\\"connection\\\";s:5:\\\"mysql\\\";}s:6:\\\"socket\\\";N;}s:5:\\\"tries\\\";N;s:7:\\\"timeout\\\";N;s:10:\\\"connection\\\";N;s:5:\\\"queue\\\";N;s:15:\\\"chainConnection\\\";N;s:10:\\\"chainQueue\\\";N;s:19:\\\"chainCatchCallbacks\\\";N;s:5:\\\"delay\\\";N;s:11:\\\"afterCommit\\\";N;s:10:\\\"middleware\\\";a:0:{}s:7:\\\"chained\\\";a:0:{}}\"}}','Ably\\Exceptions\\AblyRequestException: cURL error: Could not resolve host: d.ably-realtime.com in /Library/WebServer/Documents/superpay/superpay-api/vendor/ably/ably-php/src/Http.php:169\nStack trace:\n#0 /Library/WebServer/Documents/superpay/superpay-api/vendor/ably/ably-php/src/AblyRest.php(213): Ably\\Http->request(\'POST\', \'https://d.ably-...\', Array, \'\\x83\\xA4data\\xDA\\x01\\xE2{\"id\":...\')\n#1 /Library/WebServer/Documents/superpay/superpay-api/vendor/ably/ably-php/src/AblyRest.php(140): Ably\\AblyRest->requestInternal(\'POST\', \'/channels/publi...\', Array, \'\\x83\\xA4data\\xDA\\x01\\xE2{\"id\":...\', false, true)\n#2 /Library/WebServer/Documents/superpay/superpay-api/vendor/ably/ably-php/src/Channel.php(154): Ably\\AblyRest->post(\'/channels/publi...\', Array, \'\\x83\\xA4data\\xDA\\x01\\xE2{\"id\":...\')\n#3 /Library/WebServer/Documents/superpay/superpay-api/vendor/laravel/framework/src/Illuminate/Broadcasting/Broadcasters/AblyBroadcaster.php(126): Ably\\Channel->publish(Object(Ably\\Models\\Message))\n#4 /Library/WebServer/Documents/superpay/superpay-api/vendor/laravel/framework/src/Illuminate/Broadcasting/BroadcastEvent.php(77): Illuminate\\Broadcasting\\Broadcasters\\AblyBroadcaster->broadcast(Array, \'message.new\', Array)\n#5 /Library/WebServer/Documents/superpay/superpay-api/vendor/laravel/framework/src/Illuminate/Container/BoundMethod.php(36): Illuminate\\Broadcasting\\BroadcastEvent->handle(Object(Illuminate\\Broadcasting\\BroadcastManager))\n#6 /Library/WebServer/Documents/superpay/superpay-api/vendor/laravel/framework/src/Illuminate/Container/Util.php(40): Illuminate\\Container\\BoundMethod::Illuminate\\Container\\{closure}()\n#7 /Library/WebServer/Documents/superpay/superpay-api/vendor/laravel/framework/src/Illuminate/Container/BoundMethod.php(93): Illuminate\\Container\\Util::unwrapIfClosure(Object(Closure))\n#8 /Library/WebServer/Documents/superpay/superpay-api/vendor/laravel/framework/src/Illuminate/Container/BoundMethod.php(37): Illuminate\\Container\\BoundMethod::callBoundMethod(Object(Illuminate\\Foundation\\Application), Array, Object(Closure))\n#9 /Library/WebServer/Documents/superpay/superpay-api/vendor/laravel/framework/src/Illuminate/Container/Container.php(653): Illuminate\\Container\\BoundMethod::call(Object(Illuminate\\Foundation\\Application), Array, Array, NULL)\n#10 /Library/WebServer/Documents/superpay/superpay-api/vendor/laravel/framework/src/Illuminate/Bus/Dispatcher.php(128): Illuminate\\Container\\Container->call(Array)\n#11 /Library/WebServer/Documents/superpay/superpay-api/vendor/laravel/framework/src/Illuminate/Pipeline/Pipeline.php(128): Illuminate\\Bus\\Dispatcher->Illuminate\\Bus\\{closure}(Object(Illuminate\\Broadcasting\\BroadcastEvent))\n#12 /Library/WebServer/Documents/superpay/superpay-api/vendor/laravel/framework/src/Illuminate/Pipeline/Pipeline.php(103): Illuminate\\Pipeline\\Pipeline->Illuminate\\Pipeline\\{closure}(Object(Illuminate\\Broadcasting\\BroadcastEvent))\n#13 /Library/WebServer/Documents/superpay/superpay-api/vendor/laravel/framework/src/Illuminate/Bus/Dispatcher.php(132): Illuminate\\Pipeline\\Pipeline->then(Object(Closure))\n#14 /Library/WebServer/Documents/superpay/superpay-api/vendor/laravel/framework/src/Illuminate/Queue/CallQueuedHandler.php(120): Illuminate\\Bus\\Dispatcher->dispatchNow(Object(Illuminate\\Broadcasting\\BroadcastEvent), false)\n#15 /Library/WebServer/Documents/superpay/superpay-api/vendor/laravel/framework/src/Illuminate/Pipeline/Pipeline.php(128): Illuminate\\Queue\\CallQueuedHandler->Illuminate\\Queue\\{closure}(Object(Illuminate\\Broadcasting\\BroadcastEvent))\n#16 /Library/WebServer/Documents/superpay/superpay-api/vendor/laravel/framework/src/Illuminate/Pipeline/Pipeline.php(103): Illuminate\\Pipeline\\Pipeline->Illuminate\\Pipeline\\{closure}(Object(Illuminate\\Broadcasting\\BroadcastEvent))\n#17 /Library/WebServer/Documents/superpay/superpay-api/vendor/laravel/framework/src/Illuminate/Queue/CallQueuedHandler.php(122): Illuminate\\Pipeline\\Pipeline->then(Object(Closure))\n#18 /Library/WebServer/Documents/superpay/superpay-api/vendor/laravel/framework/src/Illuminate/Queue/CallQueuedHandler.php(70): Illuminate\\Queue\\CallQueuedHandler->dispatchThroughMiddleware(Object(Illuminate\\Queue\\Jobs\\DatabaseJob), Object(Illuminate\\Broadcasting\\BroadcastEvent))\n#19 /Library/WebServer/Documents/superpay/superpay-api/vendor/laravel/framework/src/Illuminate/Queue/Jobs/Job.php(98): Illuminate\\Queue\\CallQueuedHandler->call(Object(Illuminate\\Queue\\Jobs\\DatabaseJob), Array)\n#20 /Library/WebServer/Documents/superpay/superpay-api/vendor/laravel/framework/src/Illuminate/Queue/Worker.php(428): Illuminate\\Queue\\Jobs\\Job->fire()\n#21 /Library/WebServer/Documents/superpay/superpay-api/vendor/laravel/framework/src/Illuminate/Queue/Worker.php(378): Illuminate\\Queue\\Worker->process(\'database\', Object(Illuminate\\Queue\\Jobs\\DatabaseJob), Object(Illuminate\\Queue\\WorkerOptions))\n#22 /Library/WebServer/Documents/superpay/superpay-api/vendor/laravel/framework/src/Illuminate/Queue/Worker.php(172): Illuminate\\Queue\\Worker->runJob(Object(Illuminate\\Queue\\Jobs\\DatabaseJob), \'database\', Object(Illuminate\\Queue\\WorkerOptions))\n#23 /Library/WebServer/Documents/superpay/superpay-api/vendor/laravel/framework/src/Illuminate/Queue/Console/WorkCommand.php(117): Illuminate\\Queue\\Worker->daemon(\'database\', \'default\', Object(Illuminate\\Queue\\WorkerOptions))\n#24 /Library/WebServer/Documents/superpay/superpay-api/vendor/laravel/framework/src/Illuminate/Queue/Console/WorkCommand.php(101): Illuminate\\Queue\\Console\\WorkCommand->runWorker(\'database\', \'default\')\n#25 /Library/WebServer/Documents/superpay/superpay-api/vendor/laravel/framework/src/Illuminate/Container/BoundMethod.php(36): Illuminate\\Queue\\Console\\WorkCommand->handle()\n#26 /Library/WebServer/Documents/superpay/superpay-api/vendor/laravel/framework/src/Illuminate/Container/Util.php(40): Illuminate\\Container\\BoundMethod::Illuminate\\Container\\{closure}()\n#27 /Library/WebServer/Documents/superpay/superpay-api/vendor/laravel/framework/src/Illuminate/Container/BoundMethod.php(93): Illuminate\\Container\\Util::unwrapIfClosure(Object(Closure))\n#28 /Library/WebServer/Documents/superpay/superpay-api/vendor/laravel/framework/src/Illuminate/Container/BoundMethod.php(37): Illuminate\\Container\\BoundMethod::callBoundMethod(Object(Illuminate\\Foundation\\Application), Array, Object(Closure))\n#29 /Library/WebServer/Documents/superpay/superpay-api/vendor/laravel/framework/src/Illuminate/Container/Container.php(653): Illuminate\\Container\\BoundMethod::call(Object(Illuminate\\Foundation\\Application), Array, Array, NULL)\n#30 /Library/WebServer/Documents/superpay/superpay-api/vendor/laravel/framework/src/Illuminate/Console/Command.php(136): Illuminate\\Container\\Container->call(Array)\n#31 /Library/WebServer/Documents/superpay/superpay-api/vendor/symfony/console/Command/Command.php(298): Illuminate\\Console\\Command->execute(Object(Symfony\\Component\\Console\\Input\\ArgvInput), Object(Illuminate\\Console\\OutputStyle))\n#32 /Library/WebServer/Documents/superpay/superpay-api/vendor/laravel/framework/src/Illuminate/Console/Command.php(121): Symfony\\Component\\Console\\Command\\Command->run(Object(Symfony\\Component\\Console\\Input\\ArgvInput), Object(Illuminate\\Console\\OutputStyle))\n#33 /Library/WebServer/Documents/superpay/superpay-api/vendor/symfony/console/Application.php(1024): Illuminate\\Console\\Command->run(Object(Symfony\\Component\\Console\\Input\\ArgvInput), Object(Symfony\\Component\\Console\\Output\\ConsoleOutput))\n#34 /Library/WebServer/Documents/superpay/superpay-api/vendor/symfony/console/Application.php(299): Symfony\\Component\\Console\\Application->doRunCommand(Object(Illuminate\\Queue\\Console\\WorkCommand), Object(Symfony\\Component\\Console\\Input\\ArgvInput), Object(Symfony\\Component\\Console\\Output\\ConsoleOutput))\n#35 /Library/WebServer/Documents/superpay/superpay-api/vendor/symfony/console/Application.php(171): Symfony\\Component\\Console\\Application->doRun(Object(Symfony\\Component\\Console\\Input\\ArgvInput), Object(Symfony\\Component\\Console\\Output\\ConsoleOutput))\n#36 /Library/WebServer/Documents/superpay/superpay-api/vendor/laravel/framework/src/Illuminate/Console/Application.php(94): Symfony\\Component\\Console\\Application->run(Object(Symfony\\Component\\Console\\Input\\ArgvInput), Object(Symfony\\Component\\Console\\Output\\ConsoleOutput))\n#37 /Library/WebServer/Documents/superpay/superpay-api/vendor/laravel/framework/src/Illuminate/Foundation/Console/Kernel.php(129): Illuminate\\Console\\Application->run(Object(Symfony\\Component\\Console\\Input\\ArgvInput), Object(Symfony\\Component\\Console\\Output\\ConsoleOutput))\n#38 /Library/WebServer/Documents/superpay/superpay-api/artisan(37): Illuminate\\Foundation\\Console\\Kernel->handle(Object(Symfony\\Component\\Console\\Input\\ArgvInput), Object(Symfony\\Component\\Console\\Output\\ConsoleOutput))\n#39 {main}','2022-10-09 10:30:01');



# Dump of table jobs
# ------------------------------------------------------------


CREATE TABLE `jobs` (
  `id` bigint unsigned NOT NULL AUTO_INCREMENT,
  `queue` varchar(255) COLLATE utf8mb4_unicode_ci NOT NULL,
  `payload` longtext COLLATE utf8mb4_unicode_ci NOT NULL,
  `attempts` tinyint unsigned NOT NULL,
  `reserved_at` int unsigned DEFAULT NULL,
  `available_at` int unsigned NOT NULL,
  `created_at` int unsigned NOT NULL,
  PRIMARY KEY (`id`),
  KEY `jobs_queue_index` (`queue`)
) ENGINE=InnoDB DEFAULT CHARSET=utf8mb4 COLLATE=utf8mb4_unicode_ci;



# Dump of table migrations
# ------------------------------------------------------------


CREATE TABLE `migrations` (
  `id` int unsigned NOT NULL AUTO_INCREMENT,
  `migration` varchar(255) COLLATE utf8mb4_unicode_ci NOT NULL,
  `batch` int NOT NULL,
  PRIMARY KEY (`id`)
) ENGINE=InnoDB DEFAULT CHARSET=utf8mb4 COLLATE=utf8mb4_unicode_ci;


INSERT INTO `migrations` (`id`, `migration`, `batch`)
VALUES
	(10,'2014_10_12_000000_create_users_table',1),
	(11,'2014_10_12_100000_create_password_resets_table',1),
	(12,'2016_06_01_000001_create_oauth_auth_codes_table',1),
	(13,'2016_06_01_000002_create_oauth_access_tokens_table',1),
	(14,'2016_06_01_000003_create_oauth_refresh_tokens_table',1),
	(15,'2016_06_01_000004_create_oauth_clients_table',1),
	(16,'2016_06_01_000005_create_oauth_personal_access_clients_table',1),
	(17,'2019_08_19_000000_create_failed_jobs_table',1),
	(18,'2019_12_14_000001_create_personal_access_tokens_table',1),
	(19,'2022_06_27_213858_create_permission_tables',2),
	(20,'2022_10_03_174223_create_jobs_table',3),
	(21,'2014_10_12_100000_create_password_reset_tokens_table',4);



# Dump of table model_has_permissions
# ------------------------------------------------------------


CREATE TABLE `model_has_permissions` (
  `permission_id` bigint unsigned NOT NULL,
  `model_type` varchar(255) COLLATE utf8mb4_unicode_ci NOT NULL,
  `model_id` bigint unsigned NOT NULL,
  PRIMARY KEY (`permission_id`,`model_id`,`model_type`),
  KEY `model_has_permissions_model_id_model_type_index` (`model_id`,`model_type`),
  CONSTRAINT `model_has_permissions_permission_id_foreign` FOREIGN KEY (`permission_id`) REFERENCES `permissions` (`id`) ON DELETE CASCADE
) ENGINE=InnoDB DEFAULT CHARSET=utf8mb4 COLLATE=utf8mb4_unicode_ci;



# Dump of table model_has_roles
# ------------------------------------------------------------


CREATE TABLE `model_has_roles` (
  `role_id` bigint unsigned NOT NULL,
  `model_type` varchar(255) COLLATE utf8mb4_unicode_ci NOT NULL,
  `model_id` bigint unsigned NOT NULL,
  PRIMARY KEY (`role_id`,`model_id`,`model_type`),
  KEY `model_has_roles_model_id_model_type_index` (`model_id`,`model_type`),
  CONSTRAINT `model_has_roles_role_id_foreign` FOREIGN KEY (`role_id`) REFERENCES `roles` (`id`) ON DELETE CASCADE
) ENGINE=InnoDB DEFAULT CHARSET=utf8mb4 COLLATE=utf8mb4_unicode_ci;


INSERT INTO `model_has_roles` (`role_id`, `model_type`, `model_id`)
VALUES
	(1,'App\\Models\\User',2),
	(1,'App\\Models\\User',3);



# Dump of table notifications
# ------------------------------------------------------------


CREATE TABLE `notifications` (
  `id` bigint unsigned NOT NULL AUTO_INCREMENT,
  `user_id` bigint unsigned DEFAULT NULL,
  `sender_id` bigint unsigned DEFAULT NULL,
  `type` enum('SYSTEM','USER') DEFAULT 'SYSTEM',
  `channel` varchar(100) DEFAULT NULL,
  `status` tinyint unsigned DEFAULT '0',
  `payload` json DEFAULT NULL,
  `created_at` datetime DEFAULT NULL,
  `updated_at` datetime DEFAULT NULL,
  `deleted_at` datetime DEFAULT NULL,
  PRIMARY KEY (`id`),
  KEY `user_id` (`user_id`),
  KEY `sender_id` (`sender_id`),
  CONSTRAINT `notifications_ibfk_1` FOREIGN KEY (`user_id`) REFERENCES `users` (`id`) ON DELETE CASCADE,
  CONSTRAINT `notifications_ibfk_2` FOREIGN KEY (`sender_id`) REFERENCES `users` (`id`) ON DELETE CASCADE
) ENGINE=InnoDB DEFAULT CHARSET=utf8mb3;


INSERT INTO `notifications` (`id`, `user_id`, `sender_id`, `type`, `channel`, `status`, `payload`, `created_at`, `updated_at`, `deleted_at`)
VALUES
	(5,NULL,NULL,'SYSTEM','export',1,'{\"file\": \"export-customers-1664866260.xlsx\", \"title\": \"Data Exported Sucessfully!\", \"action\": \"Download File\", \"channel\": \"export\", \"message\": \"Data has been exported for Axiom School\"}','2022-10-04 06:51:06','2022-10-04 09:11:54',NULL),
	(6,NULL,NULL,'SYSTEM','export',1,'{\"file\": \"export-customers-1664866370.xlsx\", \"title\": \"Data Exported Sucessfully!\", \"action\": \"Download File\", \"channel\": \"export\", \"message\": \"Data has been exported for Axiom School\"}','2022-10-04 06:52:58','2022-10-04 06:52:58',NULL),
	(7,NULL,NULL,'SYSTEM','export',1,'{\"file\": \"export-customers-1664866423.xlsx\", \"title\": \"Data Exported Sucessfully!\", \"action\": \"Download File\", \"channel\": \"export\", \"message\": \"Data has been exported for Axiom School\"}','2022-10-04 06:53:49','2022-10-04 06:53:49',NULL),
	(8,NULL,NULL,'SYSTEM','export',1,'{\"file\": \"export-customers-1664866556.xlsx\", \"title\": \"Data Exported Sucessfully!\", \"action\": \"Download File\", \"channel\": \"export\", \"message\": \"Data has been exported for Axiom School\"}','2022-10-04 06:56:00','2022-10-04 06:56:00',NULL),
	(9,NULL,NULL,'SYSTEM','export',1,'{\"file\": \"export-customers-1664866588.xlsx\", \"title\": \"Data Exported Sucessfully!\", \"action\": \"Download File\", \"channel\": \"export\", \"message\": \"Data has been exported for Axiom School\"}','2022-10-04 06:56:31','2022-10-04 06:56:31',NULL),
	(10,NULL,NULL,'SYSTEM','export',1,'{\"file\": \"export-customers-1664875088.xlsx\", \"title\": \"Data Exported Sucessfully!\", \"action\": \"Download File\", \"channel\": \"export\", \"message\": \"Data has been exported for Axiom School\"}','2022-10-04 09:18:23','2022-10-04 09:35:36',NULL),
	(11,NULL,NULL,'SYSTEM','export',1,'{\"file\": \"export-customers-1664875163.xlsx\", \"title\": \"Data Exported Sucessfully!\", \"action\": \"Download File\", \"channel\": \"export\", \"message\": \"Data has been exported for Axiom School\"}','2022-10-04 09:19:26','2022-10-04 09:35:16',NULL),
	(12,NULL,NULL,'SYSTEM','export',1,'{\"file\": \"export-customers-1664876834.xlsx\", \"title\": \"Data Exported Sucessfully!\", \"action\": \"Download File\", \"channel\": \"export\", \"message\": \"Data has been exported for Axiom School\"}','2022-10-04 09:47:18','2022-10-04 10:19:44',NULL),
	(13,NULL,NULL,'SYSTEM','export',1,'{\"file\": \"export-customers-1664876862.xlsx\", \"title\": \"Data Exported Sucessfully!\", \"action\": \"Download File\", \"channel\": \"export\", \"message\": \"Data has been exported for Axiom School\"}','2022-10-04 09:47:45','2022-10-04 10:19:41',NULL),
	(14,NULL,NULL,'SYSTEM','export',1,'{\"file\": \"export-customers-1664877055.xlsx\", \"title\": \"Data Exported Sucessfully!\", \"action\": \"Download File\", \"channel\": \"export\", \"message\": \"Data has been exported for Axiom School\"}','2022-10-04 09:50:57','2022-10-04 10:19:37',NULL),
	(15,NULL,NULL,'SYSTEM','export',1,'{\"file\": \"export-customers-1664877115.xlsx\", \"title\": \"Data Exported Sucessfully!\", \"action\": \"Download File\", \"channel\": \"export\", \"message\": \"Data has been exported for Axiom School\"}','2022-10-04 09:51:59','2022-10-04 10:19:39',NULL),
	(16,NULL,NULL,'SYSTEM','export',1,'{\"file\": \"export-customers-1664877462.xlsx\", \"title\": \"Data Exported Sucessfully!\", \"action\": \"Download File\", \"channel\": \"export\", \"message\": \"Data has been exported for Axiom School\"}','2022-10-04 09:57:45','2022-10-04 10:19:34',NULL),
	(17,NULL,NULL,'SYSTEM','export',1,'{\"file\": \"export-customers-1664877492.xlsx\", \"title\": \"Data Exported Sucessfully!\", \"action\": \"Download File\", \"channel\": \"export\", \"message\": \"Data has been exported for Axiom School\"}','2022-10-04 09:58:14','2022-10-04 09:59:49',NULL),
	(18,NULL,NULL,'SYSTEM','export',1,'{\"file\": \"export-customers-1664877598.xlsx\", \"title\": \"Data Exported Sucessfully!\", \"action\": \"Download File\", \"channel\": \"export\", \"message\": \"Data has been exported for Axiom School\"}','2022-10-04 10:00:01','2022-10-04 10:19:32',NULL),
	(19,NULL,NULL,'SYSTEM','export',1,'{\"file\": \"export-customers-1664877648.xlsx\", \"title\": \"Data Exported Sucessfully!\", \"action\": \"Download File\", \"channel\": \"export\", \"message\": \"Data has been exported for Axiom School\"}','2022-10-04 10:00:51','2022-10-04 10:19:30',NULL),
	(20,NULL,NULL,'SYSTEM','export',1,'{\"file\": \"export-customers-1664877769.xlsx\", \"title\": \"Data Exported Sucessfully!\", \"action\": \"Download File\", \"channel\": \"export\", \"message\": \"Data has been exported for Axiom School\"}','2022-10-04 10:02:53','2022-10-04 10:19:28',NULL),
	(21,NULL,NULL,'SYSTEM','export',1,'{\"file\": \"export-customers-1664878809.xlsx\", \"title\": \"Data Exported Sucessfully!\", \"action\": \"Download File\", \"channel\": \"export\", \"message\": \"Data has been exported for Axiom School\"}','2022-10-04 10:20:13','2022-10-04 10:21:07',NULL),
	(22,NULL,NULL,'SYSTEM','export',1,'{\"file\": \"export-customers-1664879174.xlsx\", \"title\": \"Data Exported Sucessfully!\", \"action\": \"Download File\", \"channel\": \"export\", \"message\": \"Data has been exported for Axiom School\"}','2022-10-04 10:26:15','2022-10-04 10:26:27',NULL),
	(23,NULL,NULL,'SYSTEM','export',1,'{\"file\": \"export-customers-1664879769.xlsx\", \"title\": \"Data Exported Sucessfully!\", \"action\": \"Download File\", \"channel\": \"export\", \"message\": \"Data has been exported for Axiom School\"}','2022-10-04 10:36:13','2022-10-04 10:36:33',NULL),
	(24,NULL,NULL,'SYSTEM','export',1,'{\"file\": \"export-consumers-1664997058.xlsx\", \"title\": \"Data Exported Sucessfully!\", \"action\": \"Download File\", \"channel\": \"export\", \"message\": \"Data has been exported for Axiom School\"}','2022-10-05 19:11:13','2022-10-05 19:11:33',NULL),
	(25,NULL,NULL,'SYSTEM','export',1,'{\"file\": \"export-consumers-1664997170.xlsx\", \"title\": \"Data Exported Sucessfully!\", \"action\": \"Download File\", \"channel\": \"export\", \"message\": \"Data has been exported for Axiom School\"}','2022-10-05 19:12:52','2022-10-05 19:13:04',NULL),
	(26,NULL,NULL,'SYSTEM','export',1,'{\"file\": \"export-consumers-1665310783.xlsx\", \"title\": \"Data Exported Sucessfully!\", \"action\": \"Download File\", \"channel\": \"export\", \"message\": \"Data has been exported for Axiom School\"}','2022-10-09 10:19:44','2022-10-09 10:20:14',NULL),
	(27,NULL,NULL,'SYSTEM','export',1,'{\"file\": \"export-consumers-1665311380.xlsx\", \"title\": \"Data Exported Sucessfully!\", \"action\": \"Download File\", \"channel\": \"export\", \"message\": \"Data has been exported for Axiom School\"}','2022-10-09 10:30:00','2023-02-16 10:04:14',NULL),
	(28,NULL,NULL,'SYSTEM','export',1,'{\"file\": \"export-consumers-1665311455.xlsx\", \"title\": \"Data Exported Sucessfully!\", \"action\": \"Download File\", \"channel\": \"export\", \"message\": \"Data has been exported for Axiom School\"}','2022-10-09 10:30:58','2022-10-09 10:31:07',NULL),
	(29,NULL,NULL,'SYSTEM','export',1,'{\"file\": \"export-consumers-1691046831.xlsx\", \"title\": \"Data Exported Sucessfully!\", \"action\": \"Download File\", \"channel\": \"export\", \"message\": \"Data has been exported for Axiom House of Education\"}','2023-08-03 07:13:52','2023-08-03 07:18:38',NULL),
	(30,NULL,NULL,'SYSTEM','export',1,'{\"file\": \"export-consumers-1691046924.xlsx\", \"title\": \"Data Exported Sucessfully!\", \"action\": \"Download File\", \"channel\": \"export\", \"message\": \"Data has been exported for Axiom House of Education\"}','2023-08-03 07:15:24','2023-08-03 07:32:49',NULL),
	(31,NULL,NULL,'SYSTEM','export',1,'{\"file\": \"export-consumers-1691047986.xlsx\", \"title\": \"Data Exported Sucessfully!\", \"action\": \"Download File\", \"channel\": \"export\", \"message\": \"Data has been exported for Axiom House of Education\"}','2023-08-03 07:33:06','2023-08-03 07:33:45',NULL),
	(32,NULL,NULL,'SYSTEM','export',1,'{\"file\": \"export-consumers-1691255062.xlsx\", \"title\": \"Data Exported Sucessfully!\", \"action\": \"Download File\", \"channel\": \"export\", \"message\": \"Data has been exported for Axiom House of Education\"}','2023-08-05 17:04:22','2023-08-19 10:02:53',NULL),
	(33,NULL,NULL,'SYSTEM','export',1,'{\"file\": \"export-consumers-1691761803.xlsx\", \"title\": \"Data Exported Sucessfully!\", \"action\": \"Download File\", \"channel\": \"export\", \"message\": \"Data has been exported for Axiom House of Education\"}','2023-08-11 13:50:03','2023-08-19 10:02:51',NULL),
	(34,NULL,NULL,'SYSTEM','export',1,'{\"file\": \"export-consumers-1691762035.xlsx\", \"title\": \"Data Exported Sucessfully!\", \"action\": \"Download File\", \"channel\": \"export\", \"message\": \"Data has been exported for Axiom House of Education\"}','2023-08-11 13:53:55','2023-08-19 10:02:57',NULL),
	(35,NULL,NULL,'SYSTEM','export',1,'{\"file\": \"export-consumers-1691762109.xlsx\", \"title\": \"Data Exported Sucessfully!\", \"action\": \"Download File\", \"channel\": \"export\", \"message\": \"Data has been exported for Axiom House of Education\"}','2023-08-11 13:55:09','2023-08-19 10:02:55',NULL);



# Dump of table oauth_access_tokens
# ------------------------------------------------------------


CREATE TABLE `oauth_access_tokens` (
  `id` varchar(100) COLLATE utf8mb4_unicode_ci NOT NULL,
  `user_id` bigint unsigned DEFAULT NULL,
  `client_id` char(36) COLLATE utf8mb4_unicode_ci NOT NULL,
  `name` varchar(255) COLLATE utf8mb4_unicode_ci DEFAULT NULL,
  `scopes` text COLLATE utf8mb4_unicode_ci,
  `revoked` tinyint(1) NOT NULL,
  `created_at` timestamp NULL DEFAULT NULL,
  `updated_at` timestamp NULL DEFAULT NULL,
  `expires_at` datetime DEFAULT NULL,
  PRIMARY KEY (`id`),
  KEY `oauth_access_tokens_user_id_index` (`user_id`)
) ENGINE=InnoDB DEFAULT CHARSET=utf8mb4 COLLATE=utf8mb4_unicode_ci;


INSERT INTO `oauth_access_tokens` (`id`, `user_id`, `client_id`, `name`, `scopes`, `revoked`, `created_at`, `updated_at`, `expires_at`)
VALUES
	('00c0d23601d104f24d555cdcbe7fc072676b17f3226a429d3295f9c8cffb5edf26e52de34e12b67a',1,'96a5442c-06f3-4417-8c86-8adef608a8f2',NULL,'[]',1,'2022-10-07 06:40:00','2022-10-07 06:40:00','2022-10-07 06:55:00'),
	('03cbdd1436dc5e1edd72f4814358b95feb0f5ef6a6d7108ecd3b62619b888c99d53bd0551c086ce3',1,'96a5442c-06f3-4417-8c86-8adef608a8f2',NULL,'[]',1,'2022-06-28 08:21:31','2022-06-28 08:21:31','2022-06-28 08:36:31'),
	('05ccdfc1c6a3a1b0fd1d1dfab6c8a364514cb736b8b0b16b8e8f0ba18cbcf9981d8d8f2f8268c566',1,'96a5442c-06f3-4417-8c86-8adef608a8f2',NULL,'[]',1,'2022-06-28 08:52:47','2022-06-28 08:52:47','2022-06-28 09:07:47'),
	('069336f68d0e2e5c64edaddf5888dda25c28888c894af0641a3373d4d6977d6bcf1085faabe029fe',1,'96a5442c-06f3-4417-8c86-8adef608a8f2',NULL,'[]',1,'2022-10-05 10:52:51','2022-10-05 10:52:51','2022-10-05 11:07:51'),
	('07000e87f6ec911fa4faa99574a9a3cad8f45a80be85dd308e0970ff0edb295e0681a294135603e6',1,'96a5442c-06f3-4417-8c86-8adef608a8f2',NULL,'[]',0,'2022-10-01 17:15:55','2022-10-01 17:15:55','2022-10-01 17:30:55'),
	('0be3388d29a524fefdbaced0512f04a9d588a0ae39e5adb3b228ba5be87e5ea7c2ca95e65134794f',1,'96a5442c-06f3-4417-8c86-8adef608a8f2',NULL,'[]',0,'2023-07-26 08:00:48','2023-07-26 08:00:48','2023-08-10 08:00:48'),
	('0d861425c114fb787ec0d42fa6b51694393a9ae3c59bc02077e38f89fe1bf5d532761beb86a4ff78',1,'96a5442c-06f3-4417-8c86-8adef608a8f2',NULL,'[]',1,'2022-10-04 16:37:39','2022-10-04 16:37:39','2022-10-04 16:52:39'),
	('1979dea6a403e725587fad9a7425c8c186d029fe5d8eb4f49febad6eec9487ec35c468408880fd7c',1,'96a5442c-06f3-4417-8c86-8adef608a8f2',NULL,'[]',1,'2022-10-02 17:23:32','2022-10-02 17:23:32','2022-10-02 17:38:32'),
	('19b597ce8f3be38871fb817c911a9d8938a2b29e1b850a04b3e9c573e9091564b8811b4a74337627',1,'96a5442c-06f3-4417-8c86-8adef608a8f2',NULL,'[]',1,'2022-10-04 10:22:17','2022-10-04 10:22:17','2022-10-04 10:37:17'),
	('1b5ef374df7cfba003736de97d3052a786cae3cb5a90e30a501f4d175581b22009c2bdeb4eeda04c',1,'96a5442c-06f3-4417-8c86-8adef608a8f2',NULL,'[]',1,'2022-10-02 20:54:46','2022-10-02 20:54:46','2022-10-02 21:09:46'),
	('1b7d9e9fdc4f054559bf8a43abcb802427d181f68d98df77410865330677efcc33af52492dd32b20',1,'96a5442c-06f3-4417-8c86-8adef608a8f2',NULL,'[]',1,'2022-10-03 16:18:35','2022-10-03 16:18:35','2022-10-03 16:33:35'),
	('2250fb0782a5ef9a7b069c48a7e9cb279e57053b209eb03e5c00cd5f0a98f2b35a8eef6cfae5c516',1,'96a5442c-06f3-4417-8c86-8adef608a8f2',NULL,'[]',1,'2022-10-01 11:06:10','2022-10-01 11:06:10','2022-10-01 11:21:10'),
	('228a790fd8bd95305f3c71e8786cad1d64420871448492bf30df2bc51eef24e955e3352fc6d0b372',1,'96a5442c-06f3-4417-8c86-8adef608a8f2',NULL,'[]',1,'2022-10-04 16:21:37','2022-10-04 16:21:37','2022-10-04 16:36:37'),
	('238da1d85c8d98181d0f28139aeae0c0640317af9a545deedb9cbd817a4dd2a03776f02effc6b6f1',1,'96a5442c-06f3-4417-8c86-8adef608a8f2',NULL,'[]',1,'2022-10-02 19:21:13','2022-10-02 19:21:13','2022-10-02 19:36:13'),
	('2457ea5e77fe5cb9314a4abacc2f1842f6ec25016d0619dce2e7bb3e61feb491afa00b4c7f256160',1,'96a5442c-06f3-4417-8c86-8adef608a8f2',NULL,'[]',1,'2022-10-03 12:18:49','2022-10-03 12:18:49','2022-10-03 12:33:49'),
	('249d2db40f9c181f65db2e0cb5fa1fb04b33ac9f32f726e4f588282f2e57b06ba0c322b9e5d03c44',1,'96a5442c-06f3-4417-8c86-8adef608a8f2',NULL,'[]',1,'2023-02-12 09:08:24','2023-02-12 09:08:24','2023-02-12 09:23:24'),
	('24b63b235796667f6ed7f912aeef66412e23484f0e9e874d634bbfbc415c20c90227b74c3e15a578',1,'96a5442c-06f3-4417-8c86-8adef608a8f2',NULL,'[]',1,'2022-10-04 17:15:09','2022-10-04 17:15:09','2022-10-04 17:30:09'),
	('254bc17b9911f2878ba3b6a00b8bea1a1b325140f8d96672917c12c4c0b63f6ec6fc76c1969dfc79',1,'96a5442c-06f3-4417-8c86-8adef608a8f2',NULL,'[]',1,'2022-10-01 18:39:40','2022-10-01 18:39:40','2022-10-01 18:54:40'),
	('26acfc6abd82ac0961e993625d52d48c473cd59e7aaeeb7a63a62e34f84473a01435430a3cc66242',1,'96a5442c-06f3-4417-8c86-8adef608a8f2',NULL,'[]',0,'2023-07-27 13:22:20','2023-07-27 13:22:20','2023-08-11 13:22:20'),
	('28a03fbbe13e62feba356cbc809aac30ea3112c675cf7bd92771e5cdcd6b91087c2d3cd60c0e8ca8',1,'96a5442c-06f3-4417-8c86-8adef608a8f2',NULL,'[]',1,'2022-10-02 18:26:36','2022-10-02 18:26:36','2022-10-02 18:41:36'),
	('28ca658f19b33adbdd35aba4f676966407d79d3aec494723ddca150680b67db79fc1bdeb30ee1cf5',1,'96a5442c-06f3-4417-8c86-8adef608a8f2',NULL,'[]',1,'2022-06-28 08:05:30','2022-06-28 08:05:30','2022-06-28 08:20:30'),
	('2a4001441267548e744ecbf5c181ef1659181a1c9309098357a049c305b2d97fcb36f2677dd96e4f',1,'96a5442c-06f3-4417-8c86-8adef608a8f2',NULL,'[]',1,'2022-10-03 18:20:07','2022-10-03 18:20:07','2022-10-03 18:35:07'),
	('2a4e31728b9bc0482a8e4e76088e8dcb9b4049d579ac0de16c0d84711c328aea4adc2dbb5e09c24c',1,'96a5442c-06f3-4417-8c86-8adef608a8f2',NULL,'[]',1,'2022-10-04 07:42:26','2022-10-04 07:42:26','2022-10-04 07:57:26'),
	('3271f258306f287ecbe66fff3ad13072588ccd273e3b7d1ccfbbe5ad7e83c66ca43c1d6388dae4ad',1,'96a5442c-06f3-4417-8c86-8adef608a8f2',NULL,'[]',1,'2022-10-04 06:09:30','2022-10-04 06:09:30','2022-10-04 06:24:30'),
	('35f8e2fd8281bc306502f1f9a0fede5d2395841b06bca29f140945db14c4b8536fe1a33d8dd1e868',1,'96a5442c-06f3-4417-8c86-8adef608a8f2',NULL,'[]',1,'2022-10-07 07:57:47','2022-10-07 07:57:47','2022-10-07 08:12:47'),
	('36415f2e7f122d87bb758ecd32df55ef520a2932638bafa4a357525aaedcae0900d2320f5f103e2d',1,'96a5442c-06f3-4417-8c86-8adef608a8f2',NULL,'[]',1,'2022-10-03 18:37:06','2022-10-03 18:37:06','2022-10-03 18:52:06'),
	('37f096b86647974021d853be858b9f998a00cb828adcb01f92ee34fdfa3323c12f3d0e2457ef79a3',1,'96a5442c-06f3-4417-8c86-8adef608a8f2',NULL,'[]',1,'2022-10-02 15:58:56','2022-10-02 15:58:56','2022-10-02 16:13:56'),
	('3a26fd50cade4681e16ace21c6885ca8e7901bb0fc4d3ceb725300ddbd7c3a1b3ebcdd5b87d73568',1,'96a5442c-06f3-4417-8c86-8adef608a8f2',NULL,'[]',1,'2022-10-04 11:11:58','2022-10-04 11:11:58','2022-10-04 11:26:58'),
	('3ceee70c1e148956142cf5deb483bdf656416bfbfddb272310f9b47422d3c593248b6b6364d6692c',1,'96a5442c-06f3-4417-8c86-8adef608a8f2',NULL,'[]',1,'2022-10-03 07:03:11','2022-10-03 07:03:11','2022-10-03 07:18:11'),
	('3d8512a030f221a6bece91734d5aeff9262296733719ad602e116bdda119c67a442c7e22848b1413',1,'96a5442c-06f3-4417-8c86-8adef608a8f2',NULL,'[]',1,'2022-10-07 13:42:13','2022-10-07 13:42:13','2022-10-07 13:57:13'),
	('3ffa216b661510992857852de8ef9344902893aee7ac9611cd4796826bfcf87e1550561adb3efe4c',1,'96a5442c-06f3-4417-8c86-8adef608a8f2',NULL,'[]',1,'2022-10-05 19:23:18','2022-10-05 19:23:18','2022-10-05 19:38:18'),
	('40cff64911d912ce036f43cfde8afe1a1ac6985d124d06e4cf11ece24c19ba2b522b311941e7efcb',1,'96a5442c-06f3-4417-8c86-8adef608a8f2',NULL,'[]',1,'2022-10-03 12:03:23','2022-10-03 12:03:23','2022-10-03 12:18:23'),
	('42076a0f81e44bf3b12ab2b260811f7e271b44edc0788e1935ead5df9c75f71af49f11756a29348e',1,'96a5442c-06f3-4417-8c86-8adef608a8f2',NULL,'[]',1,'2022-10-07 05:52:07','2022-10-07 05:52:07','2022-10-07 06:07:07'),
	('427a8aa0a003eaccc6b036574ad0bf53e58cfa479171902872020d0d525bffa61bcec6a3e332d333',1,'96a5442c-06f3-4417-8c86-8adef608a8f2',NULL,'[]',1,'2022-10-04 16:06:17','2022-10-04 16:06:17','2022-10-04 16:21:17'),
	('43a91d80fe102102aebcc81cecb976aee38374ae8eaf2328edcd5d1ce0f0aa804f02a95b5524759b',1,'96a5442c-06f3-4417-8c86-8adef608a8f2',NULL,'[]',0,'2023-09-01 19:52:53','2023-09-01 19:52:53','2023-09-16 19:52:53'),
	('4458bfbb0ccd6d5bd8e81f6ca853804339dddd621c60ae048ed8b196a4cab7974b1d5d86b2e1aa2d',1,'96a5442c-06f3-4417-8c86-8adef608a8f2',NULL,'[]',1,'2022-10-02 20:13:06','2022-10-02 20:13:06','2022-10-02 20:28:06'),
	('45c7312dc4aaa09a9b863de399e040816421aef97d7e927ff7e9beee7e49b5c94e95c693c7d4f24c',1,'96a5442c-06f3-4417-8c86-8adef608a8f2',NULL,'[]',1,'2022-10-04 06:46:40','2022-10-04 06:46:40','2022-10-04 07:01:40'),
	('475d7d63535a10885daf4a9011aebff4d1128ceac3cb60c73c2b39fadddcecb1dfb75f0d2865d653',1,'96a5442c-06f3-4417-8c86-8adef608a8f2',NULL,'[]',0,'2023-08-03 07:05:39','2023-08-03 07:05:39','2023-08-18 07:05:39'),
	('47c7d5db569cd8b7ff2516736f495abc338113324bce84f9d297871bdda2578333f8c0091d36053b',1,'96a5442c-06f3-4417-8c86-8adef608a8f2',NULL,'[]',1,'2022-10-04 17:46:21','2022-10-04 17:46:21','2022-10-04 18:01:21'),
	('48323b352f8f54500b79fca101137745b4f3822c4636e63a6d3db124d5fc53fe611ac65195b96858',1,'96a5442c-06f3-4417-8c86-8adef608a8f2',NULL,'[]',1,'2022-10-01 18:09:12','2022-10-01 18:09:12','2022-10-01 18:24:12'),
	('4842d9e62e54119cdf7d7bfc17e45b5962b48014a696b15a7937d9b13b88a0c1d91d54b41fc0c324',1,'96a5442c-06f3-4417-8c86-8adef608a8f2',NULL,'[]',1,'2022-10-07 18:20:45','2022-10-07 18:20:45','2022-10-07 18:35:45'),
	('48e6afc54e6faef05be5f7951ec8f6cfc5a7b593618f8aefe09903070f309c6f30765b3e9af65573',1,'96a5442c-06f3-4417-8c86-8adef608a8f2',NULL,'[]',1,'2022-10-02 18:03:36','2022-10-02 18:03:36','2022-10-02 18:18:36'),
	('4c2941155e98688d43d740df47d6a9cb59863daf33883d447cb17e39e1769131a8a094bad98bd7ac',1,'96a5442c-06f3-4417-8c86-8adef608a8f2',NULL,'[]',0,'2022-06-27 23:12:36','2022-06-27 23:12:36','2022-06-27 23:27:36'),
	('4dac8aafc8ab382d58423c2ccb1c32daf94f83862d2b65054dfc1f6c98dbcfc37170cde9d61278ac',1,'96a5442c-06f3-4417-8c86-8adef608a8f2',NULL,'[]',1,'2022-10-07 06:24:06','2022-10-07 06:24:06','2022-10-07 06:39:06'),
	('4e51bd475b29ad1e57db63336bb99de4ad6bec125f84b6cbd5a2237a0acf3369f3702a87fc3ea84f',1,'96a5442c-06f3-4417-8c86-8adef608a8f2',NULL,'[]',1,'2022-10-03 10:30:41','2022-10-03 10:30:41','2022-10-03 10:45:41'),
	('4fee838c8fcf543725c78608fa19fa5fd35911a98deaaab49d76b4d15d836b7dd95db65fcd6b8f1e',20,'96a5442c-06f3-4417-8c86-8adef608a8f2',NULL,'[]',0,'2023-07-27 08:47:23','2023-07-27 08:47:23','2023-08-11 08:47:23'),
	('500ee70615af6d8802fe162ae66bd9bcbee2fa145dbc26ad85c23b4dd3fb6c11858502c7df6639b3',1,'96a5442c-06f3-4417-8c86-8adef608a8f2',NULL,'[]',1,'2022-10-05 10:37:46','2022-10-05 10:37:46','2022-10-05 10:52:46'),
	('5011cea6791ab62de94716264ff4f56b6e8fb01737e305d3bbd714e71a0ed40b9613b0f5aa3e7496',1,'96a5442c-06f3-4417-8c86-8adef608a8f2',NULL,'[]',1,'2022-10-03 16:35:25','2022-10-03 16:35:25','2022-10-03 16:50:25'),
	('501463e32da80c833575d94e02f2472676c60c7e0c1b9e0cbcbb7c01535bcd7d2ceb150736f2f03b',1,'96a5442c-06f3-4417-8c86-8adef608a8f2',NULL,'[]',0,'2023-02-16 10:03:12','2023-02-16 10:03:12','2023-02-16 10:18:12'),
	('55ceef4664f696e295fd7f5eb6f191adbc1efc0920add255e0682a02b78e8de78a6e40ba9344e078',20,'96a5442c-06f3-4417-8c86-8adef608a8f2',NULL,'[]',0,'2023-09-01 20:39:12','2023-09-01 20:39:12','2023-09-16 20:39:12'),
	('5c50aacb6a0c034dc35b7eb3cffee998c1cc39dbc162b53c52d8f6806d8cbe6d29e5ab42dce98761',1,'96a5442c-06f3-4417-8c86-8adef608a8f2',NULL,'[]',1,'2022-10-03 17:57:42','2022-10-03 17:57:42','2022-10-03 18:12:42'),
	('5c9afefd99bf86499f022c215aaa9a74fa42fd970bd1507e72b46cd82e220d35a50988fb878e9f78',1,'96a5442c-06f3-4417-8c86-8adef608a8f2',NULL,'[]',1,'2022-10-01 13:46:51','2022-10-01 13:46:51','2022-10-01 14:01:51'),
	('5eb019f6187cfc40c5d8b4dad8e8bd4ef540de607e03d2eac62d2a8830ee100dfa4f9c1ae67a3fb1',1,'96a5442c-06f3-4417-8c86-8adef608a8f2',NULL,'[]',1,'2022-10-03 17:39:27','2022-10-03 17:39:27','2022-10-03 17:54:27'),
	('61c340d9977ea7b29158dee1248472b07d7c4ad45f52d7d2332bebb7680426a1fc4a84b2ca93958c',20,'96a5442c-06f3-4417-8c86-8adef608a8f2',NULL,'[]',0,'2023-07-27 08:38:15','2023-07-27 08:38:15','2023-08-11 08:38:15'),
	('680c26b25d93c5a62cec7a0466908ce0009df088df3acf2cba10cbde97c5f0e7811a7b5888d7ecce',1,'96a5442c-06f3-4417-8c86-8adef608a8f2',NULL,'[]',1,'2022-10-02 15:35:33','2022-10-02 15:35:33','2022-10-02 15:50:33'),
	('6e185ed89fb38a5dadb1c92338b22b36971a9b8260b662780c82b7e640156a5e527e1d5fdd63f96e',1,'96a5442c-06f3-4417-8c86-8adef608a8f2',NULL,'[]',1,'2022-10-03 12:51:12','2022-10-03 12:51:12','2022-10-03 13:06:12'),
	('7070348f993de986e45fce9442b1077aeb24575cce11ca9feba5e5ee6d8c9084114d2ef292b2145b',1,'96a5442c-06f3-4417-8c86-8adef608a8f2',NULL,'[]',0,'2022-06-28 09:41:13','2022-06-28 09:41:13','2022-06-28 09:56:13'),
	('7243b7cd4cd3dba08c4f10668fb33b49e014a1a8df00aa83e7cabbd69fed2a314ff15dcbe00111ab',1,'96a5442c-06f3-4417-8c86-8adef608a8f2',NULL,'[]',1,'2022-10-01 16:25:38','2022-10-01 16:25:38','2022-10-01 16:40:38'),
	('765965c777805bb583b68f7f4f9bc3b5b26bc63c049a3a9e26c905a843734b2f71ac540791b857c3',1,'96a5442c-06f3-4417-8c86-8adef608a8f2',NULL,'[]',1,'2022-10-04 18:09:23','2022-10-04 18:09:23','2022-10-04 18:24:23'),
	('765f0acd3b61ea966f196651e552ee07fa0da8025719a0b380c7ad81e4433a30fcc95a461fa5a0a3',1,'96a5442c-06f3-4417-8c86-8adef608a8f2',NULL,'[]',1,'2022-10-06 07:59:05','2022-10-06 07:59:05','2022-10-06 08:14:05'),
	('777f6903a341678b64f6c21f8aa9c39e4519233acb829499a1fdc7eb6f5eac29655c68f62ba1336f',1,'96a5442c-06f3-4417-8c86-8adef608a8f2',NULL,'[]',1,'2022-10-04 10:38:19','2022-10-04 10:38:19','2022-10-04 10:53:19'),
	('80a5768a360815110498823d73795cfd39252e3b54ab53ac9a853f8e01de5448261179d1a8b1056e',1,'96a5442c-06f3-4417-8c86-8adef608a8f2',NULL,'[]',1,'2022-10-04 19:05:48','2022-10-04 19:05:48','2022-10-04 19:20:48'),
	('813d3cc55556a58fcd0342a2aedece0e663e71e523319ad9ec2d938e9188a30bd137c668736be412',1,'96a5442c-06f3-4417-8c86-8adef608a8f2',NULL,'[]',1,'2022-10-05 17:49:17','2022-10-05 17:49:17','2022-10-05 18:04:17'),
	('834f181154863b8f54d43b62c893142c40e0fa82484410edb7402510212cc281dfd9074e950ed920',1,'96a5442c-06f3-4417-8c86-8adef608a8f2',NULL,'[]',1,'2022-06-28 09:22:51','2022-06-28 09:22:51','2022-06-28 09:37:51'),
	('8955feb93c3a652fecfe3fcd9b048241b4ed74f5da1d2766f396fbd8b1fff5092483740ed6967e86',1,'96a5442c-06f3-4417-8c86-8adef608a8f2',NULL,'[]',0,'2023-09-01 20:39:43','2023-09-01 20:39:43','2023-09-16 20:39:43'),
	('895d5fe65ec3d8b03ce3088a65af98a39fd369deae0e736cb9a93fe31398b8b7155baec5abb70333',1,'96a5442c-06f3-4417-8c86-8adef608a8f2',NULL,'[]',0,'2022-10-01 17:31:30','2022-10-01 17:31:30','2022-10-01 17:46:30'),
	('8989023b42edb5f5ff12adedeb79894c0dae49ac4dce4c0e9697f713617eee305fdee35b1e1b8f2d',1,'96a5442c-06f3-4417-8c86-8adef608a8f2',NULL,'[]',1,'2022-10-07 06:55:19','2022-10-07 06:55:19','2022-10-07 07:10:19'),
	('8a144ae207a6f513c8d8cd1bd3f66f0f4b82ac5a0c17b03bbf89ad24c7f0a286fc42bd59c44bcda7',1,'96a5442c-06f3-4417-8c86-8adef608a8f2',NULL,'[]',1,'2022-10-03 17:18:41','2022-10-03 17:18:41','2022-10-03 17:33:41'),
	('8a3e4e2182812632ff96b4cc01951f0bcd0e7fbb3e7685fde98b94d2a44bde9634b19fef5375da47',1,'96a5442c-06f3-4417-8c86-8adef608a8f2',NULL,'[]',1,'2022-10-01 19:35:25','2022-10-01 19:35:25','2022-10-01 19:50:25'),
	('8bb05ab5bd1556fe8d40e52160358b344732cebeeda56db59c8109d33b5fa96e533ba6e0883a0033',1,'96a5442c-06f3-4417-8c86-8adef608a8f2',NULL,'[]',1,'2023-03-05 10:04:15','2023-03-05 10:04:15','2023-03-05 10:19:15'),
	('8c5b804bade732293473b3fe2b28a4480d7486b9fb31c6b35698586fcdca2a4b23a3b267a2f54c69',1,'96a5442c-06f3-4417-8c86-8adef608a8f2',NULL,'[]',1,'2022-10-07 14:16:33','2022-10-07 14:16:33','2022-10-07 14:31:33'),
	('8d3f10d4693abb19be70c0465910c9d7149bff9a2e39e6765d7ae0664d24784102a06a2340730635',1,'96a5442c-06f3-4417-8c86-8adef608a8f2',NULL,'[]',1,'2022-10-04 11:47:50','2022-10-04 11:47:50','2022-10-04 12:02:50'),
	('94f34f3413a6fc3f9da74c7d8d4656633d1f6ed422b87f354022d9aa1fa8621a8a95318ae4031782',1,'96a5442c-06f3-4417-8c86-8adef608a8f2',NULL,'[]',1,'2022-10-05 19:07:45','2022-10-05 19:07:45','2022-10-05 19:22:45'),
	('95024a4619db9161a0c526edebc7aec351684af47b0cc3b29e8f0fa23b8ea0c3a7f1950873915d59',1,'96a5442c-06f3-4417-8c86-8adef608a8f2',NULL,'[]',1,'2022-10-03 20:49:14','2022-10-03 20:49:14','2022-10-03 21:04:14'),
	('951b71cef525fda202fa19899f919ab578f9e0832b762103fe41908f771089e1137f6a8b6c5c75a1',1,'96a5442c-06f3-4417-8c86-8adef608a8f2',NULL,'[]',1,'2022-10-07 10:31:11','2022-10-07 10:31:11','2022-10-07 10:46:11'),
	('9559fa87fd3706574d89a16fa4436ed74b7fd6d4277439a6bfe7bf87665fc17dca45dcc55cdb580d',1,'96a5442c-06f3-4417-8c86-8adef608a8f2',NULL,'[]',1,'2022-10-04 10:53:37','2022-10-04 10:53:37','2022-10-04 11:08:37'),
	('970894cb5b01a5942d6c34893997a7d123b8c838dd68fdf8fd18a8c5b87d20cf9ecc88002f9e3692',1,'96a5442c-06f3-4417-8c86-8adef608a8f2',NULL,'[]',1,'2022-10-07 10:46:53','2022-10-07 10:46:53','2022-10-07 11:01:53'),
	('a2768d779e79d26bfa750beff73dd1ee1c1418efae1dbf7728bad59564830bfef52a21d802d4bd71',1,'96a5442c-06f3-4417-8c86-8adef608a8f2',NULL,'[]',1,'2022-10-02 21:09:47','2022-10-02 21:09:47','2022-10-02 21:24:47'),
	('a381ac071c286719bc0c5111bc432aef417bcf47dd13752e9eff40a73c604e99400ad8740ef3815c',1,'96a5442c-06f3-4417-8c86-8adef608a8f2',NULL,'[]',1,'2022-10-02 17:05:12','2022-10-02 17:05:12','2022-10-02 17:20:12'),
	('a571e7536fc7c70c61b964bf23059098e99ba898e25739b1a45dff07bc6239c4cc42c84f211f8dfc',1,'96a5442c-06f3-4417-8c86-8adef608a8f2',NULL,'[]',1,'2022-10-04 09:50:46','2022-10-04 09:50:46','2022-10-04 10:05:46'),
	('a5f471a7a7ed2257fc5fcb348515448ea238c8ae22eaff4fc94f9f085356cfc05d445e887a2c5157',21,'96a5442c-06f3-4417-8c86-8adef608a8f2',NULL,'[]',0,'2023-07-27 13:53:47','2023-07-27 13:53:47','2023-08-11 13:53:47'),
	('a899e5c41c4c5a9960eb71ce0af030de3b86ba62742390e833aa98ac7d0ce205db90b373fd40f818',1,'96a5442c-06f3-4417-8c86-8adef608a8f2',NULL,'[]',1,'2022-10-05 10:07:33','2022-10-05 10:07:33','2022-10-05 10:22:33'),
	('a8ad7990b6a52cfa7f4be6f633890db186579be9de84652c76561eed3bd6d92041c7eecc12f7eac1',1,'96a5442c-06f3-4417-8c86-8adef608a8f2',NULL,'[]',1,'2022-10-03 13:06:37','2022-10-03 13:06:37','2022-10-03 13:21:37'),
	('a9bd0ab6fcb3c95c5d0e6b3287503a8196c751a7c96ac57f518b6fbef2d548d4e79408c11069dafd',1,'96a5442c-06f3-4417-8c86-8adef608a8f2',NULL,'[]',0,'2023-03-05 10:22:24','2023-03-05 10:22:24','2023-03-05 10:37:24'),
	('ab318d21b034e8044fcddce6dd2ca18ed32b2aae83896e2e2db0962b4a6dde9a09ebc8b8b9dbb89b',1,'96a5442c-06f3-4417-8c86-8adef608a8f2',NULL,'[]',1,'2022-10-07 13:26:36','2022-10-07 13:26:36','2022-10-07 13:41:36'),
	('abb6c450d3907510261d7e0910483078d5eb5236babd45289727d82416de3f8a0aa8f2069c0cbe35',1,'96a5442c-06f3-4417-8c86-8adef608a8f2',NULL,'[]',1,'2022-10-04 10:07:07','2022-10-04 10:07:07','2022-10-04 10:22:07'),
	('ad3d019abce26174ccd7a034437bdee0a5453c35db4d18aa2453951a0fb4c1f69581af6a0c5c0e55',1,'96a5442c-06f3-4417-8c86-8adef608a8f2',NULL,'[]',1,'2022-10-07 16:49:59','2022-10-07 16:49:59','2022-10-07 17:04:59'),
	('aed5f2182992b118adde154971cd4b5dda5ef6b1e72e9ce6bc4ba1500a4bb52fbb7261cf2939d18d',1,'96a5442c-06f3-4417-8c86-8adef608a8f2',NULL,'[]',1,'2022-10-02 19:52:46','2022-10-02 19:52:46','2022-10-02 20:07:46'),
	('b0a1dc910ff7f1a040c5fd383289f59bfaf806323a5f29e64ce09603eca38183d805b1d5739b9777',1,'96a5442c-06f3-4417-8c86-8adef608a8f2',NULL,'[]',1,'2022-10-02 20:29:01','2022-10-02 20:29:01','2022-10-02 20:44:01'),
	('b1208ed81ebd35848a4a21233c7340165aaeb797d29f2e14e98a738fa31907012aec12a9add25fe7',1,'96a5442c-06f3-4417-8c86-8adef608a8f2',NULL,'[]',1,'2022-10-05 10:22:41','2022-10-05 10:22:41','2022-10-05 10:37:41'),
	('b41b9564272a4c0a1cbeb52052f550061b466b46c3e426cb818c8f162cbcfa0857c50ec5fd85af82',1,'96a5442c-06f3-4417-8c86-8adef608a8f2',NULL,'[]',0,'2023-05-13 06:59:46','2023-05-13 06:59:46','2023-05-28 06:59:46'),
	('b5403a53b34d663e064fd4d2359b2bf7a0e80b7516c7900ae9b5c7f0ee00c0f26398b2dcb7221c7a',1,'96a5442c-06f3-4417-8c86-8adef608a8f2',NULL,'[]',0,'2022-10-04 16:05:19','2022-10-04 16:05:19','2022-10-04 16:20:19'),
	('b5c38a83e0b5f2cf6760c934c653d1d94cab3f7342323398db34cf69dbc0a4e6c37988ad1ed71ec8',1,'96a5442c-06f3-4417-8c86-8adef608a8f2',NULL,'[]',1,'2022-10-04 07:27:14','2022-10-04 07:27:14','2022-10-04 07:42:14'),
	('b66f4afd6fb06c84908a30ee582a0f9983fdc99f31ce753c8372e482be678a186cd5b58067fe2965',1,'96a5442c-06f3-4417-8c86-8adef608a8f2',NULL,'[]',1,'2022-10-05 18:52:32','2022-10-05 18:52:32','2022-10-05 19:07:32'),
	('b70bfc8f4a51fda13a55c5aac60c8952f9cc8bff9a590e53e417d3089683ebcde30d8f3bbb5cbee6',1,'96a5442c-06f3-4417-8c86-8adef608a8f2',NULL,'[]',0,'2023-09-17 10:18:50','2023-09-17 10:18:50','2023-10-02 10:18:50'),
	('b746dbcea0acef02dd06c950588b9a98315106b033d5bf9d7be93479ba4d78ba711e767f183bdc00',1,'96a5442c-06f3-4417-8c86-8adef608a8f2',NULL,'[]',1,'2022-10-04 08:56:57','2022-10-04 08:56:57','2022-10-04 09:11:57'),
	('b766c1006b4116d634ec691eadf2431d0a20f4f54c65199ce883d0db1c929f3cc3d946aa46e57e90',20,'96a5442c-06f3-4417-8c86-8adef608a8f2',NULL,'[]',0,'2023-07-27 08:47:49','2023-07-27 08:47:49','2023-08-11 08:47:49'),
	('b8f383179527ba0979fff9065a6128fc71c356edd9656244d0922b1807267e161680d1338d93a89c',20,'96a5442c-06f3-4417-8c86-8adef608a8f2',NULL,'[]',0,'2023-07-27 13:24:23','2023-07-27 13:24:23','2023-08-11 13:24:23'),
	('ba0d8063d8a4d3d649b15a1a8b6acfb7f484c7406cb71a5acb8ba93b50542551dc0182b41ab7c639',1,'96a5442c-06f3-4417-8c86-8adef608a8f2',NULL,'[]',1,'2022-10-01 16:57:30','2022-10-01 16:57:30','2022-10-01 17:12:30'),
	('bc6a848f48dd4d1ecec0f3c681c2c060f534fa860b32c672af8d9e4fa8b842709fd6e39d0f42719f',1,'96a5442c-06f3-4417-8c86-8adef608a8f2',NULL,'[]',1,'2022-10-03 20:10:02','2022-10-03 20:10:02','2022-10-03 20:25:02'),
	('c227542742475165f395ea64dc0b95035ba3f886af5e83a6d286d3e17fbe78e0af7a1d30349ccb71',1,'96a5442c-06f3-4417-8c86-8adef608a8f2',NULL,'[]',1,'2022-10-03 17:01:19','2022-10-03 17:01:19','2022-10-03 17:16:19'),
	('c4657d15cde2c0ceeaec549b2fad2e5a994dfe9f569a4de63060618dbf833b4efdbc176e9792e0fe',20,'96a5442c-06f3-4417-8c86-8adef608a8f2',NULL,'[]',0,'2023-09-01 19:53:23','2023-09-01 19:53:23','2023-09-16 19:53:23'),
	('c5746befea7b2b6462ca937ad23080f5999ddb066e2337b4ef399ca6984a474c8030a0643a78b19e',1,'96a5442c-06f3-4417-8c86-8adef608a8f2',NULL,'[]',0,'2022-10-07 14:09:53','2022-10-07 14:09:53','2022-10-07 14:24:53'),
	('c6d31e1bb0444aad8fde474472ef63a9835bb5e6f5a86eb9d2b5477011a3eb6f7c0b2657ca298cde',20,'96a5442c-06f3-4417-8c86-8adef608a8f2',NULL,'[]',0,'2023-07-27 08:45:42','2023-07-27 08:45:42','2023-08-11 08:45:42'),
	('c70d56d3e86760f60ca153084d664f13d9bc0c803a275203d87b775d94847c073646695506726a96',1,'96a5442c-06f3-4417-8c86-8adef608a8f2',NULL,'[]',0,'2023-09-01 19:55:12','2023-09-01 19:55:12','2023-09-16 19:55:12'),
	('c8a6e8c8e631f43290150a2d936adac2292347fed3112e1a10662f03d00e034e2671e1137105d5de',1,'96a5442c-06f3-4417-8c86-8adef608a8f2',NULL,'[]',1,'2022-10-03 19:53:34','2022-10-03 19:53:34','2022-10-03 20:08:34'),
	('ca58d0e1cf983e6f4f1e1b4f690e19531dabe850882d3996c78c1c27c4286478841076e5e5af4d19',1,'96a5442c-06f3-4417-8c86-8adef608a8f2',NULL,'[]',1,'2022-10-02 17:48:34','2022-10-02 17:48:34','2022-10-02 18:03:34'),
	('ca821be578af8ffee493e4c05be5387b0e9c191f5214e487f91e7efe8a8ab103621254d4b35fa334',1,'96a5442c-06f3-4417-8c86-8adef608a8f2',NULL,'[]',1,'2022-10-07 07:25:52','2022-10-07 07:25:52','2022-10-07 07:40:52'),
	('cc31328436fffaa34f971338c946d334223b3d46808efb4c250a6c0397f23b3505765eb1c2a3088e',1,'96a5442c-06f3-4417-8c86-8adef608a8f2',NULL,'[]',1,'2022-10-01 11:25:10','2022-10-01 11:25:10','2022-10-01 11:40:10'),
	('cce10fb79b433ca3d23a904361f65562d8def61a78221c4f706686b0c32bd7ea34def96ac7e1a22d',1,'96a5442c-06f3-4417-8c86-8adef608a8f2',NULL,'[]',1,'2022-10-04 12:02:53','2022-10-04 12:02:53','2022-10-04 12:17:53'),
	('cd0589115d6c4d9202526d638cbca4498b2cb413d5807cdead5e72cbd7bcb6d68197b594f78fb0e7',1,'96a5442c-06f3-4417-8c86-8adef608a8f2',NULL,'[]',1,'2022-10-05 17:33:43','2022-10-05 17:33:43','2022-10-05 17:48:43'),
	('cd12f2ea939d609e326180fab7936ec3863d2e40a5e66f8a11522283378de662413b5a19fcf52bd3',1,'96a5442c-06f3-4417-8c86-8adef608a8f2',NULL,'[]',1,'2022-10-03 11:47:51','2022-10-03 11:47:51','2022-10-03 12:02:51'),
	('cf0d54d1d4013708332a91e47484ad4b5ac007effb1c087cc8d1b7590bcc8e6fe886eed51ed21821',1,'96a5442c-06f3-4417-8c86-8adef608a8f2',NULL,'[]',1,'2022-06-28 07:49:57','2022-06-28 07:49:57','2022-06-28 08:04:57'),
	('cf77ee0be348a2ff4608f2145b05b55352c2808dd041d6a4d492f879bb0b9bf0aa2099f24e6aa180',1,'96a5442c-06f3-4417-8c86-8adef608a8f2',NULL,'[]',0,'2022-10-07 14:15:06','2022-10-07 14:15:06','2022-10-07 14:30:06'),
	('d0387317e49c09912bb2ad0cb9bb15b99d1ee124fe85a78b1c930a2c98320daa14e00fc6d51bc1ad',1,'96a5442c-06f3-4417-8c86-8adef608a8f2',NULL,'[]',1,'2022-10-09 10:17:26','2022-10-09 10:17:26','2022-10-09 10:32:26'),
	('d33ef6738ed3fed9048866ef3f49d30c2719e8223ca8ee7223a76e5ba3f6d16f6cefb755794716de',1,'96a5442c-06f3-4417-8c86-8adef608a8f2',NULL,'[]',0,'2022-10-29 17:58:50','2022-10-29 17:58:50','2022-10-29 18:13:50'),
	('d3f1076c78e50b7edd50f8f3884246c3d32fd99d71b443f2b019265cd597effe5fb992928b36a256',1,'96a5442c-06f3-4417-8c86-8adef608a8f2',NULL,'[]',1,'2022-10-01 18:24:33','2022-10-01 18:24:33','2022-10-01 18:39:33'),
	('d467b25fa79b395264833d99ebc6b430f98b0e15a4969b66c7bf7c912cd0d337bc9a91025671fbc7',1,'96a5442c-06f3-4417-8c86-8adef608a8f2',NULL,'[]',1,'2023-05-08 18:51:48','2023-05-13 06:59:46','2023-05-23 18:51:48'),
	('d6598bf07de01f7fb3f635811e24e48f080261917e03395adb2dd7627cb08b139575ac4fd9b9a3c4',1,'96a5442c-06f3-4417-8c86-8adef608a8f2',NULL,'[]',1,'2022-10-04 17:30:56','2022-10-04 17:30:56','2022-10-04 17:45:56'),
	('d697c22df8c55b988a9e8a332f92880e88f2a296c02433697d232410301a58982e2f6cc16a4d1021',1,'96a5442c-06f3-4417-8c86-8adef608a8f2',NULL,'[]',1,'2022-10-07 10:14:46','2022-10-07 10:14:46','2022-10-07 10:29:46'),
	('d7f561bf5d1e3235aa39818ddd1cce3929d3538137a61d524eddbbb89030e9090b2e43beef1659bf',1,'96a5442c-06f3-4417-8c86-8adef608a8f2',NULL,'[]',1,'2022-10-02 21:35:39','2022-10-02 21:35:39','2022-10-02 21:50:39'),
	('d86eb7728fa700addbc4f6a917336476b648d74f5780805365c26e3c5f3880a12148e69663c417d3',1,'96a5442c-06f3-4417-8c86-8adef608a8f2',NULL,'[]',1,'2022-10-04 09:35:16','2022-10-04 09:35:16','2022-10-04 09:50:16'),
	('d9491b233d3024d648b1b414c29d5e5b3839227f79417bf551c6d830da3edede91e55c9f5e8a11b9',1,'96a5442c-06f3-4417-8c86-8adef608a8f2',NULL,'[]',1,'2022-10-01 19:02:07','2022-10-01 19:02:07','2022-10-01 19:17:07'),
	('d9c53c5fa3154926314675706d8ad97f000b5b3413b9c2f0db84502da858598dd101423cdadab834',1,'96a5442c-06f3-4417-8c86-8adef608a8f2',NULL,'[]',1,'2022-10-04 06:30:29','2022-10-04 06:30:29','2022-10-04 06:45:29'),
	('daaf4c6b66f2ef6d19438480e319b3fa01933908aab810f0cf1e0984be80f7e2e56217702910c403',1,'96a5442c-06f3-4417-8c86-8adef608a8f2',NULL,'[]',1,'2022-10-01 12:03:53','2022-10-01 12:03:53','2022-10-01 12:18:53'),
	('daf77b12548ef4a43afa65aa3dc907442a5c6b482c648d5c1d1a8337266acb90feaf48b0bafd82ca',1,'96a5442c-06f3-4417-8c86-8adef608a8f2',NULL,'[]',1,'2022-10-01 19:17:55','2022-10-01 19:17:55','2022-10-01 19:32:55'),
	('dbadae5e0953a0d5b2ee65927f75f15295326f16efcde37db2a7e0327d4024f1f2cf7df3a8aa43fa',1,'96a5442c-06f3-4417-8c86-8adef608a8f2',NULL,'[]',1,'2022-10-07 14:52:51','2022-10-07 14:52:51','2022-10-07 15:07:51'),
	('e09123825bf1458b037020cacf49c9e7f1a0b85c6e33264d000320bf748280ee1c2ab99a1541fa8e',1,'96a5442c-06f3-4417-8c86-8adef608a8f2',NULL,'[]',1,'2022-10-02 21:51:03','2022-10-02 21:51:03','2022-10-02 22:06:03'),
	('e257be0d51052d0c9d77300c982b17c020ab80b7c8d1d31453a7c4851e67dc047f59ad065391f857',1,'96a5442c-06f3-4417-8c86-8adef608a8f2',NULL,'[]',1,'2022-10-07 07:42:44','2022-10-07 07:42:44','2022-10-07 07:57:44'),
	('e499eb27d07f2d7fe9abc5ee197bd6e809128c1900795cefa1f13b68d7571a09935ca95f22b79ef0',1,'96a5442c-06f3-4417-8c86-8adef608a8f2',NULL,'[]',1,'2022-10-01 12:34:33','2022-10-01 12:34:33','2022-10-01 12:49:33'),
	('e5e45ff501a578d9d00006b6dd777f1ec6ae7e2c720165972a24721e2125025b6a05364737e50a4c',1,'96a5442c-06f3-4417-8c86-8adef608a8f2',NULL,'[]',1,'2022-10-01 12:19:08','2022-10-01 12:19:08','2022-10-01 12:34:08'),
	('e6e92d9a6469cc40bfb1d31671e1dd65bded66fae8316c6fe9b20b5ce0571b81da3596fc25f99be7',1,'96a5442c-06f3-4417-8c86-8adef608a8f2',NULL,'[]',0,'2022-10-09 10:33:36','2022-10-09 10:33:36','2022-10-09 10:48:36'),
	('e86ddb80111e9581223b84fa4253b6e4c2cdf82c19c147197302274ec9194de35936302748e21a60',1,'96a5442c-06f3-4417-8c86-8adef608a8f2',NULL,'[]',1,'2022-06-28 08:37:44','2022-06-28 08:37:44','2022-06-28 08:52:44'),
	('e8d2eaf2048b80a654f3fd89ea9d5c8c2a9d007515f401f1fa1eba9dd581530587f756b9a7579b1e',1,'96a5442c-06f3-4417-8c86-8adef608a8f2',NULL,'[]',0,'2023-08-19 10:02:44','2023-08-19 10:02:44','2023-09-03 10:02:44'),
	('e90f246c61328fe48c395a8150c0af743423bf5f1a865ef6842e8afb589ecc4a28efd9974b175770',1,'96a5442c-06f3-4417-8c86-8adef608a8f2',NULL,'[]',1,'2022-10-02 19:37:05','2022-10-02 19:37:05','2022-10-02 19:52:05'),
	('ead9dccee9dfb553358db1d17a5e1eeadf68da74a3f20823495d3af093781651c1f96df58bd8cd8c',18,'96a5442c-06f3-4417-8c86-8adef608a8f2',NULL,'[]',0,'2022-10-07 14:15:51','2022-10-07 14:15:51','2022-10-07 14:30:51'),
	('ef20cf9e5d753fc8ee8567215362b6eec5083d3bd70e144332c38dc186e2c87c8a9e0a3476177b12',1,'96a5442c-06f3-4417-8c86-8adef608a8f2',NULL,'[]',0,'2022-10-01 17:48:30','2022-10-01 17:48:30','2022-10-01 18:03:30'),
	('f0d605895a3336f7fce4a3fd919266b6e4a1bad0de52134d17ce7f13e6752d3d25115dfe0d71eaf4',1,'96a5442c-06f3-4417-8c86-8adef608a8f2',NULL,'[]',1,'2022-10-07 13:06:21','2022-10-07 13:06:21','2022-10-07 13:21:21'),
	('f21d5602c7cde1d16eeaa66c2b97d7068d783994e05bc0e3288bbce5070a066876ed09bbccca0396',1,'96a5442c-06f3-4417-8c86-8adef608a8f2',NULL,'[]',1,'2022-10-06 11:54:08','2022-10-06 11:54:08','2022-10-06 12:09:08'),
	('f27bcd0936f00db4369ecd880e73913559b873fb88b5d0945e8854a59c00a3c04e02be6df3f45d46',1,'96a5442c-06f3-4417-8c86-8adef608a8f2',NULL,'[]',1,'2022-10-03 12:34:51','2022-10-03 12:34:51','2022-10-03 12:49:51'),
	('f6072c141411afe635a42bd66c75aaab621b2fe13125f77bea130de4251d99843916771f51d365c0',1,'96a5442c-06f3-4417-8c86-8adef608a8f2',NULL,'[]',1,'2022-10-07 09:59:45','2022-10-07 09:59:45','2022-10-07 10:14:45'),
	('f6290b63e7389c00a21a57449d5cd44cb140ec40ab46c5764f55a9f2e45761ddc7aa5284aca63cf1',1,'96a5442c-06f3-4417-8c86-8adef608a8f2',NULL,'[]',1,'2022-06-28 07:17:10','2022-06-28 07:17:10','2022-06-28 07:32:10'),
	('f812a09720603138f03ddff184918942c5658b24928b8cd663da2d794c21cbebc8046d4ff932530f',1,'96a5442c-06f3-4417-8c86-8adef608a8f2',NULL,'[]',1,'2022-10-05 18:34:11','2022-10-05 18:34:11','2022-10-05 18:49:11'),
	('f9704a88b1f7e7415cfd2b6c4ae9bef5ceef8d7a9ab1dcf7d3d5283d2e99c562e348b77f911bceec',1,'96a5442c-06f3-4417-8c86-8adef608a8f2',NULL,'[]',1,'2022-10-02 22:07:19','2022-10-02 22:07:19','2022-10-02 22:22:19'),
	('fa4fb3914cbde765c558f11e658faedbc5890ed6ce338a20b055499211c21d31b3e3dee03ed917f8',1,'96a5442c-06f3-4417-8c86-8adef608a8f2',NULL,'[]',1,'2022-10-07 05:36:43','2022-10-07 05:36:43','2022-10-07 05:51:43'),
	('fe8280acabc309696e3e18ff2fe3296fe6937b3dc7667f27782c62214e08c0bd4e2a49306b35fab2',1,'96a5442c-06f3-4417-8c86-8adef608a8f2',NULL,'[]',1,'2022-10-04 09:13:15','2022-10-04 09:13:15','2022-10-04 09:28:15'),
	('fef26458b150eb467e260a6490d539745c2bcb203f27e9d61f06aa4ed6f8cd495e0784827f8f0465',1,'96a5442c-06f3-4417-8c86-8adef608a8f2',NULL,'[]',1,'2022-10-06 08:24:23','2022-10-06 08:24:23','2022-10-06 08:39:23');



# Dump of table oauth_auth_codes
# ------------------------------------------------------------


CREATE TABLE `oauth_auth_codes` (
  `id` varchar(100) COLLATE utf8mb4_unicode_ci NOT NULL,
  `user_id` bigint unsigned NOT NULL,
  `client_id` char(36) COLLATE utf8mb4_unicode_ci NOT NULL,
  `scopes` text COLLATE utf8mb4_unicode_ci,
  `revoked` tinyint(1) NOT NULL,
  `expires_at` datetime DEFAULT NULL,
  PRIMARY KEY (`id`),
  KEY `oauth_auth_codes_user_id_index` (`user_id`)
) ENGINE=InnoDB DEFAULT CHARSET=utf8mb4 COLLATE=utf8mb4_unicode_ci;



# Dump of table oauth_clients
# ------------------------------------------------------------


CREATE TABLE `oauth_clients` (
  `id` char(36) COLLATE utf8mb4_unicode_ci NOT NULL,
  `user_id` bigint unsigned DEFAULT NULL,
  `name` varchar(255) COLLATE utf8mb4_unicode_ci NOT NULL,
  `secret` varchar(100) COLLATE utf8mb4_unicode_ci DEFAULT NULL,
  `provider` varchar(255) COLLATE utf8mb4_unicode_ci DEFAULT NULL,
  `redirect` text COLLATE utf8mb4_unicode_ci NOT NULL,
  `personal_access_client` tinyint(1) NOT NULL,
  `password_client` tinyint(1) NOT NULL,
  `revoked` tinyint(1) NOT NULL,
  `created_at` timestamp NULL DEFAULT NULL,
  `updated_at` timestamp NULL DEFAULT NULL,
  PRIMARY KEY (`id`),
  KEY `oauth_clients_user_id_index` (`user_id`)
) ENGINE=InnoDB DEFAULT CHARSET=utf8mb4 COLLATE=utf8mb4_unicode_ci;


INSERT INTO `oauth_clients` (`id`, `user_id`, `name`, `secret`, `provider`, `redirect`, `personal_access_client`, `password_client`, `revoked`, `created_at`, `updated_at`)
VALUES
	('96a5442c-053d-4159-be2f-af4985de992b',NULL,'Laravel Personal Access Client','OBvfXXyJr4KZ9nLpOJzkxYexoYXD1WRKNYjrK0gx',NULL,'http://localhost',1,0,0,'2022-06-27 21:32:55','2022-06-27 21:32:55'),
	('96a5442c-06f3-4417-8c86-8adef608a8f2',NULL,'Laravel Password Grant Client','q8RXOvT382cR8yhkTKGE2BT81VMJpNGaXinoVvrc','users','http://localhost',0,1,0,'2022-06-27 21:32:55','2022-06-27 21:32:55');



# Dump of table oauth_personal_access_clients
# ------------------------------------------------------------


CREATE TABLE `oauth_personal_access_clients` (
  `id` bigint unsigned NOT NULL AUTO_INCREMENT,
  `client_id` char(36) COLLATE utf8mb4_unicode_ci NOT NULL,
  `created_at` timestamp NULL DEFAULT NULL,
  `updated_at` timestamp NULL DEFAULT NULL,
  PRIMARY KEY (`id`)
) ENGINE=InnoDB DEFAULT CHARSET=utf8mb4 COLLATE=utf8mb4_unicode_ci;


INSERT INTO `oauth_personal_access_clients` (`id`, `client_id`, `created_at`, `updated_at`)
VALUES
	(1,'96a5442c-053d-4159-be2f-af4985de992b','2022-06-27 21:32:55','2022-06-27 21:32:55');



# Dump of table oauth_refresh_tokens
# ------------------------------------------------------------


CREATE TABLE `oauth_refresh_tokens` (
  `id` varchar(100) COLLATE utf8mb4_unicode_ci NOT NULL,
  `access_token_id` varchar(100) COLLATE utf8mb4_unicode_ci NOT NULL,
  `revoked` tinyint(1) NOT NULL,
  `expires_at` datetime DEFAULT NULL,
  PRIMARY KEY (`id`),
  KEY `oauth_refresh_tokens_access_token_id_index` (`access_token_id`)
) ENGINE=InnoDB DEFAULT CHARSET=utf8mb4 COLLATE=utf8mb4_unicode_ci;


INSERT INTO `oauth_refresh_tokens` (`id`, `access_token_id`, `revoked`, `expires_at`)
VALUES
	('00de84649f81eed46a84ffdac2ae579a513122b4cc6a8738ad0191d766a890724e3bd676645837aa','aed5f2182992b118adde154971cd4b5dda5ef6b1e72e9ce6bc4ba1500a4bb52fbb7261cf2939d18d',1,'2022-10-17 19:52:46'),
	('02d7e3305561a6f55d513b39ed7f8bbdb14281c3a61dca828260024b7c51ce8041968a9ee0b7b8ad','765965c777805bb583b68f7f4f9bc3b5b26bc63c049a3a9e26c905a843734b2f71ac540791b857c3',1,'2022-10-19 18:09:23'),
	('04093e5c627c5f14e628a8feeaa894fa1b0dcdd9c8f456bb854898d7848b85d555e43f063f297bcc','8d3f10d4693abb19be70c0465910c9d7149bff9a2e39e6765d7ae0664d24784102a06a2340730635',1,'2022-10-19 11:47:50'),
	('0945d208a06e675ce397cdc5919e2190f0c2e8c6df312ecd97ff404b2c326447457ce5058f674f9b','19b597ce8f3be38871fb817c911a9d8938a2b29e1b850a04b3e9c573e9091564b8811b4a74337627',1,'2022-10-19 10:22:17'),
	('0e5ae8733b6e96e651174f4a681cb541b1d3e15989dea07f4703c3e8c1fddd0abfe5bfde3efdea19','6e185ed89fb38a5dadb1c92338b22b36971a9b8260b662780c82b7e640156a5e527e1d5fdd63f96e',1,'2022-10-18 12:51:12'),
	('0e8d6129e133b66a972198cd73a88e2aaf894ff43e657c529c079e6bf1aeac1f347487f682e661c3','fe8280acabc309696e3e18ff2fe3296fe6937b3dc7667f27782c62214e08c0bd4e2a49306b35fab2',1,'2022-10-19 09:13:15'),
	('0f151ae59108c83cd9cf83aeccae71ef0bb3e3f0e8b0ab1db97f12b24d95794f9f1cf411f652b4c3','cce10fb79b433ca3d23a904361f65562d8def61a78221c4f706686b0c32bd7ea34def96ac7e1a22d',1,'2022-10-19 12:02:53'),
	('11599f1e5e2ac9fa74c4018b5d2462933421b304e7a994c5f0d32fb1e18ec35bb81f0201b71a50a8','4dac8aafc8ab382d58423c2ccb1c32daf94f83862d2b65054dfc1f6c98dbcfc37170cde9d61278ac',1,'2022-10-22 06:24:06'),
	('125362975dc12aa51b068967a3c4703b570d97a05bc413372859d33de151395afe4a475a0f22dd04','daaf4c6b66f2ef6d19438480e319b3fa01933908aab810f0cf1e0984be80f7e2e56217702910c403',1,'2022-10-16 12:03:53'),
	('1809ffeae33dd5c5c07d03a241b8845a6f441b8b1f6de338fdb44689c813ef93f7f2c1d7e4968c9e','bc6a848f48dd4d1ecec0f3c681c2c060f534fa860b32c672af8d9e4fa8b842709fd6e39d0f42719f',1,'2022-10-18 20:10:02'),
	('1cbb127147581d3cfbfd8f9ec6087b75d5354ff61fa537962489ccb4790520e64025860ba3655902','d9c53c5fa3154926314675706d8ad97f000b5b3413b9c2f0db84502da858598dd101423cdadab834',1,'2022-10-19 06:30:29'),
	('1d0d790d6ea38004cd295c3907249bcc5b5547d07b568b4c4903101a88874dc72601abe8ccf2afae','48323b352f8f54500b79fca101137745b4f3822c4636e63a6d3db124d5fc53fe611ac65195b96858',1,'2022-10-16 18:09:12'),
	('1d54e58bfc7c7ae7626dedb563441eb0744e88aa35c44f0142d0747ec44ea003ac26dafb9193de0f','47c7d5db569cd8b7ff2516736f495abc338113324bce84f9d297871bdda2578333f8c0091d36053b',1,'2022-10-19 17:46:21'),
	('20f1b81eb9277765fd7b15f2188629eca4326db39b1d2f233fc9baed4ad3cfbc4d62724c885465f5','cc31328436fffaa34f971338c946d334223b3d46808efb4c250a6c0397f23b3505765eb1c2a3088e',1,'2022-10-16 11:25:10'),
	('22f4d5a4052aa2872db760548b2cc75ce6c560f4cb4d64aaef5deeedeca8aff12211b1f6557e4f48','ca821be578af8ffee493e4c05be5387b0e9c191f5214e487f91e7efe8a8ab103621254d4b35fa334',1,'2022-10-22 07:25:52'),
	('23712e6d56fc4e85ef57fad9189f1a38289b46eb0d287c754749c80263234b90516bd80060e6c128','ca58d0e1cf983e6f4f1e1b4f690e19531dabe850882d3996c78c1c27c4286478841076e5e5af4d19',1,'2022-10-17 17:48:34'),
	('237fccac9a0ece4098b5fd20e91fe6662301a4d9b861b4a9cf75d67909b9eafd1e922b0e2846c9e0','e5e45ff501a578d9d00006b6dd777f1ec6ae7e2c720165972a24721e2125025b6a05364737e50a4c',1,'2022-10-16 12:19:08'),
	('23fb6fa229f7204485ae34f7957c6a8ca53e9a47a9d44f498bb719895ebb23919b16c5a8add6ce39','a5f471a7a7ed2257fc5fcb348515448ea238c8ae22eaff4fc94f9f085356cfc05d445e887a2c5157',0,'2023-08-26 13:53:47'),
	('27b1f5b0bb4ab30bc61f9937236c88dda2369ab99c593f5a2d13dda5dd88e7cda1934d9e17e3b9ad','813d3cc55556a58fcd0342a2aedece0e663e71e523319ad9ec2d938e9188a30bd137c668736be412',1,'2022-10-20 17:49:17'),
	('28443759f3a32bdeead6ae5b2c4120f1bacf411926cccbcc09fd178996dbb0f8a3e2f37fb6ee6bef','ad3d019abce26174ccd7a034437bdee0a5453c35db4d18aa2453951a0fb4c1f69581af6a0c5c0e55',1,'2022-10-22 16:49:59'),
	('2a404960096f0a0e1d1deaf11c068e24e728cd1ca06b56e330701461d45bec3cce5c717491456027','0d861425c114fb787ec0d42fa6b51694393a9ae3c59bc02077e38f89fe1bf5d532761beb86a4ff78',1,'2022-10-19 16:37:39'),
	('2d001bfa1f5692dff0aef7ab30f2973bd7695c2953f8ea90d83a38149cb9a439d032ef56b296b06b','cd0589115d6c4d9202526d638cbca4498b2cb413d5807cdead5e72cbd7bcb6d68197b594f78fb0e7',1,'2022-10-20 17:33:43'),
	('2e00e38c2e46b177a19f4dabc2c0c2b3ba3d45081530073873ffe653b62bd3be1df065ec32c90362','3ffa216b661510992857852de8ef9344902893aee7ac9611cd4796826bfcf87e1550561adb3efe4c',1,'2022-10-20 19:23:18'),
	('2e137475aa417e648431ac140cb34a4a2bf23b2f23a4b600f57db2177625d45b064373f227945d4f','f812a09720603138f03ddff184918942c5658b24928b8cd663da2d794c21cbebc8046d4ff932530f',1,'2022-10-20 18:34:11'),
	('3031cf92fbb423e1644846e0ed5436292762a3b7b36abf991baa2eaacca056ce6725d409933cff67','8bb05ab5bd1556fe8d40e52160358b344732cebeeda56db59c8109d33b5fa96e533ba6e0883a0033',1,'2023-03-20 10:04:15'),
	('332fdc85661bf43c101e0aff65d09732744258651f130fe469627abf19204a3673a02c3fb5213f2f','4fee838c8fcf543725c78608fa19fa5fd35911a98deaaab49d76b4d15d836b7dd95db65fcd6b8f1e',0,'2023-08-26 08:47:23'),
	('33ec4f108a10a368163c67bd233dec09f7686505176903a7193e2de5bfd80e08676c94db742335e5','5011cea6791ab62de94716264ff4f56b6e8fb01737e305d3bbd714e71a0ed40b9613b0f5aa3e7496',1,'2022-10-18 16:35:25'),
	('372163cd923fa4740874cff17aa85fbc9c906aed69c83bd1ca62992b340164e7a5c12c34d023b72e','03cbdd1436dc5e1edd72f4814358b95feb0f5ef6a6d7108ecd3b62619b888c99d53bd0551c086ce3',1,'2022-07-13 08:21:31'),
	('37e1b5f7c5337a7e76f93aea9e5d1e87c6641f7855762963e1c54bccae7e8651349bfe2e7896f6d6','b66f4afd6fb06c84908a30ee582a0f9983fdc99f31ce753c8372e482be678a186cd5b58067fe2965',1,'2022-10-20 18:52:32'),
	('3a5728046ed7b4444b9572b8922286fdffad85b03c6484006da8f9f7b112b3056339d17deeab6819','a381ac071c286719bc0c5111bc432aef417bcf47dd13752e9eff40a73c604e99400ad8740ef3815c',1,'2022-10-17 17:05:13'),
	('3c317d7172f004ef0017a6cb458328637303d64bd55c026cb403fd7818b7d9e0373fc10515ed2774','3d8512a030f221a6bece91734d5aeff9262296733719ad602e116bdda119c67a442c7e22848b1413',1,'2022-10-22 13:42:13'),
	('3d53fd80b473f4846903ecd27b5485f4ed717a4766f46a91adc1c4e627dfb85292af54336d4c2914','8c5b804bade732293473b3fe2b28a4480d7486b9fb31c6b35698586fcdca2a4b23a3b267a2f54c69',1,'2022-10-22 14:16:33'),
	('3dbba1d1509313c73b479626d52bf452afa4856218dd61e4d9de29d3514bc40192ee8343fb3b824e','28ca658f19b33adbdd35aba4f676966407d79d3aec494723ddca150680b67db79fc1bdeb30ee1cf5',1,'2022-07-13 08:05:30'),
	('3f8723eb1aa4c6b2c2c9941b439cff1e429b697415f9e841c422f15cf0cd317fd7fc8d6eade4afd9','3271f258306f287ecbe66fff3ad13072588ccd273e3b7d1ccfbbe5ad7e83c66ca43c1d6388dae4ad',1,'2022-10-19 06:09:30'),
	('40bee88d076220dc84c9da3ab0859c739627e855af305141dee2a56b56e4e4cc252e7dcd78d9598b','834f181154863b8f54d43b62c893142c40e0fa82484410edb7402510212cc281dfd9074e950ed920',1,'2022-07-13 09:22:51'),
	('4103ddd1ef8695b507681c5604b711067166bf4ce231c2ebd62080d3c4de4d1fcaa81d22582c60dd','40cff64911d912ce036f43cfde8afe1a1ac6985d124d06e4cf11ece24c19ba2b522b311941e7efcb',1,'2022-10-18 12:03:23'),
	('411414e692ff9eccd56c024f75b511b13653899d28a69d8bd4641dafc1ff23e1eebbe7c9308baebe','c5746befea7b2b6462ca937ad23080f5999ddb066e2337b4ef399ca6984a474c8030a0643a78b19e',0,'2022-10-22 14:09:53'),
	('4151ebc5edb4fcf4c1db4dbb8972f908cd5fbaeeb0cd7a288121ddcb512199b2c89fe9c66a546ef0','80a5768a360815110498823d73795cfd39252e3b54ab53ac9a853f8e01de5448261179d1a8b1056e',1,'2022-10-19 19:05:48'),
	('4457bcb36d2179c7044ed27480b4e0c39c14947954ca1bb65793833481167136444371105ab3c638','24b63b235796667f6ed7f912aeef66412e23484f0e9e874d634bbfbc415c20c90227b74c3e15a578',1,'2022-10-19 17:15:09'),
	('44d478d6016accc234d7a58e0ec86b08d09706eac04aafe0917dd6d426bd115cb8e911ee6a072107','e86ddb80111e9581223b84fa4253b6e4c2cdf82c19c147197302274ec9194de35936302748e21a60',1,'2022-07-13 08:37:44'),
	('4e3de96dfb1156d05dc9e5cc80249167fb2337764dfbe1b8a023bced68602ac396dc3927543d94c5','680c26b25d93c5a62cec7a0466908ce0009df088df3acf2cba10cbde97c5f0e7811a7b5888d7ecce',1,'2022-10-17 15:35:33'),
	('4eda98deb4f3ea6d3d894644bc70aadbd3d8587dff82135c85317dc0a5f5683e2fb822cf901da48e','238da1d85c8d98181d0f28139aeae0c0640317af9a545deedb9cbd817a4dd2a03776f02effc6b6f1',1,'2022-10-17 19:21:13'),
	('50bbee8cab81a65231e20353945df409c21afd30d291e9d1cecfafa1eff740bd87200ccfedbc7870','d6598bf07de01f7fb3f635811e24e48f080261917e03395adb2dd7627cb08b139575ac4fd9b9a3c4',1,'2022-10-19 17:30:56'),
	('50cc05d192f833c5e041d9b97bda653b23fbe8020079a481b66a19052007b69d387cb320812b1320','cf0d54d1d4013708332a91e47484ad4b5ac007effb1c087cc8d1b7590bcc8e6fe886eed51ed21821',1,'2022-07-13 07:49:57'),
	('538884358a7899113f4a20972694ce5c8d88e22978d8c022066dbd288a350b1dfa112b5302db928f','c6d31e1bb0444aad8fde474472ef63a9835bb5e6f5a86eb9d2b5477011a3eb6f7c0b2657ca298cde',0,'2023-08-26 08:45:42'),
	('5494fddce1bdb32aefca52dc3f27ba4d0d31c93746e58c0e5375975ddeeec5f3b0844fd8763abfc4','427a8aa0a003eaccc6b036574ad0bf53e58cfa479171902872020d0d525bffa61bcec6a3e332d333',1,'2022-10-19 16:06:17'),
	('552d6975afae80e398cbeebb0f38ca3947e29c713c999dc515f5b0bd88eceadc6aafda9ddc465d97','ab318d21b034e8044fcddce6dd2ca18ed32b2aae83896e2e2db0962b4a6dde9a09ebc8b8b9dbb89b',1,'2022-10-22 13:26:36'),
	('5719cead494b81135406d6c989edd7a5f2be40ed4ea62673781e454b0681db07a1d0bd3292c824e5','94f34f3413a6fc3f9da74c7d8d4656633d1f6ed422b87f354022d9aa1fa8621a8a95318ae4031782',1,'2022-10-20 19:07:45'),
	('571f82284797f9393150ac72a27670bc6bc34acddd1d153bd0f96748ac1f3473fecaa7c5c7e42b3d','c8a6e8c8e631f43290150a2d936adac2292347fed3112e1a10662f03d00e034e2671e1137105d5de',1,'2022-10-18 19:53:34'),
	('578bc9def9ded7d7bacedea9a65cefa447aeb64d26181a0168076f6edc0881f001592cd3c0b8af10','61c340d9977ea7b29158dee1248472b07d7c4ad45f52d7d2332bebb7680426a1fc4a84b2ca93958c',0,'2023-08-26 08:38:15'),
	('58838324005c19d140ae68109a2fac6e353aa795216d6c8a5991c80da630734570c1b4d2f2aa863a','3ceee70c1e148956142cf5deb483bdf656416bfbfddb272310f9b47422d3c593248b6b6364d6692c',1,'2022-10-18 07:03:11'),
	('5c4a99ce63f22755b052728817aa30c53bc72882d23de602a6e9117a73d7e7ca70d9653d3b849173','8989023b42edb5f5ff12adedeb79894c0dae49ac4dce4c0e9697f713617eee305fdee35b1e1b8f2d',1,'2022-10-22 06:55:19'),
	('5c5f45ec3598810966b6fe888100b65b76ba085343ab2523965b591b07e791d82615c5015212f86b','cd12f2ea939d609e326180fab7936ec3863d2e40a5e66f8a11522283378de662413b5a19fcf52bd3',1,'2022-10-18 11:47:51'),
	('5cb10fb00036e9064f4562819953550a86ee178107b3a2feebb20145a0f5187586fed550e5b1b7c7','e6e92d9a6469cc40bfb1d31671e1dd65bded66fae8316c6fe9b20b5ce0571b81da3596fc25f99be7',0,'2022-10-24 10:33:36'),
	('5e007f0219b4741233558affca03e9ba67eb0fca5b4b28d0d3227c47b73ac430fd217647aa9c638a','a899e5c41c4c5a9960eb71ce0af030de3b86ba62742390e833aa98ac7d0ce205db90b373fd40f818',1,'2022-10-20 10:07:33'),
	('5e1ee27dd716f61c3068dc825fd9f8d3022ef0a71845c29a56d8f6cf0c826de6229d90f064a05d02','8a144ae207a6f513c8d8cd1bd3f66f0f4b82ac5a0c17b03bbf89ad24c7f0a286fc42bd59c44bcda7',1,'2022-10-18 17:18:41'),
	('5ea1fb37925f8faeba35c15793fdfce8be764f8aceff52f74d2f39afafbf4f770e7b8947b813fda0','a571e7536fc7c70c61b964bf23059098e99ba898e25739b1a45dff07bc6239c4cc42c84f211f8dfc',1,'2022-10-19 09:50:46'),
	('5fa88957ce5f742002d4985462e2165b7821e0f97225d75f7e9a1f33509b308ed1772ebd7330726d','ba0d8063d8a4d3d649b15a1a8b6acfb7f484c7406cb71a5acb8ba93b50542551dc0182b41ab7c639',1,'2022-10-16 16:57:30'),
	('6425341f71c3607e5e8f04c26af409d91342060e416b01c6674a860b63f52fc79aba46201b238f61','0be3388d29a524fefdbaced0512f04a9d588a0ae39e5adb3b228ba5be87e5ea7c2ca95e65134794f',0,'2023-08-25 08:00:48'),
	('65d327f991a9a4681bba34cc3e9e2d71f1efd37a3f9bbaf2a6d0c4b28212805b7c011d41eb7a7404','28a03fbbe13e62feba356cbc809aac30ea3112c675cf7bd92771e5cdcd6b91087c2d3cd60c0e8ca8',1,'2022-10-17 18:26:36'),
	('66eeb4890c7d2e8c8e2c091e3fd6d72f35a8887b6e5f0f2b640b745559e7e1f2c9349e0a669f2798','cf77ee0be348a2ff4608f2145b05b55352c2808dd041d6a4d492f879bb0b9bf0aa2099f24e6aa180',0,'2022-10-22 14:15:06'),
	('6704f83a78d711721b9003a785f1cfb940427b77bf0b641ba9112413ebd40a2021056a7ce24f6729','b5403a53b34d663e064fd4d2359b2bf7a0e80b7516c7900ae9b5c7f0ee00c0f26398b2dcb7221c7a',0,'2022-10-19 16:05:19'),
	('67652ac492f0b30fdd26074e5042a82074524e3de0cd9a30c872228d4f7fcbefd08b8e8fb1804b8c','777f6903a341678b64f6c21f8aa9c39e4519233acb829499a1fdc7eb6f5eac29655c68f62ba1336f',1,'2022-10-19 10:38:19'),
	('6bf4b56b9002dd91578118458608d79b3226b0900d216c44cadbf5ed062ebeeccc8e87d347961fcd','9559fa87fd3706574d89a16fa4436ed74b7fd6d4277439a6bfe7bf87665fc17dca45dcc55cdb580d',1,'2022-10-19 10:53:37'),
	('6ca411a1227fb84ae7a9a6870065b55130d396508f450712c99b2e45d57475ed755b92b599cb4e5b','2a4e31728b9bc0482a8e4e76088e8dcb9b4049d579ac0de16c0d84711c328aea4adc2dbb5e09c24c',1,'2022-10-19 07:42:26'),
	('6e4e9aa6cbb7ee7206a138bb8903512135f683ed7a8b1953c9e4f7ff3317a537ff38b57f103ed28d','d7f561bf5d1e3235aa39818ddd1cce3929d3538137a61d524eddbbb89030e9090b2e43beef1659bf',1,'2022-10-17 21:35:39'),
	('6eceb485679c5240c2e41a2ab0496ef6fb33d4200c35b6cbd4381724162569df9b462a9907e09e26','d467b25fa79b395264833d99ebc6b430f98b0e15a4969b66c7bf7c912cd0d337bc9a91025671fbc7',1,'2023-06-07 18:51:48'),
	('78f63640f18bfe02514af50bf055c883cd4f15c7bf7b335139b121a6a7d3a3fbe0cf26a0cfc9b718','fef26458b150eb467e260a6490d539745c2bcb203f27e9d61f06aa4ed6f8cd495e0784827f8f0465',1,'2022-10-21 08:24:23'),
	('79aab18cbd0a1fd7dc10beb2af579bbfbddbb29db245856c740ed1d325c418b5545c953c17972fe5','d697c22df8c55b988a9e8a332f92880e88f2a296c02433697d232410301a58982e2f6cc16a4d1021',1,'2022-10-22 10:14:46'),
	('7a116cd2bff39fee45201ea0549a4cda84a173da186870a33d6b122332d1f8116f717757fb9c789c','b746dbcea0acef02dd06c950588b9a98315106b033d5bf9d7be93479ba4d78ba711e767f183bdc00',1,'2022-10-19 08:56:57'),
	('7b16dee3f58829be90b2ef38465f38c58fa51f738a56e96cef9af31f8be07786783ff44d47ff666f','37f096b86647974021d853be858b9f998a00cb828adcb01f92ee34fdfa3323c12f3d0e2457ef79a3',1,'2022-10-17 15:58:56'),
	('7d3462f9778189a300c05c0cb8e0f67ce4589cd8a008dc38d1625594554b658762f8090b1ba86e6e','36415f2e7f122d87bb758ecd32df55ef520a2932638bafa4a357525aaedcae0900d2320f5f103e2d',1,'2022-10-18 18:37:06'),
	('7e04f4eb8f7243a08da14ca31c78e3ca8b365ef0df7a8b9103f85f01088059725b95063e236b6c0f','d3f1076c78e50b7edd50f8f3884246c3d32fd99d71b443f2b019265cd597effe5fb992928b36a256',1,'2022-10-16 18:24:33'),
	('7e09fe7582c5db5582ea5230b3371dbf53856d7282c384762d26646bb85ac6a71905959cb82b525b','95024a4619db9161a0c526edebc7aec351684af47b0cc3b29e8f0fa23b8ea0c3a7f1950873915d59',1,'2022-10-18 20:49:14'),
	('7f824d0d47881a96897d9aa48f9d358b80e216560a4688b5310edb6f606a75a12c365f476347b574','d33ef6738ed3fed9048866ef3f49d30c2719e8223ca8ee7223a76e5ba3f6d16f6cefb755794716de',0,'2022-11-13 17:58:50'),
	('801fa875228b2fc3e37f56f7468b82d0e13f09a972848120a1ac3af93d96d09069758e2bd8ae6d90','895d5fe65ec3d8b03ce3088a65af98a39fd369deae0e736cb9a93fe31398b8b7155baec5abb70333',0,'2022-10-16 17:31:30'),
	('80ccf1167985cbc5b712cdad814abd945c005cf91830d07a5b9920da8db49ed340ef54f28f079b1f','1b5ef374df7cfba003736de97d3052a786cae3cb5a90e30a501f4d175581b22009c2bdeb4eeda04c',1,'2022-10-17 20:54:46'),
	('818ec13d0e2bc191c0c4deada20a7e1a4f7600def254694617e89d259582241b1c69768496eecc1f','765f0acd3b61ea966f196651e552ee07fa0da8025719a0b380c7ad81e4433a30fcc95a461fa5a0a3',1,'2022-10-21 07:59:05'),
	('88517d2d062be8455eafd320ea4024aec20355ec961cb6f5309d05e627d5851a3d52a4c84ea4171b','f21d5602c7cde1d16eeaa66c2b97d7068d783994e05bc0e3288bbce5070a066876ed09bbccca0396',1,'2022-10-21 11:54:08'),
	('8acf8bbef2b0f2d1f727b1eea558661e732ba8a598740cb544ec24e4be8cbf70de735921aea1d619','a9bd0ab6fcb3c95c5d0e6b3287503a8196c751a7c96ac57f518b6fbef2d548d4e79408c11069dafd',0,'2023-03-20 10:22:24'),
	('8d5b3f06303e28210a868116109e0c122eb3c8286416178bef794e4cf61ab74f3a03ddefbea0adf0','c227542742475165f395ea64dc0b95035ba3f886af5e83a6d286d3e17fbe78e0af7a1d30349ccb71',1,'2022-10-18 17:01:19'),
	('8f3bd2352aab5662d9b815d1fef12e0cc5ab0a1d6b18e4f590c948160cd0d503ed9a89a09c6ddafa','951b71cef525fda202fa19899f919ab578f9e0832b762103fe41908f771089e1137f6a8b6c5c75a1',1,'2022-10-22 10:31:11'),
	('8fc82694a86cf7ec751e5d79620a5c5706a142823f3ad8e1b99d9b911d1fa099c75d267d44d1b6a2','f6072c141411afe635a42bd66c75aaab621b2fe13125f77bea130de4251d99843916771f51d365c0',1,'2022-10-22 09:59:45'),
	('901b0b4e6ee6762e72a26f976b55ab505d902c2b77e16f7d0f43e7fb0b2db26eade7d7df7fe07219','475d7d63535a10885daf4a9011aebff4d1128ceac3cb60c73c2b39fadddcecb1dfb75f0d2865d653',0,'2023-09-02 07:05:39'),
	('902a0f300289437f758585a3caf2c04add15af2d848b88ce4a0aefaba8034d7c69ef9bbebcb1455b','b1208ed81ebd35848a4a21233c7340165aaeb797d29f2e14e98a738fa31907012aec12a9add25fe7',1,'2022-10-20 10:22:41'),
	('966c65158c11921876466c38737f2116a9141abe9e8964ea987dad5fa202f92d661a5cbe901de457','7070348f993de986e45fce9442b1077aeb24575cce11ca9feba5e5ee6d8c9084114d2ef292b2145b',0,'2022-07-13 09:41:13'),
	('96e9a747707bc9c64b79ca33d263cc25bce27cb4d9a85952e1364f88e24c15d05ff687b93c6ac5f7','5c9afefd99bf86499f022c215aaa9a74fa42fd970bd1507e72b46cd82e220d35a50988fb878e9f78',1,'2022-10-16 13:46:51'),
	('970aabd78f4a47f568b0abd83ee62c9390851765d41eb1ba523fef5a8bbbd0080fc13b39c174ac69','fa4fb3914cbde765c558f11e658faedbc5890ed6ce338a20b055499211c21d31b3e3dee03ed917f8',1,'2022-10-22 05:36:44'),
	('996cc2d8a13ce23510c85334b982b26042d9e38847ba1e5f8f84baaa7e04e59580a31ce7124dcb51','1979dea6a403e725587fad9a7425c8c186d029fe5d8eb4f49febad6eec9487ec35c468408880fd7c',1,'2022-10-17 17:23:32'),
	('9d796a86ef558f733c8af6ec72c54b5cb7ee7f3e2ff6cdfaf65b5c605f01ef3fe46f9424ff5c4459','f0d605895a3336f7fce4a3fd919266b6e4a1bad0de52134d17ce7f13e6752d3d25115dfe0d71eaf4',1,'2022-10-22 13:06:21'),
	('9d8a57b229782bba3afa7219c184810da490122826a74358b69d1583987ff78ce30b782d8db27b49','7243b7cd4cd3dba08c4f10668fb33b49e014a1a8df00aa83e7cabbd69fed2a314ff15dcbe00111ab',1,'2022-10-16 16:25:38'),
	('9db25834d6340f403075e3216ab5bbdfc69ea83aa5f8159f3331e4fd3596948cdc60cbcd7adccac1','b766c1006b4116d634ec691eadf2431d0a20f4f54c65199ce883d0db1c929f3cc3d946aa46e57e90',0,'2023-08-26 08:47:49'),
	('9e131f2eb46643a0df77327c0901623dc8d4284a0aa49105847f1b216185a292d128151226a78497','35f8e2fd8281bc306502f1f9a0fede5d2395841b06bca29f140945db14c4b8536fe1a33d8dd1e868',1,'2022-10-22 07:57:47'),
	('a458fc70005b58fa8f4b4f0619b2474675b1bb5d7d147a97f5da2fc017283aa8335bd21f815ae82a','d0387317e49c09912bb2ad0cb9bb15b99d1ee124fe85a78b1c930a2c98320daa14e00fc6d51bc1ad',1,'2022-10-24 10:17:26'),
	('a7445ae3eeb5b33e2ed9762f15689a2fd9083d49a18120a80aef5e989030c9cd54d3eaba484b1e26','5c50aacb6a0c034dc35b7eb3cffee998c1cc39dbc162b53c52d8f6806d8cbe6d29e5ab42dce98761',1,'2022-10-18 17:57:42'),
	('a82d31eed1efa97c85a1ed5ff1e57fe242f5d9d59f97296514925ffb3bc1edb91341a843f205fc04','228a790fd8bd95305f3c71e8786cad1d64420871448492bf30df2bc51eef24e955e3352fc6d0b372',1,'2022-10-19 16:21:37'),
	('a8632632de1729fcd1121a4936a2f427c4e95d5b516daad6876cb6d8dcc801fd26e376018dd74228','b0a1dc910ff7f1a040c5fd383289f59bfaf806323a5f29e64ce09603eca38183d805b1d5739b9777',1,'2022-10-17 20:29:01'),
	('a99153aadc03f1f5a33ca5e9d9ab15e676143141613b42562a568d93089b2136c9727129f3f50353','a8ad7990b6a52cfa7f4be6f633890db186579be9de84652c76561eed3bd6d92041c7eecc12f7eac1',1,'2022-10-18 13:06:37'),
	('ab51af94377c9b64f05b582f863a53af074a8ece3992c30cfb0f4d12a85e8f4468e86b626ee7836a','069336f68d0e2e5c64edaddf5888dda25c28888c894af0641a3373d4d6977d6bcf1085faabe029fe',1,'2022-10-20 10:52:51'),
	('ab5bd63fc853517acb128cac2d93659941d1280b86c5ec52dc0c34b04e3e88821c2c7e2a687367ac','f27bcd0936f00db4369ecd880e73913559b873fb88b5d0945e8854a59c00a3c04e02be6df3f45d46',1,'2022-10-18 12:34:51'),
	('ab9b217b2835f51fae6bd73905819687fde3ec60a8574d14462f072a4531c544457f5401736b6cc4','05ccdfc1c6a3a1b0fd1d1dfab6c8a364514cb736b8b0b16b8e8f0ba18cbcf9981d8d8f2f8268c566',1,'2022-07-13 08:52:47'),
	('ad6e02947cba68c6739ee7cb737c2451d0e96fe34d5e96c5c5bb68bc76d67a9609bba2913b4109aa','f9704a88b1f7e7415cfd2b6c4ae9bef5ceef8d7a9ab1dcf7d3d5283d2e99c562e348b77f911bceec',1,'2022-10-17 22:07:19'),
	('aec77495adee2d5aebdbe1d25ffc75c196b750009c48597f76ae80f1d4511eb8a28ca01f00795bff','8955feb93c3a652fecfe3fcd9b048241b4ed74f5da1d2766f396fbd8b1fff5092483740ed6967e86',0,'2023-10-01 20:39:43'),
	('b51ccb3a4d6c68eca7a0c1f26b4aee1901c91dc74342d9edbf33deaf0172ae454f57b5c988f6a8aa','e09123825bf1458b037020cacf49c9e7f1a0b85c6e33264d000320bf748280ee1c2ab99a1541fa8e',1,'2022-10-17 21:51:03'),
	('b89b0797b90eb4202485b61b2fcba397df248d740eacb33141c49b2d3676305b493d1f84d5614afd','e90f246c61328fe48c395a8150c0af743423bf5f1a865ef6842e8afb589ecc4a28efd9974b175770',1,'2022-10-17 19:37:05'),
	('b9f727e73449c34b2132228bcacb14806d9a7e37b85c9c10bb00ce299690a9edd0b895ec1f472dfe','254bc17b9911f2878ba3b6a00b8bea1a1b325140f8d96672917c12c4c0b63f6ec6fc76c1969dfc79',1,'2022-10-16 18:39:40'),
	('c00f94e53dae6bfafb1f4570be58a8fda5ef1744b2e263c22799e1f74770ae887f7fc1a1e6013a17','b8f383179527ba0979fff9065a6128fc71c356edd9656244d0922b1807267e161680d1338d93a89c',0,'2023-08-26 13:24:23'),
	('c0a210e33611d48a9256b2b46f94d7b6fa6c438652fa4f4ae9146848ae56a8a4abe3a44312f88231','48e6afc54e6faef05be5f7951ec8f6cfc5a7b593618f8aefe09903070f309c6f30765b3e9af65573',1,'2022-10-17 18:03:36'),
	('c38a3f814b9da48891c50e6292d410173a914c780ea24be8df9a31080026dace519ed74fac8eb80b','42076a0f81e44bf3b12ab2b260811f7e271b44edc0788e1935ead5df9c75f71af49f11756a29348e',1,'2022-10-22 05:52:07'),
	('c5563bf8ab4eb578e0da54e640e855087225caf66bc1932d4a167081d1f64749f4f22bcb33edd3e8','3a26fd50cade4681e16ace21c6885ca8e7901bb0fc4d3ceb725300ddbd7c3a1b3ebcdd5b87d73568',1,'2022-10-19 11:11:58'),
	('c66eecb94ea70741467490982f99d4f7eb6e2af22bdd56afdd144951dc9d0be2bfc903022ed201ff','c4657d15cde2c0ceeaec549b2fad2e5a994dfe9f569a4de63060618dbf833b4efdbc176e9792e0fe',0,'2023-10-01 19:53:23'),
	('c7818126b76cf34d9236d4db773a16e9cd25a52ee88767965107a66cc426570963108276113b42ab','00c0d23601d104f24d555cdcbe7fc072676b17f3226a429d3295f9c8cffb5edf26e52de34e12b67a',1,'2022-10-22 06:40:00'),
	('cd46e409b8dcc7f920d46359c6c9998c578f0a51e84b4ad159b12d09f5b4ecc3e9eecfdb01004cd9','abb6c450d3907510261d7e0910483078d5eb5236babd45289727d82416de3f8a0aa8f2069c0cbe35',1,'2022-10-19 10:07:07'),
	('cfae72367eda32dcc53fd5b2808be978cca624d650d75f3b40e603b83b7b8a4df2c62b0bbfcb92e5','ead9dccee9dfb553358db1d17a5e1eeadf68da74a3f20823495d3af093781651c1f96df58bd8cd8c',0,'2022-10-22 14:15:51'),
	('d00296c8c79a05bdc32544970b46ac6fa2dba53f7e5110f1023ca635f892a8f03a3f7946a2c34ffa','970894cb5b01a5942d6c34893997a7d123b8c838dd68fdf8fd18a8c5b87d20cf9ecc88002f9e3692',1,'2022-10-22 10:46:53'),
	('d0041d36d12339507df7a03669d85e2eb2254a62165066334ae9f930af7f50e17ec43f3a8b7138d3','b41b9564272a4c0a1cbeb52052f550061b466b46c3e426cb818c8f162cbcfa0857c50ec5fd85af82',0,'2023-06-12 06:59:46'),
	('d01ba7c0976ba612e62988104615578342c1cd0d063565bf89524224b2b9dd73e92a43c277e57858','4458bfbb0ccd6d5bd8e81f6ca853804339dddd621c60ae048ed8b196a4cab7974b1d5d86b2e1aa2d',1,'2022-10-17 20:13:06'),
	('d031d6107f81bbe0dcff270773cd587b6134517447a6f7a5e9467b9974e85dbd57caeaeb4f997b64','501463e32da80c833575d94e02f2472676c60c7e0c1b9e0cbcbb7c01535bcd7d2ceb150736f2f03b',0,'2023-03-03 10:03:12'),
	('d04b1d27d31814911ec4e8dacb1c91c3cfa65c2eb327d190943de8c092e3ccdddcbe9a60b3c1f36f','dbadae5e0953a0d5b2ee65927f75f15295326f16efcde37db2a7e0327d4024f1f2cf7df3a8aa43fa',1,'2022-10-22 14:52:51'),
	('d1819e67ae8aee3902f168730fdeca738d5934aeb147d0be94bdc553cfb83505b084c9d4f1b90ada','2457ea5e77fe5cb9314a4abacc2f1842f6ec25016d0619dce2e7bb3e61feb491afa00b4c7f256160',1,'2022-10-18 12:18:49'),
	('d21324f06418eee2f0bde92b505e8b20fa137ea506ae03a9b8102fb7455b4981bdb6d4f9212bcd2c','8a3e4e2182812632ff96b4cc01951f0bcd0e7fbb3e7685fde98b94d2a44bde9634b19fef5375da47',1,'2022-10-16 19:35:25'),
	('d328764353fa9a5dd0aae73c4ce35e0ba900c0f19acfe1ef24ef00d0c810f9323e52905b0e91ca42','c70d56d3e86760f60ca153084d664f13d9bc0c803a275203d87b775d94847c073646695506726a96',0,'2023-10-01 19:55:12'),
	('d4554caa21ca8fc25893fbcb243f52e193696f03c2c6f1891d9423c13fabdb305107e5ac966c2db8','b5c38a83e0b5f2cf6760c934c653d1d94cab3f7342323398db34cf69dbc0a4e6c37988ad1ed71ec8',1,'2022-10-19 07:27:14'),
	('d4bd08e2e93453a558c464f9f4bc3577e75c89fd863d9bf152d53fe0a0f7a21f0209df2b509a6143','4e51bd475b29ad1e57db63336bb99de4ad6bec125f84b6cbd5a2237a0acf3369f3702a87fc3ea84f',1,'2022-10-18 10:30:41'),
	('d4c27fc2ee4e8fe57642ed24a567ba1c75f21549b6cd834966b1380d9f91ee76612774943fdb5c36','45c7312dc4aaa09a9b863de399e040816421aef97d7e927ff7e9beee7e49b5c94e95c693c7d4f24c',1,'2022-10-19 06:46:40'),
	('e1b122ce49c8f03c871a3eab25b07d8349d344242df2c55903535ff9b539d74987b136249cf204a5','b70bfc8f4a51fda13a55c5aac60c8952f9cc8bff9a590e53e417d3089683ebcde30d8f3bbb5cbee6',0,'2023-10-17 10:18:50'),
	('e3df0fa8a6f9e1212d429075b27d68e6d8ae13604969241c3c5f60f67528dfdfb6da9ccc2492c53f','f6290b63e7389c00a21a57449d5cd44cb140ec40ab46c5764f55a9f2e45761ddc7aa5284aca63cf1',1,'2022-07-13 07:17:10'),
	('e66d6de2e4d8ff8412f85a14cca934bfc2d8c8871a1d9b126130caaf0aff12d0e8b272a9b4c3d972','d9491b233d3024d648b1b414c29d5e5b3839227f79417bf551c6d830da3edede91e55c9f5e8a11b9',1,'2022-10-16 19:02:07'),
	('ea5b0e3627a13e536d68eee1dc87ee0463fd497284a7702f97f2111a7269233bbb24023455aba47d','26acfc6abd82ac0961e993625d52d48c473cd59e7aaeeb7a63a62e34f84473a01435430a3cc66242',0,'2023-08-26 13:22:20'),
	('eb7ddc444127272096dfaf37b70c247dc6d714eac773e9e865c0401dc4ed3fe5a8a252b083944381','e257be0d51052d0c9d77300c982b17c020ab80b7c8d1d31453a7c4851e67dc047f59ad065391f857',1,'2022-10-22 07:42:44'),
	('ebe56d738d6a7d7183a3e29d645097b8cd5524e17c1571ee5e1b938f3a22ee3655fbd6a60f6cff71','e499eb27d07f2d7fe9abc5ee197bd6e809128c1900795cefa1f13b68d7571a09935ca95f22b79ef0',1,'2022-10-16 12:34:33'),
	('eca9f77ffeae075e5e30d741f75a743887353176c9fc37195212532b465e3a04f577f6fd7ff3d29c','55ceef4664f696e295fd7f5eb6f191adbc1efc0920add255e0682a02b78e8de78a6e40ba9344e078',0,'2023-10-01 20:39:12'),
	('ed15a1d4938401303c6c9fc22533659ae3508a848974fcad249d401b97f9d834540d3e13efa173b9','249d2db40f9c181f65db2e0cb5fa1fb04b33ac9f32f726e4f588282f2e57b06ba0c322b9e5d03c44',1,'2023-02-27 09:08:24'),
	('eeb9dda60bca2496cc1f11337b94f5c91d09a5dbd605309169724658b478b54e8bbd504c9cbe1d89','500ee70615af6d8802fe162ae66bd9bcbee2fa145dbc26ad85c23b4dd3fb6c11858502c7df6639b3',1,'2022-10-20 10:37:46'),
	('efa229d94e07b7fefd9a6165e8ab89f71a63f7824bff49653ae76a85021d02cd8d2d3d8379998436','4c2941155e98688d43d740df47d6a9cb59863daf33883d447cb17e39e1769131a8a094bad98bd7ac',0,'2022-07-12 23:12:36'),
	('f0d82cb994cfc1b36a76655a9fc9983be0f75f9b8af947bcaf180a4137d1b8de5e0cac60533ecc39','1b7d9e9fdc4f054559bf8a43abcb802427d181f68d98df77410865330677efcc33af52492dd32b20',1,'2022-10-18 16:18:35'),
	('f0e579c5e9d4d10e7cbf238c87c4c7a606946a250b3c4780c7e5a161fb31c4a21c1c46b6c6fb9dfd','4842d9e62e54119cdf7d7bfc17e45b5962b48014a696b15a7937d9b13b88a0c1d91d54b41fc0c324',1,'2022-10-22 18:20:45'),
	('f3ebc70910546220a649d71471d3f28c141f8dd49e9e89d2c51d28a79dfa27877f7ac5f1e9e5cc85','a2768d779e79d26bfa750beff73dd1ee1c1418efae1dbf7728bad59564830bfef52a21d802d4bd71',1,'2022-10-17 21:09:47'),
	('f54f194e113e952db884a4ac9cdcaefffaac627d4f0aef1d4f2fb58224564e2631b58c09aec8aef4','07000e87f6ec911fa4faa99574a9a3cad8f45a80be85dd308e0970ff0edb295e0681a294135603e6',0,'2022-10-16 17:15:55'),
	('f6f18dde814c79dd338c18561f4311db669dfd20218849008dd9fe00842ce3f3c2c22aa24228352a','e8d2eaf2048b80a654f3fd89ea9d5c8c2a9d007515f401f1fa1eba9dd581530587f756b9a7579b1e',0,'2023-09-18 10:02:44'),
	('f739b42233610ee024cc3a148a75a9a4242e9594230de8f93c3cf4d08beecefb2469f6a832f90958','2250fb0782a5ef9a7b069c48a7e9cb279e57053b209eb03e5c00cd5f0a98f2b35a8eef6cfae5c516',1,'2022-10-16 11:06:10'),
	('f7ee87e6e1aff872e119255b83c90567b82811808708cb8ec5cce3117a3d5cc88264aa93dc715145','daf77b12548ef4a43afa65aa3dc907442a5c6b482c648d5c1d1a8337266acb90feaf48b0bafd82ca',1,'2022-10-16 19:17:55'),
	('f8b87982d19501da444a475d4f8b00d067333ec097349f702f91095d8cc40158ef60d35cb743d100','43a91d80fe102102aebcc81cecb976aee38374ae8eaf2328edcd5d1ce0f0aa804f02a95b5524759b',0,'2023-10-01 19:52:53'),
	('fc2587da64fd7f28d2d6dedacfc3c742a95e8ec8c6287d18ea687efcc48a7c1a6a0b6c900f5d81d5','d86eb7728fa700addbc4f6a917336476b648d74f5780805365c26e3c5f3880a12148e69663c417d3',1,'2022-10-19 09:35:16'),
	('fd2d107244f53891c1eefdd1b889ddfa72fb1f1c679527738d890b5c31b32df53ebac8692d8fd954','ef20cf9e5d753fc8ee8567215362b6eec5083d3bd70e144332c38dc186e2c87c8a9e0a3476177b12',0,'2022-10-16 17:48:30'),
	('fea2805a4632e06567397e5231304b3277e1723b92e7ce92eba0ee965f363711d06216c88b5cb406','2a4001441267548e744ecbf5c181ef1659181a1c9309098357a049c305b2d97fcb36f2677dd96e4f',1,'2022-10-18 18:20:07'),
	('ff9aa72c1d4dadb709c2819e7b3d0201bd577eff5859235798311df7d30a7f324886f678c8a5f3bd','5eb019f6187cfc40c5d8b4dad8e8bd4ef540de607e03d2eac62d2a8830ee100dfa4f9c1ae67a3fb1',1,'2022-10-18 17:39:27');



# Dump of table organizations
# ------------------------------------------------------------


CREATE TABLE `organizations` (
  `id` bigint unsigned NOT NULL AUTO_INCREMENT,
  `title` varchar(191) DEFAULT NULL,
  `details` json DEFAULT NULL,
  `parent` bigint unsigned DEFAULT NULL,
  `avatar` varchar(255) DEFAULT NULL,
  `type` varchar(100) DEFAULT NULL,
  `created_at` timestamp NULL DEFAULT NULL,
  `updated_at` timestamp NULL DEFAULT NULL,
  `deleted_at` timestamp NULL DEFAULT NULL,
  PRIMARY KEY (`id`)
) ENGINE=InnoDB DEFAULT CHARSET=utf8mb3;



# Dump of table password_reset_tokens
# ------------------------------------------------------------


CREATE TABLE `password_reset_tokens` (
  `email` varchar(255) COLLATE utf8mb4_unicode_ci NOT NULL,
  `token` varchar(255) COLLATE utf8mb4_unicode_ci NOT NULL,
  `created_at` timestamp NULL DEFAULT NULL,
  PRIMARY KEY (`email`)
) ENGINE=InnoDB DEFAULT CHARSET=utf8mb4 COLLATE=utf8mb4_unicode_ci;



# Dump of table password_resets
# ------------------------------------------------------------


CREATE TABLE `password_resets` (
  `email` varchar(255) COLLATE utf8mb4_unicode_ci NOT NULL,
  `token` varchar(255) COLLATE utf8mb4_unicode_ci NOT NULL,
  `created_at` timestamp NULL DEFAULT NULL,
  KEY `password_resets_email_index` (`email`)
) ENGINE=InnoDB DEFAULT CHARSET=utf8mb4 COLLATE=utf8mb4_unicode_ci;



# Dump of table permissions
# ------------------------------------------------------------


CREATE TABLE `permissions` (
  `id` bigint unsigned NOT NULL AUTO_INCREMENT,
  `name` varchar(255) COLLATE utf8mb4_unicode_ci NOT NULL,
  `guard_name` varchar(255) COLLATE utf8mb4_unicode_ci NOT NULL,
  `created_at` timestamp NULL DEFAULT NULL,
  `updated_at` timestamp NULL DEFAULT NULL,
  PRIMARY KEY (`id`),
  UNIQUE KEY `permissions_name_guard_name_unique` (`name`,`guard_name`)
) ENGINE=InnoDB DEFAULT CHARSET=utf8mb4 COLLATE=utf8mb4_unicode_ci;


INSERT INTO `permissions` (`id`, `name`, `guard_name`, `created_at`, `updated_at`)
VALUES
	(1,'create role','api','2022-06-28 08:12:31','2022-06-28 08:12:31'),
	(2,'read role','api','2022-06-28 08:12:31','2022-06-28 08:12:31'),
	(3,'update role','api','2022-06-28 08:12:31','2022-06-28 08:12:31'),
	(4,'delete role','api','2022-06-28 08:12:31','2022-06-28 08:12:31'),
	(5,'create user','api','2022-06-28 08:12:31','2022-06-28 08:12:31'),
	(6,'update user','api','2022-06-28 08:12:31','2022-06-28 08:12:31'),
	(7,'read user','api','2022-06-28 08:12:31','2022-06-28 08:12:31'),
	(8,'delete user','api','2022-06-28 08:12:31','2022-06-28 08:12:31'),
	(9,'create client','api','2022-06-28 08:12:31','2022-06-28 08:12:31'),
	(10,'read client','api','2022-06-28 08:12:31','2022-06-28 08:12:31'),
	(11,'update client','api','2022-06-28 08:12:31','2022-06-28 08:12:31'),
	(12,'delete client','api','2022-06-28 08:12:31','2022-06-28 08:12:31');



# Dump of table personal_access_tokens
# ------------------------------------------------------------


CREATE TABLE `personal_access_tokens` (
  `id` bigint unsigned NOT NULL AUTO_INCREMENT,
  `tokenable_type` varchar(255) COLLATE utf8mb4_unicode_ci NOT NULL,
  `tokenable_id` bigint unsigned NOT NULL,
  `name` varchar(255) COLLATE utf8mb4_unicode_ci NOT NULL,
  `token` varchar(64) COLLATE utf8mb4_unicode_ci NOT NULL,
  `abilities` text COLLATE utf8mb4_unicode_ci,
  `last_used_at` timestamp NULL DEFAULT NULL,
  `created_at` timestamp NULL DEFAULT NULL,
  `updated_at` timestamp NULL DEFAULT NULL,
  PRIMARY KEY (`id`),
  UNIQUE KEY `personal_access_tokens_token_unique` (`token`),
  KEY `personal_access_tokens_tokenable_type_tokenable_id_index` (`tokenable_type`,`tokenable_id`)
) ENGINE=InnoDB DEFAULT CHARSET=utf8mb4 COLLATE=utf8mb4_unicode_ci;



# Dump of table role_has_permissions
# ------------------------------------------------------------


CREATE TABLE `role_has_permissions` (
  `permission_id` bigint unsigned NOT NULL,
  `role_id` bigint unsigned NOT NULL,
  PRIMARY KEY (`permission_id`,`role_id`),
  KEY `role_has_permissions_role_id_foreign` (`role_id`),
  CONSTRAINT `role_has_permissions_permission_id_foreign` FOREIGN KEY (`permission_id`) REFERENCES `permissions` (`id`) ON DELETE CASCADE,
  CONSTRAINT `role_has_permissions_role_id_foreign` FOREIGN KEY (`role_id`) REFERENCES `roles` (`id`) ON DELETE CASCADE
) ENGINE=InnoDB DEFAULT CHARSET=utf8mb4 COLLATE=utf8mb4_unicode_ci;


INSERT INTO `role_has_permissions` (`permission_id`, `role_id`)
VALUES
	(1,1),
	(2,1),
	(3,1),
	(4,1),
	(5,1),
	(6,1),
	(7,1),
	(8,1),
	(9,1),
	(10,1),
	(11,1),
	(12,1);



# Dump of table roles
# ------------------------------------------------------------


CREATE TABLE `roles` (
  `id` bigint unsigned NOT NULL AUTO_INCREMENT,
  `name` varchar(255) COLLATE utf8mb4_unicode_ci NOT NULL,
  `description` varchar(255) CHARACTER SET utf8mb4 COLLATE utf8mb4_unicode_ci DEFAULT NULL,
  `guard_name` varchar(255) COLLATE utf8mb4_unicode_ci NOT NULL,
  `created_at` timestamp NULL DEFAULT NULL,
  `updated_at` timestamp NULL DEFAULT NULL,
  PRIMARY KEY (`id`),
  UNIQUE KEY `roles_name_guard_name_unique` (`name`,`guard_name`)
) ENGINE=InnoDB DEFAULT CHARSET=utf8mb4 COLLATE=utf8mb4_unicode_ci;


INSERT INTO `roles` (`id`, `name`, `description`, `guard_name`, `created_at`, `updated_at`)
VALUES
	(1,'Manager','Manager','api','2022-06-28 08:12:31','2022-06-28 08:12:31');



# Dump of table users
# ------------------------------------------------------------


CREATE TABLE `users` (
  `id` bigint unsigned NOT NULL AUTO_INCREMENT,
  `first_name` varchar(255) CHARACTER SET utf8mb4 COLLATE utf8mb4_unicode_ci NOT NULL,
  `last_name` varchar(255) COLLATE utf8mb4_unicode_ci DEFAULT NULL,
  `code` varchar(191) COLLATE utf8mb4_unicode_ci DEFAULT NULL,
  `title` varchar(191) COLLATE utf8mb4_unicode_ci DEFAULT NULL,
  `email` varchar(255) COLLATE utf8mb4_unicode_ci NOT NULL,
  `email_verified_at` timestamp NULL DEFAULT NULL,
  `password` varchar(255) COLLATE utf8mb4_unicode_ci NOT NULL,
  `remember_token` varchar(100) COLLATE utf8mb4_unicode_ci DEFAULT NULL,
  `avatar` varchar(255) COLLATE utf8mb4_unicode_ci DEFAULT NULL,
  `phone` varchar(191) COLLATE utf8mb4_unicode_ci DEFAULT NULL,
  `status` enum('ACTIVE','INACTIVE','BLOCKED','SUSPENDED') COLLATE utf8mb4_unicode_ci DEFAULT 'ACTIVE',
  `type` enum('CLIENT','USER','MANAGER','ADMIN') COLLATE utf8mb4_unicode_ci DEFAULT 'CLIENT',
  `hash` varchar(255) COLLATE utf8mb4_unicode_ci DEFAULT NULL,
  `manager_id` bigint unsigned DEFAULT NULL,
  `client_id` bigint unsigned DEFAULT NULL,
  `super_admin` tinyint(1) DEFAULT '0',
  `created_at` timestamp NULL DEFAULT NULL,
  `updated_at` timestamp NULL DEFAULT NULL,
  `deleted_at` timestamp NULL DEFAULT NULL,
  PRIMARY KEY (`id`),
  UNIQUE KEY `users_email_unique` (`email`),
  KEY `manager_id` (`manager_id`),
  KEY `client_id` (`client_id`),
  CONSTRAINT `users_ibfk_1` FOREIGN KEY (`manager_id`) REFERENCES `users` (`id`) ON DELETE SET NULL,
  CONSTRAINT `users_ibfk_2` FOREIGN KEY (`client_id`) REFERENCES `clients` (`id`) ON DELETE CASCADE
) ENGINE=InnoDB DEFAULT CHARSET=utf8mb4 COLLATE=utf8mb4_unicode_ci;


INSERT INTO `users` (`id`, `first_name`, `last_name`, `code`, `title`, `email`, `email_verified_at`, `password`, `remember_token`, `avatar`, `phone`, `status`, `type`, `hash`, `manager_id`, `client_id`, `super_admin`, `created_at`, `updated_at`, `deleted_at`)
VALUES
	(1,'Admin','SP',NULL,NULL,'admin@superpay.pk','2022-06-14 20:47:13','$2y$10$lBk.sSphlIZfP970oDdVCelYo2o7M1Eem1Je8ghhq33MYkSi.Ao5a','asdf334af',NULL,NULL,'ACTIVE','ADMIN',NULL,NULL,NULL,1,'2022-06-14 20:47:13','2022-06-14 20:47:13',NULL),
	(20,'Axiom','School',NULL,NULL,'hello@axiom.pk',NULL,'$2y$10$lBk.sSphlIZfP970oDdVCelYo2o7M1Eem1Je8ghhq33MYkSi.Ao5a',NULL,NULL,'+92-343-434-3434','ACTIVE','CLIENT',NULL,NULL,1,0,'2023-07-27 07:03:06','2023-07-27 07:04:51',NULL),
	(21,'Test','User',NULL,NULL,'zero@superpay.com.pk',NULL,'$2y$10$gFbHQO77cp8LxoAMd6hEH.btMOF2ru3zsqd8eWi2CWQVpyQPjHD5K',NULL,NULL,'+92-334-343-434','ACTIVE','CLIENT',NULL,NULL,2,0,'2023-07-27 13:23:07','2023-07-27 13:23:07',NULL);




